{"id":5173,"date":"2025-01-07T08:08:42","date_gmt":"2025-01-07T11:08:42","guid":{"rendered":"https:\/\/amplitudmodulada.com.ar\/?page_id=5173"},"modified":"2025-01-07T08:20:41","modified_gmt":"2025-01-07T11:20:41","slug":"noticia13380","status":"publish","type":"page","link":"https:\/\/amplitudmodulada.com.ar\/index.php\/noticia13380\/","title":{"rendered":"Las programaciones locales de las emisoras de Radio Nacional de todo el pa\u00eds sufren nuevos recortes"},"content":{"rendered":"\n<figure class=\"wp-block-image size-full\"><img loading=\"lazy\" decoding=\"async\" width=\"115\" height=\"115\" src=\"http:\/\/amplitudmodulada.com.ar\/wp-content\/uploads\/2024\/09\/nacional-e1727045475385.png\" alt=\"\" class=\"wp-image-3885\"\/><\/figure>\n\n\n\n<p>Autoridades nacionales dispusieron que las se\u00f1ales de Frecuencia Modulada de quince emisoras de Radio Nacional del interior del pa\u00eds deber\u00e1n retransmitir a partir de este mi\u00e9rcoles 9 de octubre las programaciones de Radio Nacional Folcl\u00f3rica y Radio Nacional Rock.<\/p>\n\n\n\n<p>La disposici\u00f3n implica un nuevo recorte en las programaciones locales de distintas emisoras de Radio Nacional, a las que meses atr\u00e1s se le oblig\u00f3 a retransmitir el programa &#8220;Ramos Generales&#8221;, que conduce el actor Diego Ramos todas las ma\u00f1anas desde Buenos Aires.<\/p>\n\n\n\n<p>Las emisoras incluidas en esta nueva resoluci\u00f3n son LRA7 Radio Nacional C\u00f3rdoba, LRA18 Radio Nacional R\u00edo Turbio, LRA21 Radio Nacional Santiago del Estero, LRA22 Radio Nacional Jujuy, LRA23 Radio Nacional San Juan, LRA26 Radio Nacional Resistencia, LRA30 Radio Nacional Bariloche, LRA42 Radio Nacional Gualeguaych\u00fa, LRA53 Radio Nacional San Mart\u00edn de los Andes, LRA54 Radio Nacional Ingeniero Jacobacci, LRA58 Radio Nacional R\u00edo Mayo, LT12 Radio Nacional General Madariaga, LT14 Radio Nacional General Urquiza, LU23 Radio Nacional Lago Argentino y LV19 Radio Nacional Malarg\u00fce.<\/p>\n\n\n\n<p>09.10.24<\/p>\n","protected":false},"excerpt":{"rendered":"<p>Autoridades nacionales dispusieron que las se\u00f1ales de Frecuencia Modulada de quince emisoras de Radio Nacional del interior del pa\u00eds deber\u00e1n retransmitir a partir de este mi\u00e9rcoles 9 de octubre las programaciones de Radio Nacional Folcl\u00f3rica y Radio Nacional Rock. La disposici\u00f3n implica un nuevo recorte en las programaciones locales de distintas emisoras de Radio Nacional, &hellip; <a href=\"https:\/\/amplitudmodulada.com.ar\/index.php\/noticia13380\/\" class=\"more-link\">Continu\u00e1 leyendo <span class=\"screen-reader-text\">Las programaciones locales de las emisoras de Radio Nacional de todo el pa\u00eds sufren nuevos recortes<\/span><\/a><\/p>\n","protected":false},"author":1,"featured_media":0,"parent":0,"menu_order":0,"comment_status":"closed","ping_status":"closed","template":"","meta":{"footnotes":""},"class_list":["post-5173","page","type-page","status-publish","hentry"],"_links":{"self":[{"href":"https:\/\/amplitudmodulada.com.ar\/index.php\/wp-json\/wp\/v2\/pages\/5173","targetHints":{"allow":["GET"]}}],"collection":[{"href":"https:\/\/amplitudmodulada.com.ar\/index.php\/wp-json\/wp\/v2\/pages"}],"about":[{"href":"https:\/\/amplitudmodulada.com.ar\/index.php\/wp-json\/wp\/v2\/types\/page"}],"author":[{"embeddable":true,"href":"https:\/\/amplitudmodulada.com.ar\/index.php\/wp-json\/wp\/v2\/users\/1"}],"replies":[{"embeddable":true,"href":"https:\/\/amplitudmodulada.com.ar\/index.php\/wp-json\/wp\/v2\/comments?post=5173"}],"version-history":[{"count":3,"href":"https:\/\/amplitudmodulada.com.ar\/index.php\/wp-json\/wp\/v2\/pages\/5173\/revisions"}],"predecessor-version":[{"id":5178,"href":"https:\/\/amplitudmodulada.com.ar\/index.php\/wp-json\/wp\/v2\/pages\/5173\/revisions\/5178"}],"wp:attachment":[{"href":"https:\/\/amplitudmodulada.com.ar\/index.php\/wp-json\/wp\/v2\/media?parent=5173"}],"curies":[{"name":"wp","href":"https:\/\/api.w.org\/{rel}","templated":true}]}}

Las programaciones locales de las emisoras de Radio Nacional de todo el país sufren nuevos recortes

<figure class="wp-block-image size-full"><img loading="lazy" decoding="async" width="115" height="115" src="http://amplitudmodulada.com.ar/wp-content/uploads/2024/09/nacional-e1727045475385.png" alt="" class="wp-image-3885"/></figure>



<p>Autoridades nacionales dispusieron que las señales de Frecuencia Modulada de quince emisoras de Radio Nacional del interior del país deberán retransmitir a partir de este miércoles 9 de octubre las programaciones de Radio Nacional Folclórica y Radio Nacional Rock.</p>



<p>La disposición implica un nuevo recorte en las programaciones locales de distintas emisoras de Radio Nacional, a las que meses atrás se le obligó a retransmitir el programa &#8220;Ramos Generales&#8221;, que conduce el actor Diego Ramos todas las mañanas desde Buenos Aires.</p>



<p>Las emisoras incluidas en esta nueva resolución son LRA7 Radio Nacional Córdoba, LRA18 Radio Nacional Río Turbio, LRA21 Radio Nacional Santiago del Estero, LRA22 Radio Nacional Jujuy, LRA23 Radio Nacional San Juan, LRA26 Radio Nacional Resistencia, LRA30 Radio Nacional Bariloche, LRA42 Radio Nacional Gualeguaychú, LRA53 Radio Nacional San Martín de los Andes, LRA54 Radio Nacional Ingeniero Jacobacci, LRA58 Radio Nacional Río Mayo, LT12 Radio Nacional General Madariaga, LT14 Radio Nacional General Urquiza, LU23 Radio Nacional Lago Argentino y LV19 Radio Nacional Malargüe.</p>



<p>09.10.24</p>

<p>Autoridades nacionales dispusieron que las señales de Frecuencia Modulada de quince emisoras de Radio Nacional del interior del país deberán retransmitir a partir de este miércoles 9 de octubre las programaciones de Radio Nacional Folclórica y Radio Nacional Rock. La disposición implica un nuevo recorte en las programaciones locales de distintas emisoras de Radio Nacional, &hellip; <a href="https://amplitudmodulada.com.ar/index.php/noticia13380/" class="more-link">Continuá leyendo <span class="screen-reader-text">Las programaciones locales de las emisoras de Radio Nacional de todo el país sufren nuevos recortes</span></a></p>
