{"id":5200,"date":"2025-01-08T08:08:24","date_gmt":"2025-01-08T11:08:24","guid":{"rendered":"https:\/\/amplitudmodulada.com.ar\/?page_id=5200"},"modified":"2025-01-08T08:20:48","modified_gmt":"2025-01-08T11:20:48","slug":"noticia13384","status":"publish","type":"page","link":"https:\/\/amplitudmodulada.com.ar\/index.php\/noticia13384\/","title":{"rendered":"Radio 10 destaca el crecimiento de su audiencia"},"content":{"rendered":"\n<figure class=\"wp-block-image size-full\"><img loading=\"lazy\" decoding=\"async\" width=\"126\" height=\"80\" src=\"http:\/\/amplitudmodulada.com.ar\/wp-content\/uploads\/2024\/01\/710-e1704587121920.png\" alt=\"\" class=\"wp-image-122\"\/><\/figure>\n\n\n\n<p>En su p\u00e1gina web, LRL202 Radio 10 destaca este jueves 10 de octubre el crecimiento de su audiencia que, seg\u00fan el \u00faltimo informe de Kantar Ibope Media, alcanz\u00f3 el 16,57% de share entre las emisoras de Amplitud Modulada.<\/p>\n\n\n\n<p>La emisora de Amplitud Modulada del Grupo Indalo se\u00f1ala que, con estos n\u00fameros, se consolida en el segundo lugar, aventaja por dos puntos a LR5 Radio La Red, por casi cinco a LS5 Radio Rivadavia y achica mes a mes la diferencia con LR6 Radio Mitre. <\/p>\n\n\n\n<p>Radio 10 destaca asimismo que en septiembre tuvo m\u00e1s de diez millones de visitas a su perfil de Instagram y adem\u00e1s lleg\u00f3 a los ciento cincuenta mil seguidores en esa red social.<\/p>\n\n\n\n<p>Por otro lado, en YouTube Radio 10 est\u00e1 a menos de mil suscriptores de llegar a los cien mil.<\/p>\n\n\n\n<p>La grilla art\u00edstica de Radio 10 est\u00e1 conformada por Gustavo Sylvestre, Jorge Rial, Nancy Pazos, Fernando Borroni y Pablo Duggan, entre otros.<\/p>\n\n\n\n<p>Fuente: <a href=\"http:\/\/www.radio10.com.ar\" data-type=\"link\" data-id=\"www.radio10.com.ar\" target=\"_blank\" rel=\"noreferrer noopener\">www.radio10.com.ar<\/a> | Ciudad Aut\u00f3noma de Buenos Aires | 10.10.24 <\/p>\n","protected":false},"excerpt":{"rendered":"<p>En su p\u00e1gina web, LRL202 Radio 10 destaca este jueves 10 de octubre el crecimiento de su audiencia que, seg\u00fan el \u00faltimo informe de Kantar Ibope Media, alcanz\u00f3 el 16,57% de share entre las emisoras de Amplitud Modulada. La emisora de Amplitud Modulada del Grupo Indalo se\u00f1ala que, con estos n\u00fameros, se consolida en el &hellip; <a href=\"https:\/\/amplitudmodulada.com.ar\/index.php\/noticia13384\/\" class=\"more-link\">Continu\u00e1 leyendo <span class=\"screen-reader-text\">Radio 10 destaca el crecimiento de su audiencia<\/span><\/a><\/p>\n","protected":false},"author":1,"featured_media":0,"parent":0,"menu_order":0,"comment_status":"closed","ping_status":"closed","template":"","meta":{"footnotes":""},"class_list":["post-5200","page","type-page","status-publish","hentry"],"_links":{"self":[{"href":"https:\/\/amplitudmodulada.com.ar\/index.php\/wp-json\/wp\/v2\/pages\/5200","targetHints":{"allow":["GET"]}}],"collection":[{"href":"https:\/\/amplitudmodulada.com.ar\/index.php\/wp-json\/wp\/v2\/pages"}],"about":[{"href":"https:\/\/amplitudmodulada.com.ar\/index.php\/wp-json\/wp\/v2\/types\/page"}],"author":[{"embeddable":true,"href":"https:\/\/amplitudmodulada.com.ar\/index.php\/wp-json\/wp\/v2\/users\/1"}],"replies":[{"embeddable":true,"href":"https:\/\/amplitudmodulada.com.ar\/index.php\/wp-json\/wp\/v2\/comments?post=5200"}],"version-history":[{"count":4,"href":"https:\/\/amplitudmodulada.com.ar\/index.php\/wp-json\/wp\/v2\/pages\/5200\/revisions"}],"predecessor-version":[{"id":5207,"href":"https:\/\/amplitudmodulada.com.ar\/index.php\/wp-json\/wp\/v2\/pages\/5200\/revisions\/5207"}],"wp:attachment":[{"href":"https:\/\/amplitudmodulada.com.ar\/index.php\/wp-json\/wp\/v2\/media?parent=5200"}],"curies":[{"name":"wp","href":"https:\/\/api.w.org\/{rel}","templated":true}]}}