{"id":5403,"date":"2025-01-14T21:09:59","date_gmt":"2025-01-15T00:09:59","guid":{"rendered":"https:\/\/amplitudmodulada.com.ar\/?page_id=5403"},"modified":"2025-01-14T21:17:24","modified_gmt":"2025-01-15T00:17:24","slug":"noticia13411","status":"publish","type":"page","link":"https:\/\/amplitudmodulada.com.ar\/index.php\/noticia13411\/","title":{"rendered":"Fernando Bravo ser\u00e1 distinguido en la C\u00e1mara de Diputados"},"content":{"rendered":"\n<figure class=\"wp-block-image size-full\"><img loading=\"lazy\" decoding=\"async\" width=\"178\" height=\"51\" src=\"http:\/\/amplitudmodulada.com.ar\/wp-content\/uploads\/2024\/01\/590-e1704494003192.png\" alt=\"\" class=\"wp-image-14\"\/><\/figure>\n\n\n\n<p>La Academia Nacional de Periodismo anunci\u00f3 que la C\u00e1mara de Diputados reconocer\u00e1 la trayectoria de locutor Fernando Bravo el pr\u00f3ximo 14 de noviembre a las 18.00 horas en un acto en el Sal\u00f3n de los Pasos Perdidos.<\/p>\n\n\n\n<p>El proyecto fue impulsado por Margarita Stolbizer, miembro del bloque Encuentro Federal.<\/p>\n\n\n\n<p>El conductor radial ser\u00e1 homenajeado a sus 80 a\u00f1os por su aporte a la cultura en sus m\u00e1s de cincuenta a\u00f1os de labor en radio y televisi\u00f3n.<\/p>\n\n\n\n<p>Graduado en el Instituto Superior de Ense\u00f1anza Radiof\u00f3nica, Fernando Bravo debut\u00f3 en 1969 en &#8220;La Campana de Cristal&#8221;, el \u00e9xito de Canal 13 que conduc\u00eda Cacho Fontana.<\/p>\n\n\n\n<p>Ese mismo a\u00f1o tambi\u00e9n tuvo su primera participaci\u00f3n en LR3 Radio Belgrano.<\/p>\n\n\n\n<p>En radio condujo programas como &#8220;Siempre Rivadavia&#8221;, de 1976 a 1979 por LS5 Radio Rivadavia, y &#8220;Qu\u00e9 te Parece&#8221;, de 1995 a 2008 por LS10 Radio Del Plata.<\/p>\n\n\n\n<p>Actualmente, est\u00e1 al frente de &#8220;Bravo. Continental&#8221;, que se emite de lunes a viernes de 13.00 a 17.00 horas en LS4 Radio Continental.<\/p>\n\n\n\n<p>Fuente: <a href=\"http:\/\/www.perfil.com\" data-type=\"link\" data-id=\"www.perfil.com\" target=\"_blank\" rel=\"noreferrer noopener\">www.perfil.com<\/a> | Ciudad Aut\u00f3noma de Buenos Aires | 04.11.24 <\/p>\n","protected":false},"excerpt":{"rendered":"<p>La Academia Nacional de Periodismo anunci\u00f3 que la C\u00e1mara de Diputados reconocer\u00e1 la trayectoria de locutor Fernando Bravo el pr\u00f3ximo 14 de noviembre a las 18.00 horas en un acto en el Sal\u00f3n de los Pasos Perdidos. El proyecto fue impulsado por Margarita Stolbizer, miembro del bloque Encuentro Federal. El conductor radial ser\u00e1 homenajeado a &hellip; <a href=\"https:\/\/amplitudmodulada.com.ar\/index.php\/noticia13411\/\" class=\"more-link\">Continu\u00e1 leyendo <span class=\"screen-reader-text\">Fernando Bravo ser\u00e1 distinguido en la C\u00e1mara de Diputados<\/span><\/a><\/p>\n","protected":false},"author":1,"featured_media":0,"parent":0,"menu_order":0,"comment_status":"closed","ping_status":"closed","template":"","meta":{"footnotes":""},"class_list":["post-5403","page","type-page","status-publish","hentry"],"_links":{"self":[{"href":"https:\/\/amplitudmodulada.com.ar\/index.php\/wp-json\/wp\/v2\/pages\/5403","targetHints":{"allow":["GET"]}}],"collection":[{"href":"https:\/\/amplitudmodulada.com.ar\/index.php\/wp-json\/wp\/v2\/pages"}],"about":[{"href":"https:\/\/amplitudmodulada.com.ar\/index.php\/wp-json\/wp\/v2\/types\/page"}],"author":[{"embeddable":true,"href":"https:\/\/amplitudmodulada.com.ar\/index.php\/wp-json\/wp\/v2\/users\/1"}],"replies":[{"embeddable":true,"href":"https:\/\/amplitudmodulada.com.ar\/index.php\/wp-json\/wp\/v2\/comments?post=5403"}],"version-history":[{"count":2,"href":"https:\/\/amplitudmodulada.com.ar\/index.php\/wp-json\/wp\/v2\/pages\/5403\/revisions"}],"predecessor-version":[{"id":5406,"href":"https:\/\/amplitudmodulada.com.ar\/index.php\/wp-json\/wp\/v2\/pages\/5403\/revisions\/5406"}],"wp:attachment":[{"href":"https:\/\/amplitudmodulada.com.ar\/index.php\/wp-json\/wp\/v2\/media?parent=5403"}],"curies":[{"name":"wp","href":"https:\/\/api.w.org\/{rel}","templated":true}]}}