{"id":5409,"date":"2025-01-15T08:08:38","date_gmt":"2025-01-15T11:08:38","guid":{"rendered":"https:\/\/amplitudmodulada.com.ar\/?page_id=5409"},"modified":"2025-01-15T08:18:20","modified_gmt":"2025-01-15T11:18:20","slug":"noticia13412","status":"publish","type":"page","link":"https:\/\/amplitudmodulada.com.ar\/index.php\/noticia13412\/","title":{"rendered":"Comienza este lunes en Radio Perfil el programa &#8220;Una Vida Tranquila&#8221;"},"content":{"rendered":"\n<figure class=\"wp-block-image size-full\"><img loading=\"lazy\" decoding=\"async\" width=\"108\" height=\"100\" src=\"http:\/\/amplitudmodulada.com.ar\/wp-content\/uploads\/2025\/01\/1190-e1736939892706.png\" alt=\"\" class=\"wp-image-5412\"\/><\/figure>\n\n\n\n<p>Comienza este lunes 4 de noviembre en LR9 Radio Perfil el programa &#8220;Una Vida Tranquila&#8221;. Con la conducci\u00f3n de Rosario Lufrano y Facundo Herrera, el nuevo ciclo saldr\u00e1 al aire de lunes a viernes de 14.00 a 16.00 horas.<\/p>\n\n\n\n<p>El programa ir\u00e1, adem\u00e1s, por el streaming Norita, el nuevo proyecto liderado por Rosario Lufrano que naci\u00f3 en julio de este a\u00f1o en homenaje a Nora Corti\u00f1as.<\/p>\n\n\n\n<p>El equipo de &#8220;Una Vida Tranquila&#8221; estar\u00e1 integrado por Alberto P\u00e9rez, en pol\u00edtica, Claudio Mart\u00ednez, en ciencia y tecnolog\u00eda, N\u00e9stor Esp\u00f3sito, en judiciales, Agustina Dimola y Paula Stilman, en sociedad, Ezequiel Orlando, en econom\u00eda, y Alejandro Stilman, en cultura y literatura.<\/p>\n\n\n\n<p>Fuente: <a href=\"http:\/\/www.perfil.com\" data-type=\"link\" data-id=\"www.perfil.com\" target=\"_blank\" rel=\"noreferrer noopener\">www.perfil.com<\/a> | Ciudad Aut\u00f3noma de Buenos Aires | 04.11.24<\/p>\n","protected":false},"excerpt":{"rendered":"<p>Comienza este lunes 4 de noviembre en LR9 Radio Perfil el programa &#8220;Una Vida Tranquila&#8221;. Con la conducci\u00f3n de Rosario Lufrano y Facundo Herrera, el nuevo ciclo saldr\u00e1 al aire de lunes a viernes de 14.00 a 16.00 horas. El programa ir\u00e1, adem\u00e1s, por el streaming Norita, el nuevo proyecto liderado por Rosario Lufrano que &hellip; <a href=\"https:\/\/amplitudmodulada.com.ar\/index.php\/noticia13412\/\" class=\"more-link\">Continu\u00e1 leyendo <span class=\"screen-reader-text\">Comienza este lunes en Radio Perfil el programa &#8220;Una Vida Tranquila&#8221;<\/span><\/a><\/p>\n","protected":false},"author":1,"featured_media":0,"parent":0,"menu_order":0,"comment_status":"closed","ping_status":"closed","template":"","meta":{"footnotes":""},"class_list":["post-5409","page","type-page","status-publish","hentry"],"_links":{"self":[{"href":"https:\/\/amplitudmodulada.com.ar\/index.php\/wp-json\/wp\/v2\/pages\/5409","targetHints":{"allow":["GET"]}}],"collection":[{"href":"https:\/\/amplitudmodulada.com.ar\/index.php\/wp-json\/wp\/v2\/pages"}],"about":[{"href":"https:\/\/amplitudmodulada.com.ar\/index.php\/wp-json\/wp\/v2\/types\/page"}],"author":[{"embeddable":true,"href":"https:\/\/amplitudmodulada.com.ar\/index.php\/wp-json\/wp\/v2\/users\/1"}],"replies":[{"embeddable":true,"href":"https:\/\/amplitudmodulada.com.ar\/index.php\/wp-json\/wp\/v2\/comments?post=5409"}],"version-history":[{"count":2,"href":"https:\/\/amplitudmodulada.com.ar\/index.php\/wp-json\/wp\/v2\/pages\/5409\/revisions"}],"predecessor-version":[{"id":5413,"href":"https:\/\/amplitudmodulada.com.ar\/index.php\/wp-json\/wp\/v2\/pages\/5409\/revisions\/5413"}],"wp:attachment":[{"href":"https:\/\/amplitudmodulada.com.ar\/index.php\/wp-json\/wp\/v2\/media?parent=5409"}],"curies":[{"name":"wp","href":"https:\/\/api.w.org\/{rel}","templated":true}]}}