{"id":5523,"date":"2025-01-19T17:34:03","date_gmt":"2025-01-19T20:34:03","guid":{"rendered":"https:\/\/amplitudmodulada.com.ar\/?page_id=5523"},"modified":"2025-01-19T17:34:03","modified_gmt":"2025-01-19T20:34:03","slug":"noticia13429","status":"publish","type":"page","link":"https:\/\/amplitudmodulada.com.ar\/index.php\/noticia13429\/","title":{"rendered":"Interrumpen su emisi\u00f3n varias radios de Amplitud Modulada"},"content":{"rendered":"\n<figure class=\"wp-block-image size-full\"><img loading=\"lazy\" decoding=\"async\" width=\"185\" height=\"40\" src=\"http:\/\/amplitudmodulada.com.ar\/wp-content\/uploads\/2025\/01\/0136-e1737318477859.png\" alt=\"\" class=\"wp-image-5524\"\/><\/figure>\n\n\n\n<p>Seg\u00fan un informe publicado este fin de semana por el sitio de Facebook Argentina en AM y FM, varias emisoras de Amplitud Modulada del \u00c1rea Metropolitana de Buenos Aires han interrumpido su emisi\u00f3n en las \u00faltimos meses.<\/p>\n\n\n\n<p>Seg\u00fan el citado sitio, han dejado de emitir en los \u00faltimos cuatro meses AM 1100 Radio Estilo (Glew, partido de Almirante Brown), AM 1300 Radio La Salada (Ciudad de Buenos Aires) y AM 1560 Radio Selva (Ituzaing\u00f3).<\/p>\n\n\n\n<p>Argentina en AM y FM considera, adem\u00e1s, definitivamente fuera del aire a AM 1150 Radio Mar\u00eda (San Justo, partido de La Matanza), AM 1230 Radio Creativa (Ciudad de Buenos Aires), AM 1240 Cadena Uno (Ciudad de Buenos Aires), AM 1360 Radio Itat\u00ed (Mor\u00f3n) y AM 1540 Radio Zorobabel (Monte Grande, partido de Esteban Echeverr\u00eda).<\/p>\n\n\n\n<p>18.11.24<\/p>\n","protected":false},"excerpt":{"rendered":"<p>Seg\u00fan un informe publicado este fin de semana por el sitio de Facebook Argentina en AM y FM, varias emisoras de Amplitud Modulada del \u00c1rea Metropolitana de Buenos Aires han interrumpido su emisi\u00f3n en las \u00faltimos meses. Seg\u00fan el citado sitio, han dejado de emitir en los \u00faltimos cuatro meses AM 1100 Radio Estilo (Glew, &hellip; <a href=\"https:\/\/amplitudmodulada.com.ar\/index.php\/noticia13429\/\" class=\"more-link\">Continu\u00e1 leyendo <span class=\"screen-reader-text\">Interrumpen su emisi\u00f3n varias radios de Amplitud Modulada<\/span><\/a><\/p>\n","protected":false},"author":1,"featured_media":0,"parent":0,"menu_order":0,"comment_status":"closed","ping_status":"closed","template":"","meta":{"footnotes":""},"class_list":["post-5523","page","type-page","status-publish","hentry"],"_links":{"self":[{"href":"https:\/\/amplitudmodulada.com.ar\/index.php\/wp-json\/wp\/v2\/pages\/5523","targetHints":{"allow":["GET"]}}],"collection":[{"href":"https:\/\/amplitudmodulada.com.ar\/index.php\/wp-json\/wp\/v2\/pages"}],"about":[{"href":"https:\/\/amplitudmodulada.com.ar\/index.php\/wp-json\/wp\/v2\/types\/page"}],"author":[{"embeddable":true,"href":"https:\/\/amplitudmodulada.com.ar\/index.php\/wp-json\/wp\/v2\/users\/1"}],"replies":[{"embeddable":true,"href":"https:\/\/amplitudmodulada.com.ar\/index.php\/wp-json\/wp\/v2\/comments?post=5523"}],"version-history":[{"count":1,"href":"https:\/\/amplitudmodulada.com.ar\/index.php\/wp-json\/wp\/v2\/pages\/5523\/revisions"}],"predecessor-version":[{"id":5525,"href":"https:\/\/amplitudmodulada.com.ar\/index.php\/wp-json\/wp\/v2\/pages\/5523\/revisions\/5525"}],"wp:attachment":[{"href":"https:\/\/amplitudmodulada.com.ar\/index.php\/wp-json\/wp\/v2\/media?parent=5523"}],"curies":[{"name":"wp","href":"https:\/\/api.w.org\/{rel}","templated":true}]}}

Interrumpen su emisión varias radios de Amplitud Modulada

<figure class="wp-block-image size-full"><img loading="lazy" decoding="async" width="185" height="40" src="http://amplitudmodulada.com.ar/wp-content/uploads/2025/01/0136-e1737318477859.png" alt="" class="wp-image-5524"/></figure>



<p>Según un informe publicado este fin de semana por el sitio de Facebook Argentina en AM y FM, varias emisoras de Amplitud Modulada del Área Metropolitana de Buenos Aires han interrumpido su emisión en las últimos meses.</p>



<p>Según el citado sitio, han dejado de emitir en los últimos cuatro meses AM 1100 Radio Estilo (Glew, partido de Almirante Brown), AM 1300 Radio La Salada (Ciudad de Buenos Aires) y AM 1560 Radio Selva (Ituzaingó).</p>



<p>Argentina en AM y FM considera, además, definitivamente fuera del aire a AM 1150 Radio María (San Justo, partido de La Matanza), AM 1230 Radio Creativa (Ciudad de Buenos Aires), AM 1240 Cadena Uno (Ciudad de Buenos Aires), AM 1360 Radio Itatí (Morón) y AM 1540 Radio Zorobabel (Monte Grande, partido de Esteban Echeverría).</p>



<p>18.11.24</p>

<p>Según un informe publicado este fin de semana por el sitio de Facebook Argentina en AM y FM, varias emisoras de Amplitud Modulada del Área Metropolitana de Buenos Aires han interrumpido su emisión en las últimos meses. Según el citado sitio, han dejado de emitir en los últimos cuatro meses AM 1100 Radio Estilo (Glew, &hellip; <a href="https://amplitudmodulada.com.ar/index.php/noticia13429/" class="more-link">Continuá leyendo <span class="screen-reader-text">Interrumpen su emisión varias radios de Amplitud Modulada</span></a></p>
