{"id":5652,"date":"2025-01-23T18:04:08","date_gmt":"2025-01-23T21:04:08","guid":{"rendered":"https:\/\/amplitudmodulada.com.ar\/?page_id=5652"},"modified":"2025-01-23T18:10:10","modified_gmt":"2025-01-23T21:10:10","slug":"noticia13447","status":"publish","type":"page","link":"https:\/\/amplitudmodulada.com.ar\/index.php\/noticia13447\/","title":{"rendered":"Eliminan 19.000 d\u00edas de vacaciones de trabajadores de la Televisi\u00f3n P\u00fablica y Radio Nacional"},"content":{"rendered":"\n<figure class=\"wp-block-image size-full\"><img loading=\"lazy\" decoding=\"async\" width=\"115\" height=\"115\" src=\"http:\/\/amplitudmodulada.com.ar\/wp-content\/uploads\/2024\/09\/nacional-e1727045475385.png\" alt=\"\" class=\"wp-image-3885\"\/><\/figure>\n\n\n\n<p>El interventor de los medios p\u00fablicos, Eduardo Gonz\u00e1lez, elimin\u00f3 diecinueve mil d\u00edas vacaciones no gozadas de los trabajadores de la Televisi\u00f3n P\u00fablica y Radio Nacional.<\/p>\n\n\n\n<p>&#8220;Corresponde prorrogar los plazos de caducidad de los per\u00edodos de licencias anual ordinaria pendientes de los a\u00f1os 2022 y 2023, dejando de manifiesto la caducidad del resto de los per\u00edodos de licencias anual ordinaria no gozados&#8221;, establece la resoluci\u00f3n firmada por el funcionario. <\/p>\n\n\n\n<p>Se trata de uno de los rubros sobre los que el interventor puso la lupa, luego de haber culminado este mes el Plan de Retiro Voluntario, donde se anotaron 423 trabajadores y cuatro funcionarios.<\/p>\n\n\n\n<p>Fuente: <a href=\"http:\/\/www.clarin.com\" data-type=\"link\" data-id=\"www.clarin.com\" target=\"_blank\" rel=\"noreferrer noopener\">www.clarin.com<\/a> | Ciudad Aut\u00f3noma de Buenos Aires | 28.11.24<\/p>\n","protected":false},"excerpt":{"rendered":"<p>El interventor de los medios p\u00fablicos, Eduardo Gonz\u00e1lez, elimin\u00f3 diecinueve mil d\u00edas vacaciones no gozadas de los trabajadores de la Televisi\u00f3n P\u00fablica y Radio Nacional. &#8220;Corresponde prorrogar los plazos de caducidad de los per\u00edodos de licencias anual ordinaria pendientes de los a\u00f1os 2022 y 2023, dejando de manifiesto la caducidad del resto de los per\u00edodos &hellip; <a href=\"https:\/\/amplitudmodulada.com.ar\/index.php\/noticia13447\/\" class=\"more-link\">Continu\u00e1 leyendo <span class=\"screen-reader-text\">Eliminan 19.000 d\u00edas de vacaciones de trabajadores de la Televisi\u00f3n P\u00fablica y Radio Nacional<\/span><\/a><\/p>\n","protected":false},"author":1,"featured_media":0,"parent":0,"menu_order":0,"comment_status":"closed","ping_status":"closed","template":"","meta":{"footnotes":""},"class_list":["post-5652","page","type-page","status-publish","hentry"],"_links":{"self":[{"href":"https:\/\/amplitudmodulada.com.ar\/index.php\/wp-json\/wp\/v2\/pages\/5652","targetHints":{"allow":["GET"]}}],"collection":[{"href":"https:\/\/amplitudmodulada.com.ar\/index.php\/wp-json\/wp\/v2\/pages"}],"about":[{"href":"https:\/\/amplitudmodulada.com.ar\/index.php\/wp-json\/wp\/v2\/types\/page"}],"author":[{"embeddable":true,"href":"https:\/\/amplitudmodulada.com.ar\/index.php\/wp-json\/wp\/v2\/users\/1"}],"replies":[{"embeddable":true,"href":"https:\/\/amplitudmodulada.com.ar\/index.php\/wp-json\/wp\/v2\/comments?post=5652"}],"version-history":[{"count":2,"href":"https:\/\/amplitudmodulada.com.ar\/index.php\/wp-json\/wp\/v2\/pages\/5652\/revisions"}],"predecessor-version":[{"id":5655,"href":"https:\/\/amplitudmodulada.com.ar\/index.php\/wp-json\/wp\/v2\/pages\/5652\/revisions\/5655"}],"wp:attachment":[{"href":"https:\/\/amplitudmodulada.com.ar\/index.php\/wp-json\/wp\/v2\/media?parent=5652"}],"curies":[{"name":"wp","href":"https:\/\/api.w.org\/{rel}","templated":true}]}}