{"id":5679,"date":"2025-01-24T20:19:14","date_gmt":"2025-01-24T23:19:14","guid":{"rendered":"https:\/\/amplitudmodulada.com.ar\/?page_id=5679"},"modified":"2025-01-24T20:27:33","modified_gmt":"2025-01-24T23:27:33","slug":"noticia13451","status":"publish","type":"page","link":"https:\/\/amplitudmodulada.com.ar\/index.php\/noticia13451\/","title":{"rendered":"LU32 Radio Olavarr\u00eda introduce cambios en su grilla de programaci\u00f3n"},"content":{"rendered":"\n<figure class=\"wp-block-image size-full\"><img loading=\"lazy\" decoding=\"async\" width=\"120\" height=\"120\" src=\"http:\/\/amplitudmodulada.com.ar\/wp-content\/uploads\/2024\/06\/LU32-e1719096256367.png\" alt=\"\" class=\"wp-image-2304\"\/><\/figure>\n\n\n\n<p>Mientras contin\u00faa dise\u00f1ando la grilla de programaci\u00f3n que pondr\u00e1 al aire a partir del mes de marzo, LU32 Radio Olavarr\u00eda concreta este lunes 2 de diciembre algunas modificaciones a su estructura actual.<\/p>\n\n\n\n<p>En efecto, desde este lunes se emitir\u00e1 una segunda edici\u00f3n de &#8220;60 Minutos&#8221;, de 20.10 a 21.00 horas, que se suma a la tira diaria que se repuso en noviembre y que sale al aire de 13.00 a 14.00 horas.<\/p>\n\n\n\n<p>Asimismo, por la tarde ir\u00e1 &#8220;Vinilos&#8221;, con Marcelo Manteca Mart\u00ednez, de 16.00 a 18.00 horas, en tanto que &#8220;Un Magazine Para Compartir&#8221;, con Juli\u00e1n V\u00e1zquez, se emitir\u00e1 de 18.00 a 20.00 horas.<\/p>\n\n\n\n<p>M\u00e1s tarde, saldr\u00e1 al aire &#8220;Panorama Informativo&#8221;, &#8220;60 Minutos&#8221; y finalmente &#8220;Entre Rimas y Bordonas&#8221;, con Rub\u00e9n Acosta, recuperar\u00e1 su horario habitual, de 21.00 a 23.00 horas.<\/p>\n\n\n\n<p>Fuente: <a href=\"http:\/\/www.lu32.com.ar\" data-type=\"link\" data-id=\"www.lu32.com.ar\" target=\"_blank\" rel=\"noreferrer noopener\">www.lu32.com.ar<\/a> | Olavarr\u00eda &#8211; Buenos Aires | 02.12.24<\/p>\n","protected":false},"excerpt":{"rendered":"<p>Mientras contin\u00faa dise\u00f1ando la grilla de programaci\u00f3n que pondr\u00e1 al aire a partir del mes de marzo, LU32 Radio Olavarr\u00eda concreta este lunes 2 de diciembre algunas modificaciones a su estructura actual. En efecto, desde este lunes se emitir\u00e1 una segunda edici\u00f3n de &#8220;60 Minutos&#8221;, de 20.10 a 21.00 horas, que se suma a la &hellip; <a href=\"https:\/\/amplitudmodulada.com.ar\/index.php\/noticia13451\/\" class=\"more-link\">Continu\u00e1 leyendo <span class=\"screen-reader-text\">LU32 Radio Olavarr\u00eda introduce cambios en su grilla de programaci\u00f3n<\/span><\/a><\/p>\n","protected":false},"author":1,"featured_media":0,"parent":0,"menu_order":0,"comment_status":"closed","ping_status":"closed","template":"","meta":{"footnotes":""},"class_list":["post-5679","page","type-page","status-publish","hentry"],"_links":{"self":[{"href":"https:\/\/amplitudmodulada.com.ar\/index.php\/wp-json\/wp\/v2\/pages\/5679","targetHints":{"allow":["GET"]}}],"collection":[{"href":"https:\/\/amplitudmodulada.com.ar\/index.php\/wp-json\/wp\/v2\/pages"}],"about":[{"href":"https:\/\/amplitudmodulada.com.ar\/index.php\/wp-json\/wp\/v2\/types\/page"}],"author":[{"embeddable":true,"href":"https:\/\/amplitudmodulada.com.ar\/index.php\/wp-json\/wp\/v2\/users\/1"}],"replies":[{"embeddable":true,"href":"https:\/\/amplitudmodulada.com.ar\/index.php\/wp-json\/wp\/v2\/comments?post=5679"}],"version-history":[{"count":3,"href":"https:\/\/amplitudmodulada.com.ar\/index.php\/wp-json\/wp\/v2\/pages\/5679\/revisions"}],"predecessor-version":[{"id":5683,"href":"https:\/\/amplitudmodulada.com.ar\/index.php\/wp-json\/wp\/v2\/pages\/5679\/revisions\/5683"}],"wp:attachment":[{"href":"https:\/\/amplitudmodulada.com.ar\/index.php\/wp-json\/wp\/v2\/media?parent=5679"}],"curies":[{"name":"wp","href":"https:\/\/api.w.org\/{rel}","templated":true}]}}