{"id":5750,"date":"2025-01-26T11:52:57","date_gmt":"2025-01-26T14:52:57","guid":{"rendered":"https:\/\/amplitudmodulada.com.ar\/?page_id=5750"},"modified":"2025-01-26T12:13:02","modified_gmt":"2025-01-26T15:13:02","slug":"noticia13462","status":"publish","type":"page","link":"https:\/\/amplitudmodulada.com.ar\/index.php\/noticia13462\/","title":{"rendered":"LRA42 Radio Nacional Gualeguaych\u00fa celebra los treinta y siete a\u00f1os de su primera transmisi\u00f3n"},"content":{"rendered":"\n<figure class=\"wp-block-image size-full\"><img loading=\"lazy\" decoding=\"async\" width=\"110\" height=\"100\" src=\"http:\/\/amplitudmodulada.com.ar\/wp-content\/uploads\/2024\/01\/LRA42-e1705014344626.png\" alt=\"\" class=\"wp-image-202\"\/><\/figure>\n\n\n\n<p>Con un festejo comunitario que se llevar\u00e1 a cabo en la sede de la emisora, LRA42 Radio Nacional Gualeguaych\u00fa celebrar\u00e1 el pr\u00f3ximo s\u00e1bado 14 de diciembre a las 19.00 horas sus treinta y siete a\u00f1os de vida.<\/p>\n\n\n\n<p>Los organizadores confirmaron que el evento servir\u00e1 adem\u00e1s para reunir al personal, ex trabajadores, colaboradores, autoridades, artistas y la comunidad.<\/p>\n\n\n\n<p>Tras las palabras de la autoridades de la radio y la ciudad, el encuentro se abrir\u00e1 con la presentaci\u00f3n de artistas locales que desfilar\u00e1n por el escenario.<\/p>\n\n\n\n<p>&#8220;El objetivo es seguir interactuando con la comunidad. La radio debe abrirse y este puede ser un punto de partida. La idea es celebrar la fecha, pero tambi\u00e9n compartir y disfrutar con la comunidad un lugar que es de todos&#8221;, explic\u00f3 Estela Gigena, coordinadora art\u00edstica de la emisora.<\/p>\n\n\n\n<p>Fuente: <a href=\"http:\/\/www.r2820.com\" data-type=\"link\" data-id=\"www.r2820.com\" target=\"_blank\" rel=\"noreferrer noopener\">www.r2820.com<\/a> | Gualeguaych\u00fa &#8211; Entre R\u00edos | 11.12.24<\/p>\n","protected":false},"excerpt":{"rendered":"<p>Con un festejo comunitario que se llevar\u00e1 a cabo en la sede de la emisora, LRA42 Radio Nacional Gualeguaych\u00fa celebrar\u00e1 el pr\u00f3ximo s\u00e1bado 14 de diciembre a las 19.00 horas sus treinta y siete a\u00f1os de vida. Los organizadores confirmaron que el evento servir\u00e1 adem\u00e1s para reunir al personal, ex trabajadores, colaboradores, autoridades, artistas y &hellip; <a href=\"https:\/\/amplitudmodulada.com.ar\/index.php\/noticia13462\/\" class=\"more-link\">Continu\u00e1 leyendo <span class=\"screen-reader-text\">LRA42 Radio Nacional Gualeguaych\u00fa celebra los treinta y siete a\u00f1os de su primera transmisi\u00f3n<\/span><\/a><\/p>\n","protected":false},"author":1,"featured_media":0,"parent":0,"menu_order":0,"comment_status":"closed","ping_status":"closed","template":"","meta":{"footnotes":""},"class_list":["post-5750","page","type-page","status-publish","hentry"],"_links":{"self":[{"href":"https:\/\/amplitudmodulada.com.ar\/index.php\/wp-json\/wp\/v2\/pages\/5750","targetHints":{"allow":["GET"]}}],"collection":[{"href":"https:\/\/amplitudmodulada.com.ar\/index.php\/wp-json\/wp\/v2\/pages"}],"about":[{"href":"https:\/\/amplitudmodulada.com.ar\/index.php\/wp-json\/wp\/v2\/types\/page"}],"author":[{"embeddable":true,"href":"https:\/\/amplitudmodulada.com.ar\/index.php\/wp-json\/wp\/v2\/users\/1"}],"replies":[{"embeddable":true,"href":"https:\/\/amplitudmodulada.com.ar\/index.php\/wp-json\/wp\/v2\/comments?post=5750"}],"version-history":[{"count":3,"href":"https:\/\/amplitudmodulada.com.ar\/index.php\/wp-json\/wp\/v2\/pages\/5750\/revisions"}],"predecessor-version":[{"id":5756,"href":"https:\/\/amplitudmodulada.com.ar\/index.php\/wp-json\/wp\/v2\/pages\/5750\/revisions\/5756"}],"wp:attachment":[{"href":"https:\/\/amplitudmodulada.com.ar\/index.php\/wp-json\/wp\/v2\/media?parent=5750"}],"curies":[{"name":"wp","href":"https:\/\/api.w.org\/{rel}","templated":true}]}}