{"id":5806,"date":"2025-01-27T20:00:34","date_gmt":"2025-01-27T23:00:34","guid":{"rendered":"https:\/\/amplitudmodulada.com.ar\/?page_id=5806"},"modified":"2025-01-27T20:10:56","modified_gmt":"2025-01-27T23:10:56","slug":"noticia13469","status":"publish","type":"page","link":"https:\/\/amplitudmodulada.com.ar\/index.php\/noticia13469\/","title":{"rendered":"Est\u00e1 en duda la continuidad de Viviana Canosa en Radio Rivadavia"},"content":{"rendered":"\n<figure class=\"wp-block-image size-full\"><img loading=\"lazy\" decoding=\"async\" width=\"174\" height=\"60\" src=\"http:\/\/amplitudmodulada.com.ar\/wp-content\/uploads\/2024\/01\/630-e1704586384620.png\" alt=\"\" class=\"wp-image-115\"\/><\/figure>\n\n\n\n<p>Tras algunos sugestivos comentarios en sus redes sociales, qued\u00f3 en duda la continuidad de la periodista Viviana Canosa en LS5 Radio Rivadavia.<\/p>\n\n\n\n<p>A trav\u00e9s de sus historias de Instagram, Viviana Canosa comparti\u00f3 un extenso escrito titulado &#8220;Adi\u00f3s y hasta luego&#8221;.<\/p>\n\n\n\n<p>&#8220;Orgullosos de nuestras convicciones, de comprometernos con la realidad, de decir la verdad aunque no sea negocio y de trabajar para la gente y no para el gobierno&#8221;, escribi\u00f3.<\/p>\n\n\n\n<p>En ese sentido, precis\u00f3 que &#8220;hace un a\u00f1o y medio anticipamos todo lo que est\u00e1 pasando ahora y nos bancamos hasta perder el trabajo por no ser c\u00f3mplices&#8221;.<\/p>\n\n\n\n<p>&#8220;Viva la libertad de expresi\u00f3n. Nos vemos pronto y felices fiestas. Gracias a ustedes, gracias a Radio Rivadavia&#8221;, finaliz\u00f3 Viviana Canosa, sin revelar si continuar\u00e1 en esa emisora el a\u00f1o pr\u00f3ximo.<\/p>\n\n\n\n<p>La periodista lleg\u00f3 a Radio Rivadavia hace apenas tres meses y est\u00e1 a cargo del programa &#8220;Viviana 630&#8221;, que se emite todos los s\u00e1bados de 8.00 a 11.00 horas.<\/p>\n\n\n\n<p>Fuente: <a href=\"http:\/\/www.perfil.com\" data-type=\"link\" data-id=\"www.perfil.com\" target=\"_blank\" rel=\"noreferrer noopener\">www.perfil.com<\/a> | Ciudad Aut\u00f3noma de Buenos Aires | 16.12.24<\/p>\n","protected":false},"excerpt":{"rendered":"<p>Tras algunos sugestivos comentarios en sus redes sociales, qued\u00f3 en duda la continuidad de la periodista Viviana Canosa en LS5 Radio Rivadavia. A trav\u00e9s de sus historias de Instagram, Viviana Canosa comparti\u00f3 un extenso escrito titulado &#8220;Adi\u00f3s y hasta luego&#8221;. &#8220;Orgullosos de nuestras convicciones, de comprometernos con la realidad, de decir la verdad aunque no &hellip; <a href=\"https:\/\/amplitudmodulada.com.ar\/index.php\/noticia13469\/\" class=\"more-link\">Continu\u00e1 leyendo <span class=\"screen-reader-text\">Est\u00e1 en duda la continuidad de Viviana Canosa en Radio Rivadavia<\/span><\/a><\/p>\n","protected":false},"author":1,"featured_media":0,"parent":0,"menu_order":0,"comment_status":"closed","ping_status":"closed","template":"","meta":{"footnotes":""},"class_list":["post-5806","page","type-page","status-publish","hentry"],"_links":{"self":[{"href":"https:\/\/amplitudmodulada.com.ar\/index.php\/wp-json\/wp\/v2\/pages\/5806","targetHints":{"allow":["GET"]}}],"collection":[{"href":"https:\/\/amplitudmodulada.com.ar\/index.php\/wp-json\/wp\/v2\/pages"}],"about":[{"href":"https:\/\/amplitudmodulada.com.ar\/index.php\/wp-json\/wp\/v2\/types\/page"}],"author":[{"embeddable":true,"href":"https:\/\/amplitudmodulada.com.ar\/index.php\/wp-json\/wp\/v2\/users\/1"}],"replies":[{"embeddable":true,"href":"https:\/\/amplitudmodulada.com.ar\/index.php\/wp-json\/wp\/v2\/comments?post=5806"}],"version-history":[{"count":2,"href":"https:\/\/amplitudmodulada.com.ar\/index.php\/wp-json\/wp\/v2\/pages\/5806\/revisions"}],"predecessor-version":[{"id":5809,"href":"https:\/\/amplitudmodulada.com.ar\/index.php\/wp-json\/wp\/v2\/pages\/5806\/revisions\/5809"}],"wp:attachment":[{"href":"https:\/\/amplitudmodulada.com.ar\/index.php\/wp-json\/wp\/v2\/media?parent=5806"}],"curies":[{"name":"wp","href":"https:\/\/api.w.org\/{rel}","templated":true}]}}

Está en duda la continuidad de Viviana Canosa en Radio Rivadavia

<figure class="wp-block-image size-full"><img loading="lazy" decoding="async" width="174" height="60" src="http://amplitudmodulada.com.ar/wp-content/uploads/2024/01/630-e1704586384620.png" alt="" class="wp-image-115"/></figure>



<p>Tras algunos sugestivos comentarios en sus redes sociales, quedó en duda la continuidad de la periodista Viviana Canosa en LS5 Radio Rivadavia.</p>



<p>A través de sus historias de Instagram, Viviana Canosa compartió un extenso escrito titulado &#8220;Adiós y hasta luego&#8221;.</p>



<p>&#8220;Orgullosos de nuestras convicciones, de comprometernos con la realidad, de decir la verdad aunque no sea negocio y de trabajar para la gente y no para el gobierno&#8221;, escribió.</p>



<p>En ese sentido, precisó que &#8220;hace un año y medio anticipamos todo lo que está pasando ahora y nos bancamos hasta perder el trabajo por no ser cómplices&#8221;.</p>



<p>&#8220;Viva la libertad de expresión. Nos vemos pronto y felices fiestas. Gracias a ustedes, gracias a Radio Rivadavia&#8221;, finalizó Viviana Canosa, sin revelar si continuará en esa emisora el año próximo.</p>



<p>La periodista llegó a Radio Rivadavia hace apenas tres meses y está a cargo del programa &#8220;Viviana 630&#8221;, que se emite todos los sábados de 8.00 a 11.00 horas.</p>



<p>Fuente: <a href="http://www.perfil.com" data-type="link" data-id="www.perfil.com" target="_blank" rel="noreferrer noopener">www.perfil.com</a> | Ciudad Autónoma de Buenos Aires | 16.12.24</p>

<p>Tras algunos sugestivos comentarios en sus redes sociales, quedó en duda la continuidad de la periodista Viviana Canosa en LS5 Radio Rivadavia. A través de sus historias de Instagram, Viviana Canosa compartió un extenso escrito titulado &#8220;Adiós y hasta luego&#8221;. &#8220;Orgullosos de nuestras convicciones, de comprometernos con la realidad, de decir la verdad aunque no &hellip; <a href="https://amplitudmodulada.com.ar/index.php/noticia13469/" class="more-link">Continuá leyendo <span class="screen-reader-text">Está en duda la continuidad de Viviana Canosa en Radio Rivadavia</span></a></p>
