{"id":5812,"date":"2025-01-27T20:17:31","date_gmt":"2025-01-27T23:17:31","guid":{"rendered":"https:\/\/amplitudmodulada.com.ar\/?page_id=5812"},"modified":"2025-01-27T20:24:18","modified_gmt":"2025-01-27T23:24:18","slug":"noticia13470","status":"publish","type":"page","link":"https:\/\/amplitudmodulada.com.ar\/index.php\/noticia13470\/","title":{"rendered":"Destacan la emisi\u00f3n del programa &#8220;Haciendo Pie&#8221;"},"content":{"rendered":"\n<figure class=\"wp-block-image size-large is-resized\"><img loading=\"lazy\" decoding=\"async\" width=\"1024\" height=\"576\" src=\"http:\/\/amplitudmodulada.com.ar\/wp-content\/uploads\/2024\/01\/1110-1024x576.jpg\" alt=\"\" class=\"wp-image-685\" style=\"width:134px;height:auto\"\/><\/figure>\n\n\n\n<p>LS1 Radio de la Ciudad destaca este martes 17 de diciembre la emisi\u00f3n del programa &#8220;Haciendo Pie&#8221;, al que define como un espacio de reflexi\u00f3n, an\u00e1lisis y entrevistas con temperamento de domingo.<\/p>\n\n\n\n<p>La emisora se\u00f1ala que el programa, que conduce el escritor Santiago Kovadloff, propone una pausa para reflexionar y repensar la actualidad, dialogando con intelectuales, pol\u00edticos, acad\u00e9micos y representantes de la sociedad civil sobre temas que abarcan desde la pol\u00edtica hasta la cultura.<\/p>\n\n\n\n<p>Adem\u00e1s, en la secci\u00f3n &#8220;Caf\u00e9 la Rep\u00fablica&#8221;, Santiago Kovadloff junto a Jorge Sigal, conversan sobre los temas fundamentales del momento en la Argentina y el mundo.<\/p>\n\n\n\n<p>&#8220;Haciendo Pie&#8221; se emite todos los domingos de 12.00 a 14.00 horas.<\/p>\n\n\n\n<p>Fuente: <a href=\"http:\/\/www.buenosaires.gob.ar\" data-type=\"link\" data-id=\"www.buenosaires.gob.ar\" target=\"_blank\" rel=\"noreferrer noopener\">www.buenosaires.gob.ar<\/a> | Ciudad Aut\u00f3noma de Buenos Aires | 17.12.24<\/p>\n","protected":false},"excerpt":{"rendered":"<p>LS1 Radio de la Ciudad destaca este martes 17 de diciembre la emisi\u00f3n del programa &#8220;Haciendo Pie&#8221;, al que define como un espacio de reflexi\u00f3n, an\u00e1lisis y entrevistas con temperamento de domingo. La emisora se\u00f1ala que el programa, que conduce el escritor Santiago Kovadloff, propone una pausa para reflexionar y repensar la actualidad, dialogando con &hellip; <a href=\"https:\/\/amplitudmodulada.com.ar\/index.php\/noticia13470\/\" class=\"more-link\">Continu\u00e1 leyendo <span class=\"screen-reader-text\">Destacan la emisi\u00f3n del programa &#8220;Haciendo Pie&#8221;<\/span><\/a><\/p>\n","protected":false},"author":1,"featured_media":0,"parent":0,"menu_order":0,"comment_status":"closed","ping_status":"closed","template":"","meta":{"footnotes":""},"class_list":["post-5812","page","type-page","status-publish","hentry"],"_links":{"self":[{"href":"https:\/\/amplitudmodulada.com.ar\/index.php\/wp-json\/wp\/v2\/pages\/5812","targetHints":{"allow":["GET"]}}],"collection":[{"href":"https:\/\/amplitudmodulada.com.ar\/index.php\/wp-json\/wp\/v2\/pages"}],"about":[{"href":"https:\/\/amplitudmodulada.com.ar\/index.php\/wp-json\/wp\/v2\/types\/page"}],"author":[{"embeddable":true,"href":"https:\/\/amplitudmodulada.com.ar\/index.php\/wp-json\/wp\/v2\/users\/1"}],"replies":[{"embeddable":true,"href":"https:\/\/amplitudmodulada.com.ar\/index.php\/wp-json\/wp\/v2\/comments?post=5812"}],"version-history":[{"count":3,"href":"https:\/\/amplitudmodulada.com.ar\/index.php\/wp-json\/wp\/v2\/pages\/5812\/revisions"}],"predecessor-version":[{"id":5817,"href":"https:\/\/amplitudmodulada.com.ar\/index.php\/wp-json\/wp\/v2\/pages\/5812\/revisions\/5817"}],"wp:attachment":[{"href":"https:\/\/amplitudmodulada.com.ar\/index.php\/wp-json\/wp\/v2\/media?parent=5812"}],"curies":[{"name":"wp","href":"https:\/\/api.w.org\/{rel}","templated":true}]}}

Destacan la emisión del programa &#8220;Haciendo Pie&#8221;

<figure class="wp-block-image size-large is-resized"><img loading="lazy" decoding="async" width="1024" height="576" src="http://amplitudmodulada.com.ar/wp-content/uploads/2024/01/1110-1024x576.jpg" alt="" class="wp-image-685" style="width:134px;height:auto"/></figure>



<p>LS1 Radio de la Ciudad destaca este martes 17 de diciembre la emisión del programa &#8220;Haciendo Pie&#8221;, al que define como un espacio de reflexión, análisis y entrevistas con temperamento de domingo.</p>



<p>La emisora señala que el programa, que conduce el escritor Santiago Kovadloff, propone una pausa para reflexionar y repensar la actualidad, dialogando con intelectuales, políticos, académicos y representantes de la sociedad civil sobre temas que abarcan desde la política hasta la cultura.</p>



<p>Además, en la sección &#8220;Café la República&#8221;, Santiago Kovadloff junto a Jorge Sigal, conversan sobre los temas fundamentales del momento en la Argentina y el mundo.</p>



<p>&#8220;Haciendo Pie&#8221; se emite todos los domingos de 12.00 a 14.00 horas.</p>



<p>Fuente: <a href="http://www.buenosaires.gob.ar" data-type="link" data-id="www.buenosaires.gob.ar" target="_blank" rel="noreferrer noopener">www.buenosaires.gob.ar</a> | Ciudad Autónoma de Buenos Aires | 17.12.24</p>

<p>LS1 Radio de la Ciudad destaca este martes 17 de diciembre la emisión del programa &#8220;Haciendo Pie&#8221;, al que define como un espacio de reflexión, análisis y entrevistas con temperamento de domingo. La emisora señala que el programa, que conduce el escritor Santiago Kovadloff, propone una pausa para reflexionar y repensar la actualidad, dialogando con &hellip; <a href="https://amplitudmodulada.com.ar/index.php/noticia13470/" class="more-link">Continuá leyendo <span class="screen-reader-text">Destacan la emisión del programa &#8220;Haciendo Pie&#8221;</span></a></p>
