{"id":6017,"date":"2025-01-30T20:42:06","date_gmt":"2025-01-30T23:42:06","guid":{"rendered":"https:\/\/amplitudmodulada.com.ar\/?page_id=6017"},"modified":"2025-01-30T20:56:23","modified_gmt":"2025-01-30T23:56:23","slug":"noticia13500","status":"publish","type":"page","link":"https:\/\/amplitudmodulada.com.ar\/index.php\/noticia13500\/","title":{"rendered":"V\u00edctor Hugo Morales destac\u00f3 la trayectoria de Jorge Lanata"},"content":{"rendered":"\n<figure class=\"wp-block-image size-full\"><img loading=\"lazy\" decoding=\"async\" width=\"144\" height=\"75\" src=\"http:\/\/amplitudmodulada.com.ar\/wp-content\/uploads\/2024\/01\/750-e1705525955651.jpg\" alt=\"\" class=\"wp-image-348\"\/><\/figure>\n\n\n\n<p>En su editorial, el periodista V\u00edctor Hugo Morales repas\u00f3 este martes la trayectoria de Jorge Lanata y reconoci\u00f3 su gran importancia, m\u00e1s all\u00e1 de las diferencias ideol\u00f3gicas de los \u00faltimos a\u00f1os.<\/p>\n\n\n\n<p>&#8220;El m\u00ednimo goce ante lo que vivi\u00f3 Lanata habla mal de uno mismo. Habr\u00e1 tiempo de evaluar su trabajo, pero no es este&#8221;, se\u00f1al\u00f3.<\/p>\n\n\n\n<p>En ese sentido, asegur\u00f3 que &#8220;se ha muerto un enorme profesional, para muchos el mejor, seg\u00fan c\u00f3mo nos situamos en el espectro pol\u00edtico&#8221;.<\/p>\n\n\n\n<p>&#8220;Segu\u00ed atentamente los padecimientos de Lanata en estos meses. S\u00e9 lo que es estar en esa lucha y nadie debe olvidar que muchas veces as\u00ed es el final propio o el de muchos seres queridos. A nadie se le puede desear&#8221;, afirm\u00f3.<\/p>\n\n\n\n<p>V\u00edctor Hugo Morales critic\u00f3 tambi\u00e9n al Grupo Clar\u00edn y los acus\u00f3 de ser desagradecidos con Jorge Lanata por la plata que el periodista les hizo ganar.<\/p>\n\n\n\n<p>&#8220;Lanata, al morir, les ayud\u00f3 a darse la respuesta que buscaban. El pago final de Clar\u00edn me hubiese gustado que lo viera Lanata. Yo quer\u00eda que se recuperara para que viera lo que le estaban haciendo&#8221;, agreg\u00f3.<\/p>\n\n\n\n<p>Fuente: <a href=\"http:\/\/www.pagina12.com.ar\" data-type=\"link\" data-id=\"www.pagina12.com.ar\" target=\"_blank\" rel=\"noreferrer noopener\">www.pagina12.com.ar<\/a> | Ciudad Aut\u00f3noma de Buenos Aires | 31.12.24<\/p>\n","protected":false},"excerpt":{"rendered":"<p>En su editorial, el periodista V\u00edctor Hugo Morales repas\u00f3 este martes la trayectoria de Jorge Lanata y reconoci\u00f3 su gran importancia, m\u00e1s all\u00e1 de las diferencias ideol\u00f3gicas de los \u00faltimos a\u00f1os. &#8220;El m\u00ednimo goce ante lo que vivi\u00f3 Lanata habla mal de uno mismo. Habr\u00e1 tiempo de evaluar su trabajo, pero no es este&#8221;, se\u00f1al\u00f3. &hellip; <a href=\"https:\/\/amplitudmodulada.com.ar\/index.php\/noticia13500\/\" class=\"more-link\">Continu\u00e1 leyendo <span class=\"screen-reader-text\">V\u00edctor Hugo Morales destac\u00f3 la trayectoria de Jorge Lanata<\/span><\/a><\/p>\n","protected":false},"author":1,"featured_media":0,"parent":0,"menu_order":0,"comment_status":"closed","ping_status":"closed","template":"","meta":{"footnotes":""},"class_list":["post-6017","page","type-page","status-publish","hentry"],"_links":{"self":[{"href":"https:\/\/amplitudmodulada.com.ar\/index.php\/wp-json\/wp\/v2\/pages\/6017","targetHints":{"allow":["GET"]}}],"collection":[{"href":"https:\/\/amplitudmodulada.com.ar\/index.php\/wp-json\/wp\/v2\/pages"}],"about":[{"href":"https:\/\/amplitudmodulada.com.ar\/index.php\/wp-json\/wp\/v2\/types\/page"}],"author":[{"embeddable":true,"href":"https:\/\/amplitudmodulada.com.ar\/index.php\/wp-json\/wp\/v2\/users\/1"}],"replies":[{"embeddable":true,"href":"https:\/\/amplitudmodulada.com.ar\/index.php\/wp-json\/wp\/v2\/comments?post=6017"}],"version-history":[{"count":2,"href":"https:\/\/amplitudmodulada.com.ar\/index.php\/wp-json\/wp\/v2\/pages\/6017\/revisions"}],"predecessor-version":[{"id":6020,"href":"https:\/\/amplitudmodulada.com.ar\/index.php\/wp-json\/wp\/v2\/pages\/6017\/revisions\/6020"}],"wp:attachment":[{"href":"https:\/\/amplitudmodulada.com.ar\/index.php\/wp-json\/wp\/v2\/media?parent=6017"}],"curies":[{"name":"wp","href":"https:\/\/api.w.org\/{rel}","templated":true}]}}

Víctor Hugo Morales destacó la trayectoria de Jorge Lanata

<figure class="wp-block-image size-full"><img loading="lazy" decoding="async" width="144" height="75" src="http://amplitudmodulada.com.ar/wp-content/uploads/2024/01/750-e1705525955651.jpg" alt="" class="wp-image-348"/></figure>



<p>En su editorial, el periodista Víctor Hugo Morales repasó este martes la trayectoria de Jorge Lanata y reconoció su gran importancia, más allá de las diferencias ideológicas de los últimos años.</p>



<p>&#8220;El mínimo goce ante lo que vivió Lanata habla mal de uno mismo. Habrá tiempo de evaluar su trabajo, pero no es este&#8221;, señaló.</p>



<p>En ese sentido, aseguró que &#8220;se ha muerto un enorme profesional, para muchos el mejor, según cómo nos situamos en el espectro político&#8221;.</p>



<p>&#8220;Seguí atentamente los padecimientos de Lanata en estos meses. Sé lo que es estar en esa lucha y nadie debe olvidar que muchas veces así es el final propio o el de muchos seres queridos. A nadie se le puede desear&#8221;, afirmó.</p>



<p>Víctor Hugo Morales criticó también al Grupo Clarín y los acusó de ser desagradecidos con Jorge Lanata por la plata que el periodista les hizo ganar.</p>



<p>&#8220;Lanata, al morir, les ayudó a darse la respuesta que buscaban. El pago final de Clarín me hubiese gustado que lo viera Lanata. Yo quería que se recuperara para que viera lo que le estaban haciendo&#8221;, agregó.</p>



<p>Fuente: <a href="http://www.pagina12.com.ar" data-type="link" data-id="www.pagina12.com.ar" target="_blank" rel="noreferrer noopener">www.pagina12.com.ar</a> | Ciudad Autónoma de Buenos Aires | 31.12.24</p>

<p>En su editorial, el periodista Víctor Hugo Morales repasó este martes la trayectoria de Jorge Lanata y reconoció su gran importancia, más allá de las diferencias ideológicas de los últimos años. &#8220;El mínimo goce ante lo que vivió Lanata habla mal de uno mismo. Habrá tiempo de evaluar su trabajo, pero no es este&#8221;, señaló. &hellip; <a href="https://amplitudmodulada.com.ar/index.php/noticia13500/" class="more-link">Continuá leyendo <span class="screen-reader-text">Víctor Hugo Morales destacó la trayectoria de Jorge Lanata</span></a></p>
