{"id":6054,"date":"2025-01-31T20:48:26","date_gmt":"2025-01-31T23:48:26","guid":{"rendered":"https:\/\/amplitudmodulada.com.ar\/?page_id=6054"},"modified":"2025-01-31T20:55:22","modified_gmt":"2025-01-31T23:55:22","slug":"noticia13505","status":"publish","type":"page","link":"https:\/\/amplitudmodulada.com.ar\/index.php\/noticia13505\/","title":{"rendered":"Radio Mitre confirm\u00f3 cambios en su grilla de programaci\u00f3n tras la muerte de Jorge Lanata"},"content":{"rendered":"\n<figure class=\"wp-block-image size-large is-resized\"><img loading=\"lazy\" decoding=\"async\" width=\"1024\" height=\"532\" src=\"http:\/\/amplitudmodulada.com.ar\/wp-content\/uploads\/2024\/01\/790-1024x532.png\" alt=\"\" class=\"wp-image-268\" style=\"width:131px;height:auto\"\/><\/figure>\n\n\n\n<p>Tras la muerte del periodista Jorge Lanata, LR6 Radio Mitre confirm\u00f3 algunos cambios en su grilla de programaci\u00f3n. <\/p>\n\n\n\n<p>En efecto, el programa &#8220;Lanata Sin Filtro&#8221; dej\u00f3 de emitirse con ese nombre y pas\u00f3 a denominarse &#8220;la Ma\u00f1ana de Mitre&#8221;, que estar\u00e1 a cargo durante el mes de enero de Gabriel Levinas, acompa\u00f1ado por Adriana Ver\u00f3n.<\/p>\n\n\n\n<p>En ese sentido, en el programa televisivo &#8220;Intrusos&#8221; se explic\u00f3 que la llegada de Gabriel Levinas en una medida transitoria mientras se prepara una resoluci\u00f3n m\u00e1s importante.<\/p>\n\n\n\n<p>&#8220;Circulan los nombres de Jorge Fern\u00e1ndez D\u00edaz y Marcelo Bonelli para ocupar ese espacio&#8221;, explicaron en Intrusos.<\/p>\n\n\n\n<p>02.01.25<\/p>\n\n\n\n<p><\/p>\n","protected":false},"excerpt":{"rendered":"<p>Tras la muerte del periodista Jorge Lanata, LR6 Radio Mitre confirm\u00f3 algunos cambios en su grilla de programaci\u00f3n. En efecto, el programa &#8220;Lanata Sin Filtro&#8221; dej\u00f3 de emitirse con ese nombre y pas\u00f3 a denominarse &#8220;la Ma\u00f1ana de Mitre&#8221;, que estar\u00e1 a cargo durante el mes de enero de Gabriel Levinas, acompa\u00f1ado por Adriana Ver\u00f3n. &hellip; <a href=\"https:\/\/amplitudmodulada.com.ar\/index.php\/noticia13505\/\" class=\"more-link\">Continu\u00e1 leyendo <span class=\"screen-reader-text\">Radio Mitre confirm\u00f3 cambios en su grilla de programaci\u00f3n tras la muerte de Jorge Lanata<\/span><\/a><\/p>\n","protected":false},"author":1,"featured_media":0,"parent":0,"menu_order":0,"comment_status":"closed","ping_status":"closed","template":"","meta":{"footnotes":""},"class_list":["post-6054","page","type-page","status-publish","hentry"],"_links":{"self":[{"href":"https:\/\/amplitudmodulada.com.ar\/index.php\/wp-json\/wp\/v2\/pages\/6054","targetHints":{"allow":["GET"]}}],"collection":[{"href":"https:\/\/amplitudmodulada.com.ar\/index.php\/wp-json\/wp\/v2\/pages"}],"about":[{"href":"https:\/\/amplitudmodulada.com.ar\/index.php\/wp-json\/wp\/v2\/types\/page"}],"author":[{"embeddable":true,"href":"https:\/\/amplitudmodulada.com.ar\/index.php\/wp-json\/wp\/v2\/users\/1"}],"replies":[{"embeddable":true,"href":"https:\/\/amplitudmodulada.com.ar\/index.php\/wp-json\/wp\/v2\/comments?post=6054"}],"version-history":[{"count":2,"href":"https:\/\/amplitudmodulada.com.ar\/index.php\/wp-json\/wp\/v2\/pages\/6054\/revisions"}],"predecessor-version":[{"id":6057,"href":"https:\/\/amplitudmodulada.com.ar\/index.php\/wp-json\/wp\/v2\/pages\/6054\/revisions\/6057"}],"wp:attachment":[{"href":"https:\/\/amplitudmodulada.com.ar\/index.php\/wp-json\/wp\/v2\/media?parent=6054"}],"curies":[{"name":"wp","href":"https:\/\/api.w.org\/{rel}","templated":true}]}}

Radio Mitre confirmó cambios en su grilla de programación tras la muerte de Jorge Lanata

<figure class="wp-block-image size-large is-resized"><img loading="lazy" decoding="async" width="1024" height="532" src="http://amplitudmodulada.com.ar/wp-content/uploads/2024/01/790-1024x532.png" alt="" class="wp-image-268" style="width:131px;height:auto"/></figure>



<p>Tras la muerte del periodista Jorge Lanata, LR6 Radio Mitre confirmó algunos cambios en su grilla de programación. </p>



<p>En efecto, el programa &#8220;Lanata Sin Filtro&#8221; dejó de emitirse con ese nombre y pasó a denominarse &#8220;la Mañana de Mitre&#8221;, que estará a cargo durante el mes de enero de Gabriel Levinas, acompañado por Adriana Verón.</p>



<p>En ese sentido, en el programa televisivo &#8220;Intrusos&#8221; se explicó que la llegada de Gabriel Levinas en una medida transitoria mientras se prepara una resolución más importante.</p>



<p>&#8220;Circulan los nombres de Jorge Fernández Díaz y Marcelo Bonelli para ocupar ese espacio&#8221;, explicaron en Intrusos.</p>



<p>02.01.25</p>



<p></p>

<p>Tras la muerte del periodista Jorge Lanata, LR6 Radio Mitre confirmó algunos cambios en su grilla de programación. En efecto, el programa &#8220;Lanata Sin Filtro&#8221; dejó de emitirse con ese nombre y pasó a denominarse &#8220;la Mañana de Mitre&#8221;, que estará a cargo durante el mes de enero de Gabriel Levinas, acompañado por Adriana Verón. &hellip; <a href="https://amplitudmodulada.com.ar/index.php/noticia13505/" class="more-link">Continuá leyendo <span class="screen-reader-text">Radio Mitre confirmó cambios en su grilla de programación tras la muerte de Jorge Lanata</span></a></p>
