{"id":6189,"date":"2025-02-16T10:46:53","date_gmt":"2025-02-16T13:46:53","guid":{"rendered":"https:\/\/amplitudmodulada.com.ar\/?page_id=6189"},"modified":"2025-02-16T11:01:48","modified_gmt":"2025-02-16T14:01:48","slug":"noticia13523","status":"publish","type":"page","link":"https:\/\/amplitudmodulada.com.ar\/index.php\/noticia13523\/","title":{"rendered":"Radio Rafaela Digital relanza su p\u00e1gina web"},"content":{"rendered":"\n<figure class=\"wp-block-image size-full\"><img loading=\"lazy\" decoding=\"async\" width=\"220\" height=\"38\" src=\"http:\/\/amplitudmodulada.com.ar\/wp-content\/uploads\/2025\/02\/radiorafaela-e1739713642239.png\" alt=\"\" class=\"wp-image-6191\"\/><\/figure>\n\n\n\n<p>Radio Rafaela Digital, el portal de LT28 Radio Rafaela, relanza este lunes 13 de enero su p\u00e1gina web con el objetivo de consolidarse como un referente de la informaci\u00f3n en la provincia de Santa Fe.<\/p>\n\n\n\n<p>Con el respaldo de la experiencia del diario El Litoral, este nuevo cap\u00edtulo marca un avance hacia el futuro, al apostar por la tecnolog\u00eda y la innovaci\u00f3n para brindar una mejor experiencia a los lectores y oyentes.<\/p>\n\n\n\n<p>El renovado sitio web incorpora nuevas herramientas y tecnolog\u00edas que mejoran la experiencia del usuario, desde una mayor velocidad de carga de las noticias hasta un dise\u00f1o optimizado para buscadores.<\/p>\n\n\n\n<p>Ahora, los usuarios podr\u00e1n leer, escuchar y ver contenido en vivo desde los celulares, combinando lo mejor de la radio tradicional, la televisi\u00f3n y los medios digitales en un solo espacio.<\/p>\n\n\n\n<p>LT28 Radio Rafaela, primera emisora de Amplitud Modulada de la ciudad, forma parte de Multimedios Rafaela, que incluye, adem\u00e1s, emisoras de Frecuencia Modulada en Rafaela y Sunchales, Radio Rafaela TV y Radio Rafaela Digital, con una p\u00e1gina web renovada y una presencia s\u00f3lida en redes sociales.<\/p>\n\n\n\n<p>Fuente: <a href=\"http:\/\/www.radiorafaela.com.ar\" data-type=\"link\" data-id=\"www.radiorafaela.com.ar\" target=\"_blank\" rel=\"noreferrer noopener\">www.radiorafaela.com.ar<\/a> | Rafaela &#8211; Santa Fe | 13.01.25<\/p>\n","protected":false},"excerpt":{"rendered":"<p>Radio Rafaela Digital, el portal de LT28 Radio Rafaela, relanza este lunes 13 de enero su p\u00e1gina web con el objetivo de consolidarse como un referente de la informaci\u00f3n en la provincia de Santa Fe. Con el respaldo de la experiencia del diario El Litoral, este nuevo cap\u00edtulo marca un avance hacia el futuro, al &hellip; <a href=\"https:\/\/amplitudmodulada.com.ar\/index.php\/noticia13523\/\" class=\"more-link\">Continu\u00e1 leyendo <span class=\"screen-reader-text\">Radio Rafaela Digital relanza su p\u00e1gina web<\/span><\/a><\/p>\n","protected":false},"author":1,"featured_media":0,"parent":0,"menu_order":0,"comment_status":"closed","ping_status":"closed","template":"","meta":{"footnotes":""},"class_list":["post-6189","page","type-page","status-publish","hentry"],"_links":{"self":[{"href":"https:\/\/amplitudmodulada.com.ar\/index.php\/wp-json\/wp\/v2\/pages\/6189","targetHints":{"allow":["GET"]}}],"collection":[{"href":"https:\/\/amplitudmodulada.com.ar\/index.php\/wp-json\/wp\/v2\/pages"}],"about":[{"href":"https:\/\/amplitudmodulada.com.ar\/index.php\/wp-json\/wp\/v2\/types\/page"}],"author":[{"embeddable":true,"href":"https:\/\/amplitudmodulada.com.ar\/index.php\/wp-json\/wp\/v2\/users\/1"}],"replies":[{"embeddable":true,"href":"https:\/\/amplitudmodulada.com.ar\/index.php\/wp-json\/wp\/v2\/comments?post=6189"}],"version-history":[{"count":2,"href":"https:\/\/amplitudmodulada.com.ar\/index.php\/wp-json\/wp\/v2\/pages\/6189\/revisions"}],"predecessor-version":[{"id":6193,"href":"https:\/\/amplitudmodulada.com.ar\/index.php\/wp-json\/wp\/v2\/pages\/6189\/revisions\/6193"}],"wp:attachment":[{"href":"https:\/\/amplitudmodulada.com.ar\/index.php\/wp-json\/wp\/v2\/media?parent=6189"}],"curies":[{"name":"wp","href":"https:\/\/api.w.org\/{rel}","templated":true}]}}

Radio Rafaela Digital relanza su página web

<figure class="wp-block-image size-full"><img loading="lazy" decoding="async" width="220" height="38" src="http://amplitudmodulada.com.ar/wp-content/uploads/2025/02/radiorafaela-e1739713642239.png" alt="" class="wp-image-6191"/></figure>



<p>Radio Rafaela Digital, el portal de LT28 Radio Rafaela, relanza este lunes 13 de enero su página web con el objetivo de consolidarse como un referente de la información en la provincia de Santa Fe.</p>



<p>Con el respaldo de la experiencia del diario El Litoral, este nuevo capítulo marca un avance hacia el futuro, al apostar por la tecnología y la innovación para brindar una mejor experiencia a los lectores y oyentes.</p>



<p>El renovado sitio web incorpora nuevas herramientas y tecnologías que mejoran la experiencia del usuario, desde una mayor velocidad de carga de las noticias hasta un diseño optimizado para buscadores.</p>



<p>Ahora, los usuarios podrán leer, escuchar y ver contenido en vivo desde los celulares, combinando lo mejor de la radio tradicional, la televisión y los medios digitales en un solo espacio.</p>



<p>LT28 Radio Rafaela, primera emisora de Amplitud Modulada de la ciudad, forma parte de Multimedios Rafaela, que incluye, además, emisoras de Frecuencia Modulada en Rafaela y Sunchales, Radio Rafaela TV y Radio Rafaela Digital, con una página web renovada y una presencia sólida en redes sociales.</p>



<p>Fuente: <a href="http://www.radiorafaela.com.ar" data-type="link" data-id="www.radiorafaela.com.ar" target="_blank" rel="noreferrer noopener">www.radiorafaela.com.ar</a> | Rafaela &#8211; Santa Fe | 13.01.25</p>

<p>Radio Rafaela Digital, el portal de LT28 Radio Rafaela, relanza este lunes 13 de enero su página web con el objetivo de consolidarse como un referente de la información en la provincia de Santa Fe. Con el respaldo de la experiencia del diario El Litoral, este nuevo capítulo marca un avance hacia el futuro, al &hellip; <a href="https://amplitudmodulada.com.ar/index.php/noticia13523/" class="more-link">Continuá leyendo <span class="screen-reader-text">Radio Rafaela Digital relanza su página web</span></a></p>
