{"id":6244,"date":"2025-02-22T11:27:06","date_gmt":"2025-02-22T14:27:06","guid":{"rendered":"https:\/\/amplitudmodulada.com.ar\/?page_id=6244"},"modified":"2025-02-22T11:36:14","modified_gmt":"2025-02-22T14:36:14","slug":"noticia13531","status":"publish","type":"page","link":"https:\/\/amplitudmodulada.com.ar\/index.php\/noticia13531\/","title":{"rendered":"Cadena 3 presenta el documental &#8220;Eliminado&#8221;"},"content":{"rendered":"\n<figure class=\"wp-block-image size-full\"><img loading=\"lazy\" decoding=\"async\" width=\"169\" height=\"55\" src=\"http:\/\/amplitudmodulada.com.ar\/wp-content\/uploads\/2024\/02\/cadena3-e1709142729643.png\" alt=\"\" class=\"wp-image-1072\"\/><\/figure>\n\n\n\n<p>A diez a\u00f1os de la muerte del fiscal Alberto Nisman, Cadena 3 presenta el documental &#8220;Eliminado&#8221;, una producci\u00f3n especial conducida por Guillermo L\u00f3pez.<\/p>\n\n\n\n<p>El documental cuenta con el testimonio de distintos periodistas, investigadores de la causa judicial y distintos actores del mundo judicial y pol\u00edtico.<\/p>\n\n\n\n<p>La producci\u00f3n, que cuenta con la direcci\u00f3n general de Sergio Suppo, estar\u00e1 disponible a partir de este fin de semana en la p\u00e1gina web de Cadena 3 y en las distintas redes sociales de la emisora.<\/p>\n\n\n\n<p>Fuente: <a href=\"http:\/\/www.cadena3.com\" data-type=\"link\" data-id=\"www.cadena3.com\" target=\"_blank\" rel=\"noreferrer noopener\">www.cadena3.com<\/a> | C\u00f3rdoba &#8211; C\u00f3rdoba | 17.01.25<\/p>\n","protected":false},"excerpt":{"rendered":"<p>A diez a\u00f1os de la muerte del fiscal Alberto Nisman, Cadena 3 presenta el documental &#8220;Eliminado&#8221;, una producci\u00f3n especial conducida por Guillermo L\u00f3pez. El documental cuenta con el testimonio de distintos periodistas, investigadores de la causa judicial y distintos actores del mundo judicial y pol\u00edtico. La producci\u00f3n, que cuenta con la direcci\u00f3n general de Sergio &hellip; <a href=\"https:\/\/amplitudmodulada.com.ar\/index.php\/noticia13531\/\" class=\"more-link\">Continu\u00e1 leyendo <span class=\"screen-reader-text\">Cadena 3 presenta el documental &#8220;Eliminado&#8221;<\/span><\/a><\/p>\n","protected":false},"author":1,"featured_media":0,"parent":0,"menu_order":0,"comment_status":"closed","ping_status":"closed","template":"","meta":{"footnotes":""},"class_list":["post-6244","page","type-page","status-publish","hentry"],"_links":{"self":[{"href":"https:\/\/amplitudmodulada.com.ar\/index.php\/wp-json\/wp\/v2\/pages\/6244","targetHints":{"allow":["GET"]}}],"collection":[{"href":"https:\/\/amplitudmodulada.com.ar\/index.php\/wp-json\/wp\/v2\/pages"}],"about":[{"href":"https:\/\/amplitudmodulada.com.ar\/index.php\/wp-json\/wp\/v2\/types\/page"}],"author":[{"embeddable":true,"href":"https:\/\/amplitudmodulada.com.ar\/index.php\/wp-json\/wp\/v2\/users\/1"}],"replies":[{"embeddable":true,"href":"https:\/\/amplitudmodulada.com.ar\/index.php\/wp-json\/wp\/v2\/comments?post=6244"}],"version-history":[{"count":2,"href":"https:\/\/amplitudmodulada.com.ar\/index.php\/wp-json\/wp\/v2\/pages\/6244\/revisions"}],"predecessor-version":[{"id":6247,"href":"https:\/\/amplitudmodulada.com.ar\/index.php\/wp-json\/wp\/v2\/pages\/6244\/revisions\/6247"}],"wp:attachment":[{"href":"https:\/\/amplitudmodulada.com.ar\/index.php\/wp-json\/wp\/v2\/media?parent=6244"}],"curies":[{"name":"wp","href":"https:\/\/api.w.org\/{rel}","templated":true}]}}

<figure class="wp-block-image size-full"><img loading="lazy" decoding="async" width="169" height="55" src="http://amplitudmodulada.com.ar/wp-content/uploads/2024/02/cadena3-e1709142729643.png" alt="" class="wp-image-1072"/></figure>



<p>A diez años de la muerte del fiscal Alberto Nisman, Cadena 3 presenta el documental &#8220;Eliminado&#8221;, una producción especial conducida por Guillermo López.</p>



<p>El documental cuenta con el testimonio de distintos periodistas, investigadores de la causa judicial y distintos actores del mundo judicial y político.</p>



<p>La producción, que cuenta con la dirección general de Sergio Suppo, estará disponible a partir de este fin de semana en la página web de Cadena 3 y en las distintas redes sociales de la emisora.</p>



<p>Fuente: <a href="http://www.cadena3.com" data-type="link" data-id="www.cadena3.com" target="_blank" rel="noreferrer noopener">www.cadena3.com</a> | Córdoba &#8211; Córdoba | 17.01.25</p>

<p>A diez años de la muerte del fiscal Alberto Nisman, Cadena 3 presenta el documental &#8220;Eliminado&#8221;, una producción especial conducida por Guillermo López. El documental cuenta con el testimonio de distintos periodistas, investigadores de la causa judicial y distintos actores del mundo judicial y político. La producción, que cuenta con la dirección general de Sergio &hellip; <a href="https://amplitudmodulada.com.ar/index.php/noticia13531/" class="more-link">Continuá leyendo <span class="screen-reader-text">Cadena 3 presenta el documental &#8220;Eliminado&#8221;</span></a></p>
