{"id":6273,"date":"2025-02-23T13:27:49","date_gmt":"2025-02-23T16:27:49","guid":{"rendered":"https:\/\/amplitudmodulada.com.ar\/?page_id=6273"},"modified":"2025-02-23T13:36:36","modified_gmt":"2025-02-23T16:36:36","slug":"noticia13535","status":"publish","type":"page","link":"https:\/\/amplitudmodulada.com.ar\/index.php\/noticia13535\/","title":{"rendered":"Alejandro Dolina se presentar\u00e1 en Montevideo"},"content":{"rendered":"\n<figure class=\"wp-block-image size-full\"><img loading=\"lazy\" decoding=\"async\" width=\"144\" height=\"75\" src=\"http:\/\/amplitudmodulada.com.ar\/wp-content\/uploads\/2024\/01\/750-e1705525955651.jpg\" alt=\"\" class=\"wp-image-348\"\/><\/figure>\n\n\n\n<p>El escritor y conductor radial Alejandro Dolina presentar\u00e1 &#8220;La Venganza Ser\u00e1 Terrible&#8221;, el hist\u00f3rico ciclo que conduce desde hace cuarenta a\u00f1os, en la ciudad de Montevideo.<\/p>\n\n\n\n<p>La presentaci\u00f3n se concretar\u00e1 el pr\u00f3ximo jueves 27 de febrero en el Auditorio Nacional del Sodre y las entradas se venden a trav\u00e9s de Tickantel.<\/p>\n\n\n\n<p>La presentaci\u00f3n ser\u00e1 grabada y luego emitida por la emisora de Frecuencia Modulada Del Sol de Montevideo.<\/p>\n\n\n\n<p>Como es habitual, la estructura del programa estar\u00e1 dividida en distintos bloques.<\/p>\n\n\n\n<p>El primero comienza con una consigna que abrir\u00e1 el espacio para el humor y la improvisaci\u00f3n, como &#8220;Consejos para tener una luna de miel exitosa&#8221;.<\/p>\n\n\n\n<p>Luego, Alejandro Dolina abordar\u00e1 temas relacionados al arte y la historia y a continuaci\u00f3n retomar\u00e1 el enfoque humor\u00edstico.<\/p>\n\n\n\n<p>El cierre estar\u00e1 a cargo del Tr\u00edo Sin Nombre, que interpreta desde tangos emblem\u00e1ticos hasta cl\u00e1sico del rock.<\/p>\n\n\n\n<p>&#8220;La Venganza Ser\u00e1 Terrible&#8221; se emite habitualmente de martes a s\u00e1bados de 0.00 a 2.00 horas por LRL203 AM 750.<\/p>\n\n\n\n<p>Fuente: <a href=\"http:\/\/www.elpais.com.uy\" data-type=\"link\" data-id=\"www.elpais.com.uy\" target=\"_blank\" rel=\"noreferrer noopener\">www.elpais.com.uy<\/a> | Montevideo &#8211; Uruguay | 20.01.25<\/p>\n","protected":false},"excerpt":{"rendered":"<p>El escritor y conductor radial Alejandro Dolina presentar\u00e1 &#8220;La Venganza Ser\u00e1 Terrible&#8221;, el hist\u00f3rico ciclo que conduce desde hace cuarenta a\u00f1os, en la ciudad de Montevideo. La presentaci\u00f3n se concretar\u00e1 el pr\u00f3ximo jueves 27 de febrero en el Auditorio Nacional del Sodre y las entradas se venden a trav\u00e9s de Tickantel. La presentaci\u00f3n ser\u00e1 grabada &hellip; <a href=\"https:\/\/amplitudmodulada.com.ar\/index.php\/noticia13535\/\" class=\"more-link\">Continu\u00e1 leyendo <span class=\"screen-reader-text\">Alejandro Dolina se presentar\u00e1 en Montevideo<\/span><\/a><\/p>\n","protected":false},"author":1,"featured_media":0,"parent":0,"menu_order":0,"comment_status":"closed","ping_status":"closed","template":"","meta":{"footnotes":""},"class_list":["post-6273","page","type-page","status-publish","hentry"],"_links":{"self":[{"href":"https:\/\/amplitudmodulada.com.ar\/index.php\/wp-json\/wp\/v2\/pages\/6273","targetHints":{"allow":["GET"]}}],"collection":[{"href":"https:\/\/amplitudmodulada.com.ar\/index.php\/wp-json\/wp\/v2\/pages"}],"about":[{"href":"https:\/\/amplitudmodulada.com.ar\/index.php\/wp-json\/wp\/v2\/types\/page"}],"author":[{"embeddable":true,"href":"https:\/\/amplitudmodulada.com.ar\/index.php\/wp-json\/wp\/v2\/users\/1"}],"replies":[{"embeddable":true,"href":"https:\/\/amplitudmodulada.com.ar\/index.php\/wp-json\/wp\/v2\/comments?post=6273"}],"version-history":[{"count":3,"href":"https:\/\/amplitudmodulada.com.ar\/index.php\/wp-json\/wp\/v2\/pages\/6273\/revisions"}],"predecessor-version":[{"id":6278,"href":"https:\/\/amplitudmodulada.com.ar\/index.php\/wp-json\/wp\/v2\/pages\/6273\/revisions\/6278"}],"wp:attachment":[{"href":"https:\/\/amplitudmodulada.com.ar\/index.php\/wp-json\/wp\/v2\/media?parent=6273"}],"curies":[{"name":"wp","href":"https:\/\/api.w.org\/{rel}","templated":true}]}}

Alejandro Dolina se presentará en Montevideo

<figure class="wp-block-image size-full"><img loading="lazy" decoding="async" width="144" height="75" src="http://amplitudmodulada.com.ar/wp-content/uploads/2024/01/750-e1705525955651.jpg" alt="" class="wp-image-348"/></figure>



<p>El escritor y conductor radial Alejandro Dolina presentará &#8220;La Venganza Será Terrible&#8221;, el histórico ciclo que conduce desde hace cuarenta años, en la ciudad de Montevideo.</p>



<p>La presentación se concretará el próximo jueves 27 de febrero en el Auditorio Nacional del Sodre y las entradas se venden a través de Tickantel.</p>



<p>La presentación será grabada y luego emitida por la emisora de Frecuencia Modulada Del Sol de Montevideo.</p>



<p>Como es habitual, la estructura del programa estará dividida en distintos bloques.</p>



<p>El primero comienza con una consigna que abrirá el espacio para el humor y la improvisación, como &#8220;Consejos para tener una luna de miel exitosa&#8221;.</p>



<p>Luego, Alejandro Dolina abordará temas relacionados al arte y la historia y a continuación retomará el enfoque humorístico.</p>



<p>El cierre estará a cargo del Trío Sin Nombre, que interpreta desde tangos emblemáticos hasta clásico del rock.</p>



<p>&#8220;La Venganza Será Terrible&#8221; se emite habitualmente de martes a sábados de 0.00 a 2.00 horas por LRL203 AM 750.</p>



<p>Fuente: <a href="http://www.elpais.com.uy" data-type="link" data-id="www.elpais.com.uy" target="_blank" rel="noreferrer noopener">www.elpais.com.uy</a> | Montevideo &#8211; Uruguay | 20.01.25</p>

<p>El escritor y conductor radial Alejandro Dolina presentará &#8220;La Venganza Será Terrible&#8221;, el histórico ciclo que conduce desde hace cuarenta años, en la ciudad de Montevideo. La presentación se concretará el próximo jueves 27 de febrero en el Auditorio Nacional del Sodre y las entradas se venden a través de Tickantel. La presentación será grabada &hellip; <a href="https://amplitudmodulada.com.ar/index.php/noticia13535/" class="more-link">Continuá leyendo <span class="screen-reader-text">Alejandro Dolina se presentará en Montevideo</span></a></p>
