{"id":6281,"date":"2025-02-24T21:14:51","date_gmt":"2025-02-25T00:14:51","guid":{"rendered":"https:\/\/amplitudmodulada.com.ar\/?page_id=6281"},"modified":"2025-02-24T21:21:30","modified_gmt":"2025-02-25T00:21:30","slug":"noticia13536","status":"publish","type":"page","link":"https:\/\/amplitudmodulada.com.ar\/index.php\/noticia13536\/","title":{"rendered":"Denuncian que Radio Continental a\u00fan no abon\u00f3 los salarios de diciembre"},"content":{"rendered":"\n<figure class=\"wp-block-image size-full\"><img loading=\"lazy\" decoding=\"async\" width=\"178\" height=\"51\" src=\"http:\/\/amplitudmodulada.com.ar\/wp-content\/uploads\/2024\/01\/590-e1704494003192.png\" alt=\"\" class=\"wp-image-14\"\/><\/figure>\n\n\n\n<p>El Sindicato de Prensa de Buenos Aires denunci\u00f3 este martes 21 de enero que LS4 Radio Continental no abon\u00f3 los haberes correspondientes al mes de diciembre.<\/p>\n\n\n\n<p>En ese marco, la entidad sindical se\u00f1al\u00f3, adem\u00e1s, que la emisora tiene saldos pendientes sobre aguinaldos, vacaciones y sumas paritarias.<\/p>\n\n\n\n<p>Radio Continental afronta una grave crisis econ\u00f3mica que incluye distintas medidas de fuerza de su personal ante el reiterado retraso en el pago de los salarios y el abandono de algunas de sus figuras, como Fernando Bravo que, en pocos d\u00edas, debutar\u00e1 en LR6 Radio Mitre.<\/p>\n\n\n\n<p>21.01.25<\/p>\n","protected":false},"excerpt":{"rendered":"<p>El Sindicato de Prensa de Buenos Aires denunci\u00f3 este martes 21 de enero que LS4 Radio Continental no abon\u00f3 los haberes correspondientes al mes de diciembre. En ese marco, la entidad sindical se\u00f1al\u00f3, adem\u00e1s, que la emisora tiene saldos pendientes sobre aguinaldos, vacaciones y sumas paritarias. Radio Continental afronta una grave crisis econ\u00f3mica que incluye &hellip; <a href=\"https:\/\/amplitudmodulada.com.ar\/index.php\/noticia13536\/\" class=\"more-link\">Continu\u00e1 leyendo <span class=\"screen-reader-text\">Denuncian que Radio Continental a\u00fan no abon\u00f3 los salarios de diciembre<\/span><\/a><\/p>\n","protected":false},"author":1,"featured_media":0,"parent":0,"menu_order":0,"comment_status":"closed","ping_status":"closed","template":"","meta":{"footnotes":""},"class_list":["post-6281","page","type-page","status-publish","hentry"],"_links":{"self":[{"href":"https:\/\/amplitudmodulada.com.ar\/index.php\/wp-json\/wp\/v2\/pages\/6281","targetHints":{"allow":["GET"]}}],"collection":[{"href":"https:\/\/amplitudmodulada.com.ar\/index.php\/wp-json\/wp\/v2\/pages"}],"about":[{"href":"https:\/\/amplitudmodulada.com.ar\/index.php\/wp-json\/wp\/v2\/types\/page"}],"author":[{"embeddable":true,"href":"https:\/\/amplitudmodulada.com.ar\/index.php\/wp-json\/wp\/v2\/users\/1"}],"replies":[{"embeddable":true,"href":"https:\/\/amplitudmodulada.com.ar\/index.php\/wp-json\/wp\/v2\/comments?post=6281"}],"version-history":[{"count":2,"href":"https:\/\/amplitudmodulada.com.ar\/index.php\/wp-json\/wp\/v2\/pages\/6281\/revisions"}],"predecessor-version":[{"id":6284,"href":"https:\/\/amplitudmodulada.com.ar\/index.php\/wp-json\/wp\/v2\/pages\/6281\/revisions\/6284"}],"wp:attachment":[{"href":"https:\/\/amplitudmodulada.com.ar\/index.php\/wp-json\/wp\/v2\/media?parent=6281"}],"curies":[{"name":"wp","href":"https:\/\/api.w.org\/{rel}","templated":true}]}}

Denuncian que Radio Continental aún no abonó los salarios de diciembre

<figure class="wp-block-image size-full"><img loading="lazy" decoding="async" width="178" height="51" src="http://amplitudmodulada.com.ar/wp-content/uploads/2024/01/590-e1704494003192.png" alt="" class="wp-image-14"/></figure>



<p>El Sindicato de Prensa de Buenos Aires denunció este martes 21 de enero que LS4 Radio Continental no abonó los haberes correspondientes al mes de diciembre.</p>



<p>En ese marco, la entidad sindical señaló, además, que la emisora tiene saldos pendientes sobre aguinaldos, vacaciones y sumas paritarias.</p>



<p>Radio Continental afronta una grave crisis económica que incluye distintas medidas de fuerza de su personal ante el reiterado retraso en el pago de los salarios y el abandono de algunas de sus figuras, como Fernando Bravo que, en pocos días, debutará en LR6 Radio Mitre.</p>



<p>21.01.25</p>

<p>El Sindicato de Prensa de Buenos Aires denunció este martes 21 de enero que LS4 Radio Continental no abonó los haberes correspondientes al mes de diciembre. En ese marco, la entidad sindical señaló, además, que la emisora tiene saldos pendientes sobre aguinaldos, vacaciones y sumas paritarias. Radio Continental afronta una grave crisis económica que incluye &hellip; <a href="https://amplitudmodulada.com.ar/index.php/noticia13536/" class="more-link">Continuá leyendo <span class="screen-reader-text">Denuncian que Radio Continental aún no abonó los salarios de diciembre</span></a></p>
