{"id":6436,"date":"2025-03-16T20:19:07","date_gmt":"2025-03-16T23:19:07","guid":{"rendered":"https:\/\/amplitudmodulada.com.ar\/?page_id=6436"},"modified":"2025-03-16T20:30:23","modified_gmt":"2025-03-16T23:30:23","slug":"noticia13557","status":"publish","type":"page","link":"https:\/\/amplitudmodulada.com.ar\/index.php\/noticia13557\/","title":{"rendered":"Roban en las instalaciones de LT24 Radio San Nicol\u00e1s"},"content":{"rendered":"\n<figure class=\"wp-block-image size-full\"><img loading=\"lazy\" decoding=\"async\" width=\"122\" height=\"90\" src=\"http:\/\/amplitudmodulada.com.ar\/wp-content\/uploads\/2024\/07\/LT24-e1720304708460.png\" alt=\"\" class=\"wp-image-2450\"\/><\/figure>\n\n\n\n<p>Personal de la Unidad de Prevenci\u00f3n de la Polic\u00eda de San Nicol\u00e1s detuvo a dos hombres luego de que fueran sorprendidos cometiendo un robo en las instalaciones de LT24 Radio San Nicol\u00e1s, ubicadas en la calle Moreno.<\/p>\n\n\n\n<p>Los detenidos, de 29 y 30 a\u00f1os, hab\u00edan ingresado al edificio tras romper una ventana.<\/p>\n\n\n\n<p>De acuerdo a los primeros informes policiales, los delincuentes sustrajeron dos mesas de maderas y un sill\u00f3n puff con estructura met\u00e1lica.<\/p>\n\n\n\n<p>La polic\u00eda logr\u00f3 interceptar a los sospechosos en la calle Lisandro de la Torre, entre Lamadrid y Obligado, tras recibir el alerta de robo.<\/p>\n\n\n\n<p>Tras un largo proceso, en octubre de 2023 fue declarada la quiebra de la empresa que operaba Radio San Nicol\u00e1s y en abril del a\u00f1o siguiente la Justicia declar\u00f3 la clausura y liquidaci\u00f3n de los bienes de la emisora fundada en 1969.<\/p>\n\n\n\n<p>Desde entonces, Radio San Nicolas permanece sin salir al aire.<\/p>\n\n\n\n<p>Fuente: <a href=\"http:\/\/www.opinandosannicolas.ar\" data-type=\"link\" data-id=\"www.opinandosannicolas.ar\" target=\"_blank\" rel=\"noreferrer noopener\">www.opinandosannicolas.ar<\/a> | San Nicol\u00e1s &#8211; Buenos Aires | 04.02.25<\/p>\n\n\n\n<p><\/p>\n","protected":false},"excerpt":{"rendered":"<p>Personal de la Unidad de Prevenci\u00f3n de la Polic\u00eda de San Nicol\u00e1s detuvo a dos hombres luego de que fueran sorprendidos cometiendo un robo en las instalaciones de LT24 Radio San Nicol\u00e1s, ubicadas en la calle Moreno. Los detenidos, de 29 y 30 a\u00f1os, hab\u00edan ingresado al edificio tras romper una ventana. De acuerdo a &hellip; <a href=\"https:\/\/amplitudmodulada.com.ar\/index.php\/noticia13557\/\" class=\"more-link\">Continu\u00e1 leyendo <span class=\"screen-reader-text\">Roban en las instalaciones de LT24 Radio San Nicol\u00e1s<\/span><\/a><\/p>\n","protected":false},"author":1,"featured_media":0,"parent":0,"menu_order":0,"comment_status":"closed","ping_status":"closed","template":"","meta":{"footnotes":""},"class_list":["post-6436","page","type-page","status-publish","hentry"],"_links":{"self":[{"href":"https:\/\/amplitudmodulada.com.ar\/index.php\/wp-json\/wp\/v2\/pages\/6436","targetHints":{"allow":["GET"]}}],"collection":[{"href":"https:\/\/amplitudmodulada.com.ar\/index.php\/wp-json\/wp\/v2\/pages"}],"about":[{"href":"https:\/\/amplitudmodulada.com.ar\/index.php\/wp-json\/wp\/v2\/types\/page"}],"author":[{"embeddable":true,"href":"https:\/\/amplitudmodulada.com.ar\/index.php\/wp-json\/wp\/v2\/users\/1"}],"replies":[{"embeddable":true,"href":"https:\/\/amplitudmodulada.com.ar\/index.php\/wp-json\/wp\/v2\/comments?post=6436"}],"version-history":[{"count":3,"href":"https:\/\/amplitudmodulada.com.ar\/index.php\/wp-json\/wp\/v2\/pages\/6436\/revisions"}],"predecessor-version":[{"id":6440,"href":"https:\/\/amplitudmodulada.com.ar\/index.php\/wp-json\/wp\/v2\/pages\/6436\/revisions\/6440"}],"wp:attachment":[{"href":"https:\/\/amplitudmodulada.com.ar\/index.php\/wp-json\/wp\/v2\/media?parent=6436"}],"curies":[{"name":"wp","href":"https:\/\/api.w.org\/{rel}","templated":true}]}}

Roban en las instalaciones de LT24 Radio San Nicolás

<figure class="wp-block-image size-full"><img loading="lazy" decoding="async" width="122" height="90" src="http://amplitudmodulada.com.ar/wp-content/uploads/2024/07/LT24-e1720304708460.png" alt="" class="wp-image-2450"/></figure>



<p>Personal de la Unidad de Prevención de la Policía de San Nicolás detuvo a dos hombres luego de que fueran sorprendidos cometiendo un robo en las instalaciones de LT24 Radio San Nicolás, ubicadas en la calle Moreno.</p>



<p>Los detenidos, de 29 y 30 años, habían ingresado al edificio tras romper una ventana.</p>



<p>De acuerdo a los primeros informes policiales, los delincuentes sustrajeron dos mesas de maderas y un sillón puff con estructura metálica.</p>



<p>La policía logró interceptar a los sospechosos en la calle Lisandro de la Torre, entre Lamadrid y Obligado, tras recibir el alerta de robo.</p>



<p>Tras un largo proceso, en octubre de 2023 fue declarada la quiebra de la empresa que operaba Radio San Nicolás y en abril del año siguiente la Justicia declaró la clausura y liquidación de los bienes de la emisora fundada en 1969.</p>



<p>Desde entonces, Radio San Nicolas permanece sin salir al aire.</p>



<p>Fuente: <a href="http://www.opinandosannicolas.ar" data-type="link" data-id="www.opinandosannicolas.ar" target="_blank" rel="noreferrer noopener">www.opinandosannicolas.ar</a> | San Nicolás &#8211; Buenos Aires | 04.02.25</p>



<p></p>

<p>Personal de la Unidad de Prevención de la Policía de San Nicolás detuvo a dos hombres luego de que fueran sorprendidos cometiendo un robo en las instalaciones de LT24 Radio San Nicolás, ubicadas en la calle Moreno. Los detenidos, de 29 y 30 años, habían ingresado al edificio tras romper una ventana. De acuerdo a &hellip; <a href="https://amplitudmodulada.com.ar/index.php/noticia13557/" class="more-link">Continuá leyendo <span class="screen-reader-text">Roban en las instalaciones de LT24 Radio San Nicolás</span></a></p>
