{"id":6443,"date":"2025-03-16T20:45:47","date_gmt":"2025-03-16T23:45:47","guid":{"rendered":"https:\/\/amplitudmodulada.com.ar\/?page_id=6443"},"modified":"2025-03-16T20:52:11","modified_gmt":"2025-03-16T23:52:11","slug":"noticia13558","status":"publish","type":"page","link":"https:\/\/amplitudmodulada.com.ar\/index.php\/noticia13558\/","title":{"rendered":"LT7 Radio Provincia de Corrientes sufre interrupciones en su transmisi\u00f3n por los cortes de luz"},"content":{"rendered":"\n<figure class=\"wp-block-image size-full\"><img loading=\"lazy\" decoding=\"async\" width=\"160\" height=\"80\" src=\"http:\/\/amplitudmodulada.com.ar\/wp-content\/uploads\/2024\/04\/LT7-e1713914355626.png\" alt=\"\" class=\"wp-image-1723\"\/><\/figure>\n\n\n\n<p>A ra\u00edz de los numerosos cortes de luz que afectan a la provincia de Corrientes este martes 4 de febrero, la emisi\u00f3n habitual de LT7 Radio Provincia de Corrientes se vio afectada y sufri\u00f3 varias interrupciones.<\/p>\n\n\n\n<p>Los cortes de luz y las bajas de tensi\u00f3n afectaron a la planta transmisora de la emisora de Amplitud Modulada de la ciudad de Corrientes, ubicada en El Sombrero.<\/p>\n\n\n\n<p>A ra\u00edz de este inconveniente, la se\u00f1al de Radio Provincia de Corrientes se interrumpi\u00f3 en algunas zonas donde la se\u00f1al de la emisora llega habitualmente.<\/p>\n\n\n\n<p>Fuente: <a href=\"http:\/\/www.lt7noticias.com\" data-type=\"link\" data-id=\"www.lt7noticias.com\" target=\"_blank\" rel=\"noreferrer noopener\">www.lt7noticias.com<\/a> | Corrientes &#8211; Corrientes | 04.02.25<\/p>\n","protected":false},"excerpt":{"rendered":"<p>A ra\u00edz de los numerosos cortes de luz que afectan a la provincia de Corrientes este martes 4 de febrero, la emisi\u00f3n habitual de LT7 Radio Provincia de Corrientes se vio afectada y sufri\u00f3 varias interrupciones. Los cortes de luz y las bajas de tensi\u00f3n afectaron a la planta transmisora de la emisora de Amplitud &hellip; <a href=\"https:\/\/amplitudmodulada.com.ar\/index.php\/noticia13558\/\" class=\"more-link\">Continu\u00e1 leyendo <span class=\"screen-reader-text\">LT7 Radio Provincia de Corrientes sufre interrupciones en su transmisi\u00f3n por los cortes de luz<\/span><\/a><\/p>\n","protected":false},"author":1,"featured_media":0,"parent":0,"menu_order":0,"comment_status":"closed","ping_status":"closed","template":"","meta":{"footnotes":""},"class_list":["post-6443","page","type-page","status-publish","hentry"],"_links":{"self":[{"href":"https:\/\/amplitudmodulada.com.ar\/index.php\/wp-json\/wp\/v2\/pages\/6443","targetHints":{"allow":["GET"]}}],"collection":[{"href":"https:\/\/amplitudmodulada.com.ar\/index.php\/wp-json\/wp\/v2\/pages"}],"about":[{"href":"https:\/\/amplitudmodulada.com.ar\/index.php\/wp-json\/wp\/v2\/types\/page"}],"author":[{"embeddable":true,"href":"https:\/\/amplitudmodulada.com.ar\/index.php\/wp-json\/wp\/v2\/users\/1"}],"replies":[{"embeddable":true,"href":"https:\/\/amplitudmodulada.com.ar\/index.php\/wp-json\/wp\/v2\/comments?post=6443"}],"version-history":[{"count":3,"href":"https:\/\/amplitudmodulada.com.ar\/index.php\/wp-json\/wp\/v2\/pages\/6443\/revisions"}],"predecessor-version":[{"id":6448,"href":"https:\/\/amplitudmodulada.com.ar\/index.php\/wp-json\/wp\/v2\/pages\/6443\/revisions\/6448"}],"wp:attachment":[{"href":"https:\/\/amplitudmodulada.com.ar\/index.php\/wp-json\/wp\/v2\/media?parent=6443"}],"curies":[{"name":"wp","href":"https:\/\/api.w.org\/{rel}","templated":true}]}}

LT7 Radio Provincia de Corrientes sufre interrupciones en su transmisión por los cortes de luz

<figure class="wp-block-image size-full"><img loading="lazy" decoding="async" width="160" height="80" src="http://amplitudmodulada.com.ar/wp-content/uploads/2024/04/LT7-e1713914355626.png" alt="" class="wp-image-1723"/></figure>



<p>A raíz de los numerosos cortes de luz que afectan a la provincia de Corrientes este martes 4 de febrero, la emisión habitual de LT7 Radio Provincia de Corrientes se vio afectada y sufrió varias interrupciones.</p>



<p>Los cortes de luz y las bajas de tensión afectaron a la planta transmisora de la emisora de Amplitud Modulada de la ciudad de Corrientes, ubicada en El Sombrero.</p>



<p>A raíz de este inconveniente, la señal de Radio Provincia de Corrientes se interrumpió en algunas zonas donde la señal de la emisora llega habitualmente.</p>



<p>Fuente: <a href="http://www.lt7noticias.com" data-type="link" data-id="www.lt7noticias.com" target="_blank" rel="noreferrer noopener">www.lt7noticias.com</a> | Corrientes &#8211; Corrientes | 04.02.25</p>

<p>A raíz de los numerosos cortes de luz que afectan a la provincia de Corrientes este martes 4 de febrero, la emisión habitual de LT7 Radio Provincia de Corrientes se vio afectada y sufrió varias interrupciones. Los cortes de luz y las bajas de tensión afectaron a la planta transmisora de la emisora de Amplitud &hellip; <a href="https://amplitudmodulada.com.ar/index.php/noticia13558/" class="more-link">Continuá leyendo <span class="screen-reader-text">LT7 Radio Provincia de Corrientes sufre interrupciones en su transmisión por los cortes de luz</span></a></p>
