{"id":6464,"date":"2025-03-17T14:32:41","date_gmt":"2025-03-17T17:32:41","guid":{"rendered":"https:\/\/amplitudmodulada.com.ar\/?page_id=6464"},"modified":"2025-03-17T14:33:41","modified_gmt":"2025-03-17T17:33:41","slug":"noticia13561","status":"publish","type":"page","link":"https:\/\/amplitudmodulada.com.ar\/index.php\/noticia13561\/","title":{"rendered":"Disuelven la Secretar\u00eda de Prensa y prorrogan la intervenci\u00f3n de los medios p\u00fablicos"},"content":{"rendered":"\n<figure class=\"wp-block-image size-large is-resized\"><img loading=\"lazy\" decoding=\"async\" width=\"1024\" height=\"215\" src=\"http:\/\/amplitudmodulada.com.ar\/wp-content\/uploads\/2024\/01\/comunicacion-1024x215.png\" alt=\"\" class=\"wp-image-497\" style=\"width:226px;height:auto\"\/><\/figure>\n\n\n\n<p>El vocero presidencial, Manuel Adorni, anunci\u00f3 que el presidente Javier Milei firm\u00f3 un decreto mediante el cual disolvi\u00f3 la Secretar\u00eda de Prensa.<\/p>\n\n\n\n<p>El cargo de Secretario de Prensa estaba vacante desde que el gobierno nacional forz\u00f3 la salida de Eduardo Serenellini, que la semana present\u00f3 la renuncia al cargo por &#8220;motivos personales&#8221;.<\/p>\n\n\n\n<p>Por otra parte, mediante la publicaci\u00f3n en el Bolet\u00edn Oficial de la Decisi\u00f3n Administrativa 5\/2025, qued\u00f3 postergada la intervenci\u00f3n de los medios p\u00fablicos, entre los que se encuentran los que opera Radio y Televisi\u00f3n Argentina y la Agencia de Publicidad del Estado (ex T\u00e9lam).<\/p>\n\n\n\n<p>La pr\u00f3rroga de la intervenci\u00f3n de Radio y Televisi\u00f3n Argentina ser\u00e1 por un a\u00f1o.<\/p>\n\n\n\n<p>04.02.25<\/p>\n","protected":false},"excerpt":{"rendered":"<p>El vocero presidencial, Manuel Adorni, anunci\u00f3 que el presidente Javier Milei firm\u00f3 un decreto mediante el cual disolvi\u00f3 la Secretar\u00eda de Prensa. El cargo de Secretario de Prensa estaba vacante desde que el gobierno nacional forz\u00f3 la salida de Eduardo Serenellini, que la semana present\u00f3 la renuncia al cargo por &#8220;motivos personales&#8221;. Por otra parte, &hellip; <a href=\"https:\/\/amplitudmodulada.com.ar\/index.php\/noticia13561\/\" class=\"more-link\">Continu\u00e1 leyendo <span class=\"screen-reader-text\">Disuelven la Secretar\u00eda de Prensa y prorrogan la intervenci\u00f3n de los medios p\u00fablicos<\/span><\/a><\/p>\n","protected":false},"author":1,"featured_media":0,"parent":0,"menu_order":0,"comment_status":"closed","ping_status":"closed","template":"","meta":{"footnotes":""},"class_list":["post-6464","page","type-page","status-publish","hentry"],"_links":{"self":[{"href":"https:\/\/amplitudmodulada.com.ar\/index.php\/wp-json\/wp\/v2\/pages\/6464","targetHints":{"allow":["GET"]}}],"collection":[{"href":"https:\/\/amplitudmodulada.com.ar\/index.php\/wp-json\/wp\/v2\/pages"}],"about":[{"href":"https:\/\/amplitudmodulada.com.ar\/index.php\/wp-json\/wp\/v2\/types\/page"}],"author":[{"embeddable":true,"href":"https:\/\/amplitudmodulada.com.ar\/index.php\/wp-json\/wp\/v2\/users\/1"}],"replies":[{"embeddable":true,"href":"https:\/\/amplitudmodulada.com.ar\/index.php\/wp-json\/wp\/v2\/comments?post=6464"}],"version-history":[{"count":2,"href":"https:\/\/amplitudmodulada.com.ar\/index.php\/wp-json\/wp\/v2\/pages\/6464\/revisions"}],"predecessor-version":[{"id":6466,"href":"https:\/\/amplitudmodulada.com.ar\/index.php\/wp-json\/wp\/v2\/pages\/6464\/revisions\/6466"}],"wp:attachment":[{"href":"https:\/\/amplitudmodulada.com.ar\/index.php\/wp-json\/wp\/v2\/media?parent=6464"}],"curies":[{"name":"wp","href":"https:\/\/api.w.org\/{rel}","templated":true}]}}