{"id":6483,"date":"2025-03-18T12:13:56","date_gmt":"2025-03-18T15:13:56","guid":{"rendered":"https:\/\/amplitudmodulada.com.ar\/?page_id=6483"},"modified":"2025-03-18T12:22:54","modified_gmt":"2025-03-18T15:22:54","slug":"noticia13564","status":"publish","type":"page","link":"https:\/\/amplitudmodulada.com.ar\/index.php\/noticia13564\/","title":{"rendered":"Radio La Red emitir\u00e1 en 2025 la misma programaci\u00f3n que el a\u00f1o pasado"},"content":{"rendered":"\n<figure class=\"wp-block-image size-full\"><img loading=\"lazy\" decoding=\"async\" width=\"174\" height=\"70\" src=\"http:\/\/amplitudmodulada.com.ar\/wp-content\/uploads\/2024\/07\/910-e1721926290452.png\" alt=\"\" class=\"wp-image-2752\"\/><\/figure>\n\n\n\n<p>LR5 Radio La Red pondr\u00e1 al aire en 2025 la misma programaci\u00f3n que el a\u00f1o pasado. Seg\u00fan las \u00faltimas mediciones de audiencias realizadas por Kantar Ibope Media, la emisora se encuentra en tercer lugar entre las radios de Amplitud Modulada.<\/p>\n\n\n\n<p>La grilla de programaci\u00f3n de Radio La Red durante este 2025 ser\u00e1 la siguiente:<\/p>\n\n\n\n<p>\u00b7 De 6.00 a 10.00 horas: &#8220;Vilouta 910&#8221;, con Paulo Vilouta.<\/p>\n\n\n\n<p>\u00b7 De 10.00 a 14.00 horas: &#8220;L\u00f3pez 910&#8221;, con Gustavo L\u00f3pez.<\/p>\n\n\n\n<p>\u00b7 De 14.00 a 16.00 horas: &#8220;MP 910&#8221;, con Marcelo Palacios.<\/p>\n\n\n\n<p>\u00b7 De 16.00 a 18.00 horas: &#8220;Pastor 910&#8221;, con Facundo Pastor.<\/p>\n\n\n\n<p>\u00b7 De 18.00 a 21.00 horas: &#8220;Un Buen Momento&#8221;, con Marcelo Palacios.<\/p>\n\n\n\n<p>&#8221; De 21.00 a 24.00 horas: &#8220;F\u00fatbol 910&#8221;, con Juan Carlos Toti Pasman.<\/p>\n\n\n\n<p>Asimismo, los fines de semana seguir\u00e1n al aire los ciclos de Eduardo Aliverti, Clara Mari\u00f1o, Facundo Pastor y Walter Nelson, adem\u00e1s de las transmisiones de f\u00fatbol de primera divisi\u00f3n.<\/p>\n\n\n\n<p>Fuente: <a href=\"http:\/\/www.lanacion.com.ar\" data-type=\"link\" data-id=\"www.lanacion.com.ar\" target=\"_blank\" rel=\"noreferrer noopener\">www.lanacion.com.ar<\/a> | Ciudad Aut\u00f3noma de Buenos Aires | 05.02.25<\/p>\n","protected":false},"excerpt":{"rendered":"<p>LR5 Radio La Red pondr\u00e1 al aire en 2025 la misma programaci\u00f3n que el a\u00f1o pasado. Seg\u00fan las \u00faltimas mediciones de audiencias realizadas por Kantar Ibope Media, la emisora se encuentra en tercer lugar entre las radios de Amplitud Modulada. La grilla de programaci\u00f3n de Radio La Red durante este 2025 ser\u00e1 la siguiente: \u00b7 &hellip; <a href=\"https:\/\/amplitudmodulada.com.ar\/index.php\/noticia13564\/\" class=\"more-link\">Continu\u00e1 leyendo <span class=\"screen-reader-text\">Radio La Red emitir\u00e1 en 2025 la misma programaci\u00f3n que el a\u00f1o pasado<\/span><\/a><\/p>\n","protected":false},"author":1,"featured_media":0,"parent":0,"menu_order":0,"comment_status":"closed","ping_status":"closed","template":"","meta":{"footnotes":""},"class_list":["post-6483","page","type-page","status-publish","hentry"],"_links":{"self":[{"href":"https:\/\/amplitudmodulada.com.ar\/index.php\/wp-json\/wp\/v2\/pages\/6483","targetHints":{"allow":["GET"]}}],"collection":[{"href":"https:\/\/amplitudmodulada.com.ar\/index.php\/wp-json\/wp\/v2\/pages"}],"about":[{"href":"https:\/\/amplitudmodulada.com.ar\/index.php\/wp-json\/wp\/v2\/types\/page"}],"author":[{"embeddable":true,"href":"https:\/\/amplitudmodulada.com.ar\/index.php\/wp-json\/wp\/v2\/users\/1"}],"replies":[{"embeddable":true,"href":"https:\/\/amplitudmodulada.com.ar\/index.php\/wp-json\/wp\/v2\/comments?post=6483"}],"version-history":[{"count":2,"href":"https:\/\/amplitudmodulada.com.ar\/index.php\/wp-json\/wp\/v2\/pages\/6483\/revisions"}],"predecessor-version":[{"id":6486,"href":"https:\/\/amplitudmodulada.com.ar\/index.php\/wp-json\/wp\/v2\/pages\/6483\/revisions\/6486"}],"wp:attachment":[{"href":"https:\/\/amplitudmodulada.com.ar\/index.php\/wp-json\/wp\/v2\/media?parent=6483"}],"curies":[{"name":"wp","href":"https:\/\/api.w.org\/{rel}","templated":true}]}}

Radio La Red emitirá en 2025 la misma programación que el año pasado

<figure class="wp-block-image size-full"><img loading="lazy" decoding="async" width="174" height="70" src="http://amplitudmodulada.com.ar/wp-content/uploads/2024/07/910-e1721926290452.png" alt="" class="wp-image-2752"/></figure>



<p>LR5 Radio La Red pondrá al aire en 2025 la misma programación que el año pasado. Según las últimas mediciones de audiencias realizadas por Kantar Ibope Media, la emisora se encuentra en tercer lugar entre las radios de Amplitud Modulada.</p>



<p>La grilla de programación de Radio La Red durante este 2025 será la siguiente:</p>



<p>· De 6.00 a 10.00 horas: &#8220;Vilouta 910&#8221;, con Paulo Vilouta.</p>



<p>· De 10.00 a 14.00 horas: &#8220;López 910&#8221;, con Gustavo López.</p>



<p>· De 14.00 a 16.00 horas: &#8220;MP 910&#8221;, con Marcelo Palacios.</p>



<p>· De 16.00 a 18.00 horas: &#8220;Pastor 910&#8221;, con Facundo Pastor.</p>



<p>· De 18.00 a 21.00 horas: &#8220;Un Buen Momento&#8221;, con Marcelo Palacios.</p>



<p>&#8221; De 21.00 a 24.00 horas: &#8220;Fútbol 910&#8221;, con Juan Carlos Toti Pasman.</p>



<p>Asimismo, los fines de semana seguirán al aire los ciclos de Eduardo Aliverti, Clara Mariño, Facundo Pastor y Walter Nelson, además de las transmisiones de fútbol de primera división.</p>



<p>Fuente: <a href="http://www.lanacion.com.ar" data-type="link" data-id="www.lanacion.com.ar" target="_blank" rel="noreferrer noopener">www.lanacion.com.ar</a> | Ciudad Autónoma de Buenos Aires | 05.02.25</p>

<p>LR5 Radio La Red pondrá al aire en 2025 la misma programación que el año pasado. Según las últimas mediciones de audiencias realizadas por Kantar Ibope Media, la emisora se encuentra en tercer lugar entre las radios de Amplitud Modulada. La grilla de programación de Radio La Red durante este 2025 será la siguiente: · &hellip; <a href="https://amplitudmodulada.com.ar/index.php/noticia13564/" class="more-link">Continuá leyendo <span class="screen-reader-text">Radio La Red emitirá en 2025 la misma programación que el año pasado</span></a></p>
