{"id":6510,"date":"2025-03-19T11:50:26","date_gmt":"2025-03-19T14:50:26","guid":{"rendered":"https:\/\/amplitudmodulada.com.ar\/?page_id=6510"},"modified":"2025-03-19T11:57:00","modified_gmt":"2025-03-19T14:57:00","slug":"noticia13568","status":"publish","type":"page","link":"https:\/\/amplitudmodulada.com.ar\/index.php\/noticia13568\/","title":{"rendered":"El periodista deportivo Hern\u00e1n Castillo fue desvinculado de Radio Continental"},"content":{"rendered":"\n<figure class=\"wp-block-image size-full\"><img loading=\"lazy\" decoding=\"async\" width=\"178\" height=\"51\" src=\"http:\/\/amplitudmodulada.com.ar\/wp-content\/uploads\/2024\/01\/590-e1704494003192.png\" alt=\"\" class=\"wp-image-14\"\/><\/figure>\n\n\n\n<p>A trav\u00e9s de la red social X, el periodista deportivo Hern\u00e1n Castillo denunci\u00f3 este mi\u00e9rcoles que fue desvinculado de LS4 Radio Continental.<\/p>\n\n\n\n<p>&#8220;Ayer fui a Radio Continental a hacer el programa y me dijeron que los nuevos due\u00f1os lo hab\u00eda levantado&#8221;, explic\u00f3 en X Hern\u00e1n Castillo.<\/p>\n\n\n\n<p>En ese marco, el periodista expres\u00f3 sus dudas acerca de los motivos ya que &#8220;es el programa m\u00e1s escuchado de la radio y el m\u00e1s visto en YouTube&#8221;.<\/p>\n\n\n\n<p>Para confirmar sus dudas, a\u00f1adi\u00f3 que &#8220;hoy parece que s\u00ed hay programa, pero yo no voy a estar&#8221;.<\/p>\n\n\n\n<p>05.02.25<\/p>\n","protected":false},"excerpt":{"rendered":"<p>A trav\u00e9s de la red social X, el periodista deportivo Hern\u00e1n Castillo denunci\u00f3 este mi\u00e9rcoles que fue desvinculado de LS4 Radio Continental. &#8220;Ayer fui a Radio Continental a hacer el programa y me dijeron que los nuevos due\u00f1os lo hab\u00eda levantado&#8221;, explic\u00f3 en X Hern\u00e1n Castillo. En ese marco, el periodista expres\u00f3 sus dudas acerca &hellip; <a href=\"https:\/\/amplitudmodulada.com.ar\/index.php\/noticia13568\/\" class=\"more-link\">Continu\u00e1 leyendo <span class=\"screen-reader-text\">El periodista deportivo Hern\u00e1n Castillo fue desvinculado de Radio Continental<\/span><\/a><\/p>\n","protected":false},"author":1,"featured_media":0,"parent":0,"menu_order":0,"comment_status":"closed","ping_status":"closed","template":"","meta":{"footnotes":""},"class_list":["post-6510","page","type-page","status-publish","hentry"],"_links":{"self":[{"href":"https:\/\/amplitudmodulada.com.ar\/index.php\/wp-json\/wp\/v2\/pages\/6510","targetHints":{"allow":["GET"]}}],"collection":[{"href":"https:\/\/amplitudmodulada.com.ar\/index.php\/wp-json\/wp\/v2\/pages"}],"about":[{"href":"https:\/\/amplitudmodulada.com.ar\/index.php\/wp-json\/wp\/v2\/types\/page"}],"author":[{"embeddable":true,"href":"https:\/\/amplitudmodulada.com.ar\/index.php\/wp-json\/wp\/v2\/users\/1"}],"replies":[{"embeddable":true,"href":"https:\/\/amplitudmodulada.com.ar\/index.php\/wp-json\/wp\/v2\/comments?post=6510"}],"version-history":[{"count":3,"href":"https:\/\/amplitudmodulada.com.ar\/index.php\/wp-json\/wp\/v2\/pages\/6510\/revisions"}],"predecessor-version":[{"id":6515,"href":"https:\/\/amplitudmodulada.com.ar\/index.php\/wp-json\/wp\/v2\/pages\/6510\/revisions\/6515"}],"wp:attachment":[{"href":"https:\/\/amplitudmodulada.com.ar\/index.php\/wp-json\/wp\/v2\/media?parent=6510"}],"curies":[{"name":"wp","href":"https:\/\/api.w.org\/{rel}","templated":true}]}}

El periodista deportivo Hernán Castillo fue desvinculado de Radio Continental

<figure class="wp-block-image size-full"><img loading="lazy" decoding="async" width="178" height="51" src="http://amplitudmodulada.com.ar/wp-content/uploads/2024/01/590-e1704494003192.png" alt="" class="wp-image-14"/></figure>



<p>A través de la red social X, el periodista deportivo Hernán Castillo denunció este miércoles que fue desvinculado de LS4 Radio Continental.</p>



<p>&#8220;Ayer fui a Radio Continental a hacer el programa y me dijeron que los nuevos dueños lo había levantado&#8221;, explicó en X Hernán Castillo.</p>



<p>En ese marco, el periodista expresó sus dudas acerca de los motivos ya que &#8220;es el programa más escuchado de la radio y el más visto en YouTube&#8221;.</p>



<p>Para confirmar sus dudas, añadió que &#8220;hoy parece que sí hay programa, pero yo no voy a estar&#8221;.</p>



<p>05.02.25</p>

<p>A través de la red social X, el periodista deportivo Hernán Castillo denunció este miércoles que fue desvinculado de LS4 Radio Continental. &#8220;Ayer fui a Radio Continental a hacer el programa y me dijeron que los nuevos dueños lo había levantado&#8221;, explicó en X Hernán Castillo. En ese marco, el periodista expresó sus dudas acerca &hellip; <a href="https://amplitudmodulada.com.ar/index.php/noticia13568/" class="more-link">Continuá leyendo <span class="screen-reader-text">El periodista deportivo Hernán Castillo fue desvinculado de Radio Continental</span></a></p>
