{"id":6544,"date":"2025-03-19T16:45:31","date_gmt":"2025-03-19T19:45:31","guid":{"rendered":"https:\/\/amplitudmodulada.com.ar\/?page_id=6544"},"modified":"2025-03-19T16:53:30","modified_gmt":"2025-03-19T19:53:30","slug":"noticia13572","status":"publish","type":"page","link":"https:\/\/amplitudmodulada.com.ar\/index.php\/noticia13572\/","title":{"rendered":"Fallece el locutor y periodista F\u00e9lix Lolo Bauducco"},"content":{"rendered":"\n<figure class=\"wp-block-image size-full\"><img loading=\"lazy\" decoding=\"async\" width=\"147\" height=\"80\" src=\"http:\/\/amplitudmodulada.com.ar\/wp-content\/uploads\/2024\/02\/LT28-e1708188456951.png\" alt=\"\" class=\"wp-image-844\"\/><\/figure>\n\n\n\n<p>A los 86 a\u00f1os de edad, falleci\u00f3 este lunes 10 de febrero el locutor y periodista F\u00e9lix Lolo Bauducco, voz emblem\u00e1tica de la radiodifusi\u00f3n de Rafaela.<\/p>\n\n\n\n<p>Nacido el 3 de agosto de 1938, en Humberto Primo, provincia de Santa Fe, F\u00e9lix Bauducco desarroll\u00f3 su carrera profesional en Rafaela.<\/p>\n\n\n\n<p>En LT28 Radio Rafaela se desempe\u00f1\u00f3 desde 1970, a\u00f1o de su fundaci\u00f3n, hasta 2003, cuando decidi\u00f3 emprender su propio proyecto personal.<\/p>\n\n\n\n<p>En esa emisora, condujo programas como &#8220;Todo Ritmo&#8221; y &#8220;Los Anti Siestas, con M\u00fasica, Valses y Algo M\u00e1s&#8221;, tambi\u00e9n conocido en verano como &#8220;Tomando Sol&#8221;.<\/p>\n\n\n\n<p>Fuente: <a href=\"http:\/\/www.radiorafaela.com.ar\" data-type=\"link\" data-id=\"www.radiorafaela.com.ar\" target=\"_blank\" rel=\"noreferrer noopener\">www.radiorafaela.com.ar<\/a> | Rafaela &#8211; Santa Fe | 10.02.25 <\/p>\n","protected":false},"excerpt":{"rendered":"<p>A los 86 a\u00f1os de edad, falleci\u00f3 este lunes 10 de febrero el locutor y periodista F\u00e9lix Lolo Bauducco, voz emblem\u00e1tica de la radiodifusi\u00f3n de Rafaela. Nacido el 3 de agosto de 1938, en Humberto Primo, provincia de Santa Fe, F\u00e9lix Bauducco desarroll\u00f3 su carrera profesional en Rafaela. En LT28 Radio Rafaela se desempe\u00f1\u00f3 desde &hellip; <a href=\"https:\/\/amplitudmodulada.com.ar\/index.php\/noticia13572\/\" class=\"more-link\">Continu\u00e1 leyendo <span class=\"screen-reader-text\">Fallece el locutor y periodista F\u00e9lix Lolo Bauducco<\/span><\/a><\/p>\n","protected":false},"author":1,"featured_media":0,"parent":0,"menu_order":0,"comment_status":"closed","ping_status":"closed","template":"","meta":{"footnotes":""},"class_list":["post-6544","page","type-page","status-publish","hentry"],"_links":{"self":[{"href":"https:\/\/amplitudmodulada.com.ar\/index.php\/wp-json\/wp\/v2\/pages\/6544","targetHints":{"allow":["GET"]}}],"collection":[{"href":"https:\/\/amplitudmodulada.com.ar\/index.php\/wp-json\/wp\/v2\/pages"}],"about":[{"href":"https:\/\/amplitudmodulada.com.ar\/index.php\/wp-json\/wp\/v2\/types\/page"}],"author":[{"embeddable":true,"href":"https:\/\/amplitudmodulada.com.ar\/index.php\/wp-json\/wp\/v2\/users\/1"}],"replies":[{"embeddable":true,"href":"https:\/\/amplitudmodulada.com.ar\/index.php\/wp-json\/wp\/v2\/comments?post=6544"}],"version-history":[{"count":3,"href":"https:\/\/amplitudmodulada.com.ar\/index.php\/wp-json\/wp\/v2\/pages\/6544\/revisions"}],"predecessor-version":[{"id":6548,"href":"https:\/\/amplitudmodulada.com.ar\/index.php\/wp-json\/wp\/v2\/pages\/6544\/revisions\/6548"}],"wp:attachment":[{"href":"https:\/\/amplitudmodulada.com.ar\/index.php\/wp-json\/wp\/v2\/media?parent=6544"}],"curies":[{"name":"wp","href":"https:\/\/api.w.org\/{rel}","templated":true}]}}

Fallece el locutor y periodista Félix Lolo Bauducco

<figure class="wp-block-image size-full"><img loading="lazy" decoding="async" width="147" height="80" src="http://amplitudmodulada.com.ar/wp-content/uploads/2024/02/LT28-e1708188456951.png" alt="" class="wp-image-844"/></figure>



<p>A los 86 años de edad, falleció este lunes 10 de febrero el locutor y periodista Félix Lolo Bauducco, voz emblemática de la radiodifusión de Rafaela.</p>



<p>Nacido el 3 de agosto de 1938, en Humberto Primo, provincia de Santa Fe, Félix Bauducco desarrolló su carrera profesional en Rafaela.</p>



<p>En LT28 Radio Rafaela se desempeñó desde 1970, año de su fundación, hasta 2003, cuando decidió emprender su propio proyecto personal.</p>



<p>En esa emisora, condujo programas como &#8220;Todo Ritmo&#8221; y &#8220;Los Anti Siestas, con Música, Valses y Algo Más&#8221;, también conocido en verano como &#8220;Tomando Sol&#8221;.</p>



<p>Fuente: <a href="http://www.radiorafaela.com.ar" data-type="link" data-id="www.radiorafaela.com.ar" target="_blank" rel="noreferrer noopener">www.radiorafaela.com.ar</a> | Rafaela &#8211; Santa Fe | 10.02.25 </p>

<p>A los 86 años de edad, falleció este lunes 10 de febrero el locutor y periodista Félix Lolo Bauducco, voz emblemática de la radiodifusión de Rafaela. Nacido el 3 de agosto de 1938, en Humberto Primo, provincia de Santa Fe, Félix Bauducco desarrolló su carrera profesional en Rafaela. En LT28 Radio Rafaela se desempeñó desde &hellip; <a href="https://amplitudmodulada.com.ar/index.php/noticia13572/" class="more-link">Continuá leyendo <span class="screen-reader-text">Fallece el locutor y periodista Félix Lolo Bauducco</span></a></p>
