{"id":6563,"date":"2025-03-20T13:41:49","date_gmt":"2025-03-20T16:41:49","guid":{"rendered":"https:\/\/amplitudmodulada.com.ar\/?page_id=6563"},"modified":"2025-03-20T13:53:12","modified_gmt":"2025-03-20T16:53:12","slug":"noticia13575","status":"publish","type":"page","link":"https:\/\/amplitudmodulada.com.ar\/index.php\/noticia13575\/","title":{"rendered":"FM En Tr\u00e1nsito inaugur\u00f3 un nuevo estudio de streaming"},"content":{"rendered":"\n<figure class=\"wp-block-image size-full\"><img loading=\"lazy\" decoding=\"async\" width=\"113\" height=\"110\" src=\"http:\/\/amplitudmodulada.com.ar\/wp-content\/uploads\/2024\/09\/entransito-e1727464856290.png\" alt=\"\" class=\"wp-image-4069\"\/><\/figure>\n\n\n\n<p>La emisora cooperativa FM En Tr\u00e1nsito present\u00f3 su nuevo estudio, disponible para podcast, producci\u00f3n de contenido y transmisiones en vivo para todas las plataformas y redes sociales.<\/p>\n\n\n\n<p>&#8220;Si bien seguimos apostando a la radio y siempre la vamos a defender, vimos que el streaming tambi\u00e9n ten\u00eda algo interesante por explorar&#8221;, explic\u00f3 Dani Mor\u00e1n, integrante de la cooperativa que opera la emisora.<\/p>\n\n\n\n<p>FM En Tr\u00e1nsito fue creada por un grupo de estudiantes de periodismo y su primera emisi\u00f3n fue el 9 de julio de 1987.<\/p>\n\n\n\n<p>La emisora cooperativa sale al aire desde la localidad de Castelar, partido de Mor\u00f3n, en 93.9 Mhz.<\/p>\n\n\n\n<p>Fuente: <a href=\"http:\/\/www.castelar-digital.com.ar\" data-type=\"link\" data-id=\"www.castelar-digital.com.ar\" target=\"_blank\" rel=\"noreferrer noopener\">www.castelar-digital.com.ar<\/a> | Castelar &#8211; Buenos Aires | 11.02.25<\/p>\n","protected":false},"excerpt":{"rendered":"<p>La emisora cooperativa FM En Tr\u00e1nsito present\u00f3 su nuevo estudio, disponible para podcast, producci\u00f3n de contenido y transmisiones en vivo para todas las plataformas y redes sociales. &#8220;Si bien seguimos apostando a la radio y siempre la vamos a defender, vimos que el streaming tambi\u00e9n ten\u00eda algo interesante por explorar&#8221;, explic\u00f3 Dani Mor\u00e1n, integrante de &hellip; <a href=\"https:\/\/amplitudmodulada.com.ar\/index.php\/noticia13575\/\" class=\"more-link\">Continu\u00e1 leyendo <span class=\"screen-reader-text\">FM En Tr\u00e1nsito inaugur\u00f3 un nuevo estudio de streaming<\/span><\/a><\/p>\n","protected":false},"author":1,"featured_media":0,"parent":0,"menu_order":0,"comment_status":"closed","ping_status":"closed","template":"","meta":{"footnotes":""},"class_list":["post-6563","page","type-page","status-publish","hentry"],"_links":{"self":[{"href":"https:\/\/amplitudmodulada.com.ar\/index.php\/wp-json\/wp\/v2\/pages\/6563","targetHints":{"allow":["GET"]}}],"collection":[{"href":"https:\/\/amplitudmodulada.com.ar\/index.php\/wp-json\/wp\/v2\/pages"}],"about":[{"href":"https:\/\/amplitudmodulada.com.ar\/index.php\/wp-json\/wp\/v2\/types\/page"}],"author":[{"embeddable":true,"href":"https:\/\/amplitudmodulada.com.ar\/index.php\/wp-json\/wp\/v2\/users\/1"}],"replies":[{"embeddable":true,"href":"https:\/\/amplitudmodulada.com.ar\/index.php\/wp-json\/wp\/v2\/comments?post=6563"}],"version-history":[{"count":3,"href":"https:\/\/amplitudmodulada.com.ar\/index.php\/wp-json\/wp\/v2\/pages\/6563\/revisions"}],"predecessor-version":[{"id":6567,"href":"https:\/\/amplitudmodulada.com.ar\/index.php\/wp-json\/wp\/v2\/pages\/6563\/revisions\/6567"}],"wp:attachment":[{"href":"https:\/\/amplitudmodulada.com.ar\/index.php\/wp-json\/wp\/v2\/media?parent=6563"}],"curies":[{"name":"wp","href":"https:\/\/api.w.org\/{rel}","templated":true}]}}

FM En Tránsito inauguró un nuevo estudio de streaming

<figure class="wp-block-image size-full"><img loading="lazy" decoding="async" width="113" height="110" src="http://amplitudmodulada.com.ar/wp-content/uploads/2024/09/entransito-e1727464856290.png" alt="" class="wp-image-4069"/></figure>



<p>La emisora cooperativa FM En Tránsito presentó su nuevo estudio, disponible para podcast, producción de contenido y transmisiones en vivo para todas las plataformas y redes sociales.</p>



<p>&#8220;Si bien seguimos apostando a la radio y siempre la vamos a defender, vimos que el streaming también tenía algo interesante por explorar&#8221;, explicó Dani Morán, integrante de la cooperativa que opera la emisora.</p>



<p>FM En Tránsito fue creada por un grupo de estudiantes de periodismo y su primera emisión fue el 9 de julio de 1987.</p>



<p>La emisora cooperativa sale al aire desde la localidad de Castelar, partido de Morón, en 93.9 Mhz.</p>



<p>Fuente: <a href="http://www.castelar-digital.com.ar" data-type="link" data-id="www.castelar-digital.com.ar" target="_blank" rel="noreferrer noopener">www.castelar-digital.com.ar</a> | Castelar &#8211; Buenos Aires | 11.02.25</p>

<p>La emisora cooperativa FM En Tránsito presentó su nuevo estudio, disponible para podcast, producción de contenido y transmisiones en vivo para todas las plataformas y redes sociales. &#8220;Si bien seguimos apostando a la radio y siempre la vamos a defender, vimos que el streaming también tenía algo interesante por explorar&#8221;, explicó Dani Morán, integrante de &hellip; <a href="https://amplitudmodulada.com.ar/index.php/noticia13575/" class="more-link">Continuá leyendo <span class="screen-reader-text">FM En Tránsito inauguró un nuevo estudio de streaming</span></a></p>
