{"id":6600,"date":"2025-03-22T18:13:38","date_gmt":"2025-03-22T21:13:38","guid":{"rendered":"https:\/\/amplitudmodulada.com.ar\/?page_id=6600"},"modified":"2025-03-22T18:14:50","modified_gmt":"2025-03-22T21:14:50","slug":"noticia13581","status":"publish","type":"page","link":"https:\/\/amplitudmodulada.com.ar\/index.php\/noticia13581\/","title":{"rendered":"Detienen a dos hombres por robar en la sede de LT24 Radio San Nicol\u00e1s"},"content":{"rendered":"\n<figure class=\"wp-block-image size-full\"><img loading=\"lazy\" decoding=\"async\" width=\"122\" height=\"90\" src=\"http:\/\/amplitudmodulada.com.ar\/wp-content\/uploads\/2024\/07\/LT24-e1720304708460.png\" alt=\"\" class=\"wp-image-2450\"\/><\/figure>\n\n\n\n<p>En el d\u00eda de ayer, jueves 13 de febrero, personal policial detuvo a dos hombres que ingresaron a robar a la sede de LT24 Radio San Nicol\u00e1s.<\/p>\n\n\n\n<p>Seg\u00fan explicaron fuentes policiales, los detenidos, de 26 y 27 a\u00f1os, sustrajeron de la emisora un aparato de radio antiguo.<\/p>\n\n\n\n<p>La sede Radio San Nicol\u00e1s, que permanece sin salir al aire desde el a\u00f1o pasado, fue v\u00edctima en los \u00faltimos d\u00edas de otros dos hechos delictivos.<\/p>\n\n\n\n<p>El pasado 4 de febrero, dos delincuentes ingresaron por una ventana y se llevaron unos muebles, en tanto que recientemente se encontraron en la sede de la emisora a personas en situaci\u00f3n de calle que la utilizaban como vivienda.<\/p>\n\n\n\n<p>Fuente: <a href=\"http:\/\/www.diarioelnorte.com.ar\" data-type=\"link\" data-id=\"www.diarioelnorte.com.ar\" target=\"_blank\" rel=\"noreferrer noopener\">www.diarioelnorte.com.ar<\/a> | San Nicol\u00e1s &#8211; Buenos Aires | 14.02.25<\/p>\n","protected":false},"excerpt":{"rendered":"<p>En el d\u00eda de ayer, jueves 13 de febrero, personal policial detuvo a dos hombres que ingresaron a robar a la sede de LT24 Radio San Nicol\u00e1s. Seg\u00fan explicaron fuentes policiales, los detenidos, de 26 y 27 a\u00f1os, sustrajeron de la emisora un aparato de radio antiguo. La sede Radio San Nicol\u00e1s, que permanece sin &hellip; <a href=\"https:\/\/amplitudmodulada.com.ar\/index.php\/noticia13581\/\" class=\"more-link\">Continu\u00e1 leyendo <span class=\"screen-reader-text\">Detienen a dos hombres por robar en la sede de LT24 Radio San Nicol\u00e1s<\/span><\/a><\/p>\n","protected":false},"author":1,"featured_media":0,"parent":0,"menu_order":0,"comment_status":"closed","ping_status":"closed","template":"","meta":{"footnotes":""},"class_list":["post-6600","page","type-page","status-publish","hentry"],"_links":{"self":[{"href":"https:\/\/amplitudmodulada.com.ar\/index.php\/wp-json\/wp\/v2\/pages\/6600","targetHints":{"allow":["GET"]}}],"collection":[{"href":"https:\/\/amplitudmodulada.com.ar\/index.php\/wp-json\/wp\/v2\/pages"}],"about":[{"href":"https:\/\/amplitudmodulada.com.ar\/index.php\/wp-json\/wp\/v2\/types\/page"}],"author":[{"embeddable":true,"href":"https:\/\/amplitudmodulada.com.ar\/index.php\/wp-json\/wp\/v2\/users\/1"}],"replies":[{"embeddable":true,"href":"https:\/\/amplitudmodulada.com.ar\/index.php\/wp-json\/wp\/v2\/comments?post=6600"}],"version-history":[{"count":3,"href":"https:\/\/amplitudmodulada.com.ar\/index.php\/wp-json\/wp\/v2\/pages\/6600\/revisions"}],"predecessor-version":[{"id":6603,"href":"https:\/\/amplitudmodulada.com.ar\/index.php\/wp-json\/wp\/v2\/pages\/6600\/revisions\/6603"}],"wp:attachment":[{"href":"https:\/\/amplitudmodulada.com.ar\/index.php\/wp-json\/wp\/v2\/media?parent=6600"}],"curies":[{"name":"wp","href":"https:\/\/api.w.org\/{rel}","templated":true}]}}

Detienen a dos hombres por robar en la sede de LT24 Radio San Nicolás

<figure class="wp-block-image size-full"><img loading="lazy" decoding="async" width="122" height="90" src="http://amplitudmodulada.com.ar/wp-content/uploads/2024/07/LT24-e1720304708460.png" alt="" class="wp-image-2450"/></figure>



<p>En el día de ayer, jueves 13 de febrero, personal policial detuvo a dos hombres que ingresaron a robar a la sede de LT24 Radio San Nicolás.</p>



<p>Según explicaron fuentes policiales, los detenidos, de 26 y 27 años, sustrajeron de la emisora un aparato de radio antiguo.</p>



<p>La sede Radio San Nicolás, que permanece sin salir al aire desde el año pasado, fue víctima en los últimos días de otros dos hechos delictivos.</p>



<p>El pasado 4 de febrero, dos delincuentes ingresaron por una ventana y se llevaron unos muebles, en tanto que recientemente se encontraron en la sede de la emisora a personas en situación de calle que la utilizaban como vivienda.</p>



<p>Fuente: <a href="http://www.diarioelnorte.com.ar" data-type="link" data-id="www.diarioelnorte.com.ar" target="_blank" rel="noreferrer noopener">www.diarioelnorte.com.ar</a> | San Nicolás &#8211; Buenos Aires | 14.02.25</p>

<p>En el día de ayer, jueves 13 de febrero, personal policial detuvo a dos hombres que ingresaron a robar a la sede de LT24 Radio San Nicolás. Según explicaron fuentes policiales, los detenidos, de 26 y 27 años, sustrajeron de la emisora un aparato de radio antiguo. La sede Radio San Nicolás, que permanece sin &hellip; <a href="https://amplitudmodulada.com.ar/index.php/noticia13581/" class="more-link">Continuá leyendo <span class="screen-reader-text">Detienen a dos hombres por robar en la sede de LT24 Radio San Nicolás</span></a></p>
