{"id":6743,"date":"2025-04-13T19:27:51","date_gmt":"2025-04-13T22:27:51","guid":{"rendered":"https:\/\/amplitudmodulada.com.ar\/?page_id=6743"},"modified":"2025-04-13T19:36:08","modified_gmt":"2025-04-13T22:36:08","slug":"noticia1359o","status":"publish","type":"page","link":"https:\/\/amplitudmodulada.com.ar\/index.php\/noticia1359o\/","title":{"rendered":"\u00b4"},"content":{"rendered":"\n<figure class=\"wp-block-image size-full\"><img loading=\"lazy\" decoding=\"async\" width=\"108\" height=\"100\" src=\"http:\/\/amplitudmodulada.com.ar\/wp-content\/uploads\/2025\/01\/1190-e1736939892706.png\" alt=\"\" class=\"wp-image-5412\"\/><\/figure>\n\n\n\n<p>Luego de su pol\u00e9mica salida de LS5 Radio Rivadavia, qued\u00f3 confirmado que el periodista Marcelo Longobardi estar\u00e1 a partir del lunes 3 de marzo en LR9 Radio Perfil.<\/p>\n\n\n\n<p>El periodista estar\u00e1 de lunes a viernes de 7.00 a 8.00 horas en simult\u00e1neo por Radio Perfil y Net TV y, adem\u00e1s, participar\u00e1 del pase con Jorge Fontevecchia, en un intercambio de ideas y opiniones a partir de las 10.00 horas.<\/p>\n\n\n\n<p>Heredera de la desaparecida Radio Am\u00e9rica, Radio Perfil sale al aire en 1190 Khz.<\/p>\n\n\n\n<p>Fuente: <a href=\"http:\/\/www.expedientepolitico.com.ar\" data-type=\"link\" data-id=\"www.expedientepolitico.com.ar\" target=\"_blank\" rel=\"noreferrer noopener\">www.expedientepolitico.com.ar<\/a> | Ciudad Aut\u00f3noma de Buenos Aires | 24.02.25<\/p>\n","protected":false},"excerpt":{"rendered":"<p>Luego de su pol\u00e9mica salida de LS5 Radio Rivadavia, qued\u00f3 confirmado que el periodista Marcelo Longobardi estar\u00e1 a partir del lunes 3 de marzo en LR9 Radio Perfil. El periodista estar\u00e1 de lunes a viernes de 7.00 a 8.00 horas en simult\u00e1neo por Radio Perfil y Net TV y, adem\u00e1s, participar\u00e1 del pase con Jorge &hellip; <a href=\"https:\/\/amplitudmodulada.com.ar\/index.php\/noticia1359o\/\" class=\"more-link\">Continu\u00e1 leyendo <span class=\"screen-reader-text\">\u00b4<\/span><\/a><\/p>\n","protected":false},"author":1,"featured_media":0,"parent":0,"menu_order":0,"comment_status":"closed","ping_status":"closed","template":"","meta":{"footnotes":""},"class_list":["post-6743","page","type-page","status-publish","hentry"],"_links":{"self":[{"href":"https:\/\/amplitudmodulada.com.ar\/index.php\/wp-json\/wp\/v2\/pages\/6743","targetHints":{"allow":["GET"]}}],"collection":[{"href":"https:\/\/amplitudmodulada.com.ar\/index.php\/wp-json\/wp\/v2\/pages"}],"about":[{"href":"https:\/\/amplitudmodulada.com.ar\/index.php\/wp-json\/wp\/v2\/types\/page"}],"author":[{"embeddable":true,"href":"https:\/\/amplitudmodulada.com.ar\/index.php\/wp-json\/wp\/v2\/users\/1"}],"replies":[{"embeddable":true,"href":"https:\/\/amplitudmodulada.com.ar\/index.php\/wp-json\/wp\/v2\/comments?post=6743"}],"version-history":[{"count":4,"href":"https:\/\/amplitudmodulada.com.ar\/index.php\/wp-json\/wp\/v2\/pages\/6743\/revisions"}],"predecessor-version":[{"id":6749,"href":"https:\/\/amplitudmodulada.com.ar\/index.php\/wp-json\/wp\/v2\/pages\/6743\/revisions\/6749"}],"wp:attachment":[{"href":"https:\/\/amplitudmodulada.com.ar\/index.php\/wp-json\/wp\/v2\/media?parent=6743"}],"curies":[{"name":"wp","href":"https:\/\/api.w.org\/{rel}","templated":true}]}}

<figure class="wp-block-image size-full"><img loading="lazy" decoding="async" width="108" height="100" src="http://amplitudmodulada.com.ar/wp-content/uploads/2025/01/1190-e1736939892706.png" alt="" class="wp-image-5412"/></figure>



<p>Luego de su polémica salida de LS5 Radio Rivadavia, quedó confirmado que el periodista Marcelo Longobardi estará a partir del lunes 3 de marzo en LR9 Radio Perfil.</p>



<p>El periodista estará de lunes a viernes de 7.00 a 8.00 horas en simultáneo por Radio Perfil y Net TV y, además, participará del pase con Jorge Fontevecchia, en un intercambio de ideas y opiniones a partir de las 10.00 horas.</p>



<p>Heredera de la desaparecida Radio América, Radio Perfil sale al aire en 1190 Khz.</p>



<p>Fuente: <a href="http://www.expedientepolitico.com.ar" data-type="link" data-id="www.expedientepolitico.com.ar" target="_blank" rel="noreferrer noopener">www.expedientepolitico.com.ar</a> | Ciudad Autónoma de Buenos Aires | 24.02.25</p>

<p>Luego de su polémica salida de LS5 Radio Rivadavia, quedó confirmado que el periodista Marcelo Longobardi estará a partir del lunes 3 de marzo en LR9 Radio Perfil. El periodista estará de lunes a viernes de 7.00 a 8.00 horas en simultáneo por Radio Perfil y Net TV y, además, participará del pase con Jorge &hellip; <a href="https://amplitudmodulada.com.ar/index.php/noticia1359o/" class="more-link">Continuá leyendo <span class="screen-reader-text">´</span></a></p>
