{"id":6788,"date":"2025-04-17T21:28:02","date_gmt":"2025-04-18T00:28:02","guid":{"rendered":"https:\/\/amplitudmodulada.com.ar\/?page_id=6788"},"modified":"2025-04-17T21:36:56","modified_gmt":"2025-04-18T00:36:56","slug":"noticia13604","status":"publish","type":"page","link":"https:\/\/amplitudmodulada.com.ar\/index.php\/noticia13604\/","title":{"rendered":"Docentes de la Escuela Secundaria Rural N\u00ba 3 visitaron LW8 Radio Visi\u00f3n Jujuy"},"content":{"rendered":"\n<figure class=\"wp-block-image size-full\"><img loading=\"lazy\" decoding=\"async\" width=\"102\" height=\"80\" src=\"http:\/\/amplitudmodulada.com.ar\/wp-content\/uploads\/2024\/01\/LW8-e1705421653931.png\" alt=\"\" class=\"wp-image-313\"\/><\/figure>\n\n\n\n<p>Docentes de la Escuela Secundaria Rural N\u00ba 3 visitaron este mi\u00e9rcoles y jueves las instalaciones de LW8 Radio Visi\u00f3n Jujuy, ubicadas en la calle Doctor Horacio Guzm\u00e1n 496 del barrio Mariano Moreno.<\/p>\n\n\n\n<p>El grupo de docentes conoci\u00f3 las oficinas del multimedio que opera la emisora y se interiorizaron de su funcionamiento.<\/p>\n\n\n\n<p>Durante ambas jornadas, los trabajadores de la educaci\u00f3n dialogaron con periodistas, locutores, productores y operadores de la radio para conocer los detalles de c\u00f3mo se realiza una transmisi\u00f3n, c\u00f2mo comunicar y c\u00f3mo informar.<\/p>\n\n\n\n<p>Los docentes buscan vincular las comunidades en donde desarrollan su labor con la radio, concibiendo este medio de comunicaci\u00f3n como una herramienta pedag\u00f3gica tanto para los educadores como para los alumnos.<\/p>\n\n\n\n<p>Tambi\u00e9n analizan que la radio puede ayudarlos en la lecto-escritura y la oratoria, pilares fundamentales para el desarrollo del proceso educativo.<\/p>\n\n\n\n<p>Fuente: <a href=\"http:\/\/www.somostelam.com.ar\" data-type=\"link\" data-id=\"www.somostelam.com.ar\" target=\"_blank\" rel=\"noreferrer noopener\">www.somosjujuy.com.ar<\/a> | San Salvador de Jujuy &#8211; Jujuy | 27.02.25<\/p>\n","protected":false},"excerpt":{"rendered":"<p>Docentes de la Escuela Secundaria Rural N\u00ba 3 visitaron este mi\u00e9rcoles y jueves las instalaciones de LW8 Radio Visi\u00f3n Jujuy, ubicadas en la calle Doctor Horacio Guzm\u00e1n 496 del barrio Mariano Moreno. El grupo de docentes conoci\u00f3 las oficinas del multimedio que opera la emisora y se interiorizaron de su funcionamiento. Durante ambas jornadas, los &hellip; <a href=\"https:\/\/amplitudmodulada.com.ar\/index.php\/noticia13604\/\" class=\"more-link\">Continu\u00e1 leyendo <span class=\"screen-reader-text\">Docentes de la Escuela Secundaria Rural N\u00ba 3 visitaron LW8 Radio Visi\u00f3n Jujuy<\/span><\/a><\/p>\n","protected":false},"author":1,"featured_media":0,"parent":0,"menu_order":0,"comment_status":"closed","ping_status":"closed","template":"","meta":{"footnotes":""},"class_list":["post-6788","page","type-page","status-publish","hentry"],"_links":{"self":[{"href":"https:\/\/amplitudmodulada.com.ar\/index.php\/wp-json\/wp\/v2\/pages\/6788","targetHints":{"allow":["GET"]}}],"collection":[{"href":"https:\/\/amplitudmodulada.com.ar\/index.php\/wp-json\/wp\/v2\/pages"}],"about":[{"href":"https:\/\/amplitudmodulada.com.ar\/index.php\/wp-json\/wp\/v2\/types\/page"}],"author":[{"embeddable":true,"href":"https:\/\/amplitudmodulada.com.ar\/index.php\/wp-json\/wp\/v2\/users\/1"}],"replies":[{"embeddable":true,"href":"https:\/\/amplitudmodulada.com.ar\/index.php\/wp-json\/wp\/v2\/comments?post=6788"}],"version-history":[{"count":2,"href":"https:\/\/amplitudmodulada.com.ar\/index.php\/wp-json\/wp\/v2\/pages\/6788\/revisions"}],"predecessor-version":[{"id":6791,"href":"https:\/\/amplitudmodulada.com.ar\/index.php\/wp-json\/wp\/v2\/pages\/6788\/revisions\/6791"}],"wp:attachment":[{"href":"https:\/\/amplitudmodulada.com.ar\/index.php\/wp-json\/wp\/v2\/media?parent=6788"}],"curies":[{"name":"wp","href":"https:\/\/api.w.org\/{rel}","templated":true}]}}

Docentes de la Escuela Secundaria Rural Nº 3 visitaron LW8 Radio Visión Jujuy

<figure class="wp-block-image size-full"><img loading="lazy" decoding="async" width="102" height="80" src="http://amplitudmodulada.com.ar/wp-content/uploads/2024/01/LW8-e1705421653931.png" alt="" class="wp-image-313"/></figure>



<p>Docentes de la Escuela Secundaria Rural Nº 3 visitaron este miércoles y jueves las instalaciones de LW8 Radio Visión Jujuy, ubicadas en la calle Doctor Horacio Guzmán 496 del barrio Mariano Moreno.</p>



<p>El grupo de docentes conoció las oficinas del multimedio que opera la emisora y se interiorizaron de su funcionamiento.</p>



<p>Durante ambas jornadas, los trabajadores de la educación dialogaron con periodistas, locutores, productores y operadores de la radio para conocer los detalles de cómo se realiza una transmisión, còmo comunicar y cómo informar.</p>



<p>Los docentes buscan vincular las comunidades en donde desarrollan su labor con la radio, concibiendo este medio de comunicación como una herramienta pedagógica tanto para los educadores como para los alumnos.</p>



<p>También analizan que la radio puede ayudarlos en la lecto-escritura y la oratoria, pilares fundamentales para el desarrollo del proceso educativo.</p>



<p>Fuente: <a href="http://www.somostelam.com.ar" data-type="link" data-id="www.somostelam.com.ar" target="_blank" rel="noreferrer noopener">www.somosjujuy.com.ar</a> | San Salvador de Jujuy &#8211; Jujuy | 27.02.25</p>

<p>Docentes de la Escuela Secundaria Rural Nº 3 visitaron este miércoles y jueves las instalaciones de LW8 Radio Visión Jujuy, ubicadas en la calle Doctor Horacio Guzmán 496 del barrio Mariano Moreno. El grupo de docentes conoció las oficinas del multimedio que opera la emisora y se interiorizaron de su funcionamiento. Durante ambas jornadas, los &hellip; <a href="https://amplitudmodulada.com.ar/index.php/noticia13604/" class="more-link">Continuá leyendo <span class="screen-reader-text">Docentes de la Escuela Secundaria Rural Nº 3 visitaron LW8 Radio Visión Jujuy</span></a></p>
