{"id":6801,"date":"2025-04-18T16:43:20","date_gmt":"2025-04-18T19:43:20","guid":{"rendered":"https:\/\/amplitudmodulada.com.ar\/?page_id=6801"},"modified":"2025-04-18T16:50:20","modified_gmt":"2025-04-18T19:50:20","slug":"noticia13606","status":"publish","type":"page","link":"https:\/\/amplitudmodulada.com.ar\/index.php\/noticia13606\/","title":{"rendered":"La locutora Fernanda Dambrine se despide de LT14 tras cuarenta y tres a\u00f1os de labor"},"content":{"rendered":"\n<figure class=\"wp-block-image size-full\"><img loading=\"lazy\" decoding=\"async\" width=\"118\" height=\"110\" src=\"http:\/\/amplitudmodulada.com.ar\/wp-content\/uploads\/2024\/01\/LT14-e1705584631210.png\" alt=\"\" class=\"wp-image-440\"\/><\/figure>\n\n\n\n<p>La locutora Fernanda Dambrine se despide este jueves 27 de febrero de LT14 Radio General Urquiza de Paran\u00e1 tras cuarenta y tres de labor en esa emisora.<\/p>\n\n\n\n<p>Para despedirse, Fernanda Dambrine realizar\u00e1 este jueves la \u00faltima edici\u00f3n al frente de su programa &#8220;Si nos Dejan&#8221; de 14.00 a 14.30 horas.<\/p>\n\n\n\n<p>Adem\u00e1s, se despedir\u00e1 este viernes de 11.00 a 12.00 horas, momento en el que la locutora recordar\u00e1 los cuarenta y tres a\u00f1os en Radio General Urquiza.<\/p>\n\n\n\n<p>&#8220;Te voy a extra\u00f1ar mi bella LT14. Mi segunda casa, mi c\u00f3mplice y todo. Mi refugio en momentos dif\u00edciles en los que al abrirse el micr\u00f3fono se encend\u00eda la magia. Gracias&#8221;, escribi\u00f3 la locutora en redes sociales.<\/p>\n\n\n\n<p>Radio General Urquiza sale al aire en 1260 Khz. y este a\u00f1o cumplir\u00e1 ochenta en el aire.<\/p>\n\n\n\n<p>Fuente: <a href=\"http:\/\/www.elonce.com\" data-type=\"link\" data-id=\"www.elonce.com\" target=\"_blank\" rel=\"noreferrer noopener\">www.elonce.com<\/a> | Paran\u00e1 &#8211; Entre R\u00edos | 27.02.25<\/p>\n","protected":false},"excerpt":{"rendered":"<p>La locutora Fernanda Dambrine se despide este jueves 27 de febrero de LT14 Radio General Urquiza de Paran\u00e1 tras cuarenta y tres de labor en esa emisora. Para despedirse, Fernanda Dambrine realizar\u00e1 este jueves la \u00faltima edici\u00f3n al frente de su programa &#8220;Si nos Dejan&#8221; de 14.00 a 14.30 horas. Adem\u00e1s, se despedir\u00e1 este viernes &hellip; <a href=\"https:\/\/amplitudmodulada.com.ar\/index.php\/noticia13606\/\" class=\"more-link\">Continu\u00e1 leyendo <span class=\"screen-reader-text\">La locutora Fernanda Dambrine se despide de LT14 tras cuarenta y tres a\u00f1os de labor<\/span><\/a><\/p>\n","protected":false},"author":1,"featured_media":0,"parent":0,"menu_order":0,"comment_status":"closed","ping_status":"closed","template":"","meta":{"footnotes":""},"class_list":["post-6801","page","type-page","status-publish","hentry"],"_links":{"self":[{"href":"https:\/\/amplitudmodulada.com.ar\/index.php\/wp-json\/wp\/v2\/pages\/6801","targetHints":{"allow":["GET"]}}],"collection":[{"href":"https:\/\/amplitudmodulada.com.ar\/index.php\/wp-json\/wp\/v2\/pages"}],"about":[{"href":"https:\/\/amplitudmodulada.com.ar\/index.php\/wp-json\/wp\/v2\/types\/page"}],"author":[{"embeddable":true,"href":"https:\/\/amplitudmodulada.com.ar\/index.php\/wp-json\/wp\/v2\/users\/1"}],"replies":[{"embeddable":true,"href":"https:\/\/amplitudmodulada.com.ar\/index.php\/wp-json\/wp\/v2\/comments?post=6801"}],"version-history":[{"count":2,"href":"https:\/\/amplitudmodulada.com.ar\/index.php\/wp-json\/wp\/v2\/pages\/6801\/revisions"}],"predecessor-version":[{"id":6804,"href":"https:\/\/amplitudmodulada.com.ar\/index.php\/wp-json\/wp\/v2\/pages\/6801\/revisions\/6804"}],"wp:attachment":[{"href":"https:\/\/amplitudmodulada.com.ar\/index.php\/wp-json\/wp\/v2\/media?parent=6801"}],"curies":[{"name":"wp","href":"https:\/\/api.w.org\/{rel}","templated":true}]}}