{"id":6813,"date":"2025-04-19T12:57:31","date_gmt":"2025-04-19T15:57:31","guid":{"rendered":"https:\/\/amplitudmodulada.com.ar\/?page_id=6813"},"modified":"2025-04-19T13:10:24","modified_gmt":"2025-04-19T16:10:24","slug":"noticia13608","status":"publish","type":"page","link":"https:\/\/amplitudmodulada.com.ar\/index.php\/noticia13608\/","title":{"rendered":"Cadena 3 renueva este lunes su grilla de programaci\u00f3n"},"content":{"rendered":"\n<figure class=\"wp-block-image size-full\"><img loading=\"lazy\" decoding=\"async\" width=\"169\" height=\"55\" src=\"http:\/\/amplitudmodulada.com.ar\/wp-content\/uploads\/2024\/02\/cadena3-e1709142729643.png\" alt=\"\" class=\"wp-image-1072\"\/><\/figure>\n\n\n\n<p>Cadena 3 presenta este lunes 3 de marzo una grilla de programaci\u00f3n renovada que combina propuestas innovadoras, ajustes en los horarios de sus ciclos m\u00e1s emblem\u00e1ticos y el lanzamiento de nuevos espacios.<\/p>\n\n\n\n<p>La programaci\u00f3n que pondr\u00e1 al aire Cadena 3 de lunes a viernes a partir de la pr\u00f3xima semana ser\u00e1 la siguiente:<\/p>\n\n\n\n<p>\u00b7 De 5.00 a 6.00 horas: &#8220;Primera Plana&#8221; con Luis Fern\u00e1ndez Echegaray.<\/p>\n\n\n\n<p>\u00b7 De 6.00 a 8.30 horas: Radioinforme 3&#8243;, con Miguel Clari\u00e1.<\/p>\n\n\n\n<p>\u00b7 De 8.30 a 12.00 horas: &#8220;Siempre Juntos&#8221;, con Guillermo Hemmerling.<\/p>\n\n\n\n<p>\u00b7 De 12.00 a 14.00 horas: &#8220;Ahora Pa\u00eds&#8221;, con Rodolfo Barili.<\/p>\n\n\n\n<p>\u00b7 De 14.00 a 14.30 horas: &#8220;La Argentina Posible&#8221;.<\/p>\n\n\n\n<p>\u00b7 De 14.30 a 18.00 horas: &#8220;Viva la Radio&#8221;, con Ra\u00fal Monti.<\/p>\n\n\n\n<p>\u00b7 De 18.00 a 19.30 horas: &#8220;Informados al Regreso&#8221;, con Luis Fern\u00e1ndez Echegaray.<\/p>\n\n\n\n<p>\u00b7 De 19.30 a 20.00 horas: &#8220;La Argentina Hoy&#8221;, con Sergio Suppo.<\/p>\n\n\n\n<p>\u00b7 De 20.00 a 21.00 horas: &#8220;La Cadena del Gol&#8221;.<\/p>\n\n\n\n<p>\u00b7 De 21.00 a 23.30 horas: &#8220;Turno Noche&#8221;, con Gustavo Vinderola.<\/p>\n\n\n\n<p>\u00b7 De 23.30 a 24.00 horas: &#8220;Resumen 3&#8221;, con Agust\u00edn Gonz\u00e1lez.<\/p>\n\n\n\n<p>Fuente: <a href=\"http:\/\/www.cadena3.com\" data-type=\"link\" data-id=\"www.cadena3.com\" target=\"_blank\" rel=\"noreferrer noopener\">www.cadena3.com<\/a> | C\u00f3rdoba &#8211; C\u00f3rdoba | 28.02.25<\/p>\n\n\n\n<p>&#8211;<\/p>\n","protected":false},"excerpt":{"rendered":"<p>Cadena 3 presenta este lunes 3 de marzo una grilla de programaci\u00f3n renovada que combina propuestas innovadoras, ajustes en los horarios de sus ciclos m\u00e1s emblem\u00e1ticos y el lanzamiento de nuevos espacios. La programaci\u00f3n que pondr\u00e1 al aire Cadena 3 de lunes a viernes a partir de la pr\u00f3xima semana ser\u00e1 la siguiente: \u00b7 De &hellip; <a href=\"https:\/\/amplitudmodulada.com.ar\/index.php\/noticia13608\/\" class=\"more-link\">Continu\u00e1 leyendo <span class=\"screen-reader-text\">Cadena 3 renueva este lunes su grilla de programaci\u00f3n<\/span><\/a><\/p>\n","protected":false},"author":1,"featured_media":0,"parent":0,"menu_order":0,"comment_status":"closed","ping_status":"closed","template":"","meta":{"footnotes":""},"class_list":["post-6813","page","type-page","status-publish","hentry"],"_links":{"self":[{"href":"https:\/\/amplitudmodulada.com.ar\/index.php\/wp-json\/wp\/v2\/pages\/6813","targetHints":{"allow":["GET"]}}],"collection":[{"href":"https:\/\/amplitudmodulada.com.ar\/index.php\/wp-json\/wp\/v2\/pages"}],"about":[{"href":"https:\/\/amplitudmodulada.com.ar\/index.php\/wp-json\/wp\/v2\/types\/page"}],"author":[{"embeddable":true,"href":"https:\/\/amplitudmodulada.com.ar\/index.php\/wp-json\/wp\/v2\/users\/1"}],"replies":[{"embeddable":true,"href":"https:\/\/amplitudmodulada.com.ar\/index.php\/wp-json\/wp\/v2\/comments?post=6813"}],"version-history":[{"count":3,"href":"https:\/\/amplitudmodulada.com.ar\/index.php\/wp-json\/wp\/v2\/pages\/6813\/revisions"}],"predecessor-version":[{"id":6818,"href":"https:\/\/amplitudmodulada.com.ar\/index.php\/wp-json\/wp\/v2\/pages\/6813\/revisions\/6818"}],"wp:attachment":[{"href":"https:\/\/amplitudmodulada.com.ar\/index.php\/wp-json\/wp\/v2\/media?parent=6813"}],"curies":[{"name":"wp","href":"https:\/\/api.w.org\/{rel}","templated":true}]}}