{"id":6830,"date":"2025-04-19T13:51:34","date_gmt":"2025-04-19T16:51:34","guid":{"rendered":"https:\/\/amplitudmodulada.com.ar\/?page_id=6830"},"modified":"2025-04-19T18:15:41","modified_gmt":"2025-04-19T21:15:41","slug":"noticia13610","status":"publish","type":"page","link":"https:\/\/amplitudmodulada.com.ar\/index.php\/noticia13610\/","title":{"rendered":"Detienen a un hombre tras robar una computadora en las instalaciones de LT24 Radio San Nicol\u00e1s"},"content":{"rendered":"\n<figure class=\"wp-block-image size-full\"><img loading=\"lazy\" decoding=\"async\" width=\"122\" height=\"90\" src=\"http:\/\/amplitudmodulada.com.ar\/wp-content\/uploads\/2024\/07\/LT24-e1720304708460.png\" alt=\"\" class=\"wp-image-2450\"\/><\/figure>\n\n\n\n<p>Efectivos de la Unidad de Prevenci\u00f3n de Polic\u00eda Local detuvieron este lunes a un hombre de veintiocho a\u00f1os tras ser identificado como el autor del hurto de una computadora de las instalaciones en donde funcionaba LT24 Radio San Nicol\u00e1s.<\/p>\n\n\n\n<p>Minutos despu\u00e9s de que el hombre ingresara a la emisora y sustrajera la computadora, el personal policial logr\u00f3 interceptarlo en la v\u00eda p\u00fablica y procedi\u00f3 a su detenci\u00f3n.<\/p>\n\n\n\n<p>La Unidad Funcional de Instrucci\u00f3n N\u00ba 13 del Departamento Judicial de San Nicol\u00e1s intervino en la causa y dispuso la notificaci\u00f3n del art\u00edculo 60 del C\u00f3digo Penal y el cumplimiento de los recaudos legales correspondientes.<\/p>\n\n\n\n<p>Fuente: <a href=\"http:\/\/www.diarioelnorte.com.ar\" data-type=\"link\" data-id=\"www.diarioelnorte.com.ar\" target=\"_blank\" rel=\"noreferrer noopener\">www.diarioelnorte.com.ar<\/a> | San Nicol\u00e1s &#8211; Buenos Aires | 03.03.25<\/p>\n","protected":false},"excerpt":{"rendered":"<p>Efectivos de la Unidad de Prevenci\u00f3n de Polic\u00eda Local detuvieron este lunes a un hombre de veintiocho a\u00f1os tras ser identificado como el autor del hurto de una computadora de las instalaciones en donde funcionaba LT24 Radio San Nicol\u00e1s. Minutos despu\u00e9s de que el hombre ingresara a la emisora y sustrajera la computadora, el personal &hellip; <a href=\"https:\/\/amplitudmodulada.com.ar\/index.php\/noticia13610\/\" class=\"more-link\">Continu\u00e1 leyendo <span class=\"screen-reader-text\">Detienen a un hombre tras robar una computadora en las instalaciones de LT24 Radio San Nicol\u00e1s<\/span><\/a><\/p>\n","protected":false},"author":1,"featured_media":0,"parent":0,"menu_order":0,"comment_status":"closed","ping_status":"closed","template":"","meta":{"footnotes":""},"class_list":["post-6830","page","type-page","status-publish","hentry"],"_links":{"self":[{"href":"https:\/\/amplitudmodulada.com.ar\/index.php\/wp-json\/wp\/v2\/pages\/6830","targetHints":{"allow":["GET"]}}],"collection":[{"href":"https:\/\/amplitudmodulada.com.ar\/index.php\/wp-json\/wp\/v2\/pages"}],"about":[{"href":"https:\/\/amplitudmodulada.com.ar\/index.php\/wp-json\/wp\/v2\/types\/page"}],"author":[{"embeddable":true,"href":"https:\/\/amplitudmodulada.com.ar\/index.php\/wp-json\/wp\/v2\/users\/1"}],"replies":[{"embeddable":true,"href":"https:\/\/amplitudmodulada.com.ar\/index.php\/wp-json\/wp\/v2\/comments?post=6830"}],"version-history":[{"count":4,"href":"https:\/\/amplitudmodulada.com.ar\/index.php\/wp-json\/wp\/v2\/pages\/6830\/revisions"}],"predecessor-version":[{"id":6836,"href":"https:\/\/amplitudmodulada.com.ar\/index.php\/wp-json\/wp\/v2\/pages\/6830\/revisions\/6836"}],"wp:attachment":[{"href":"https:\/\/amplitudmodulada.com.ar\/index.php\/wp-json\/wp\/v2\/media?parent=6830"}],"curies":[{"name":"wp","href":"https:\/\/api.w.org\/{rel}","templated":true}]}}

Detienen a un hombre tras robar una computadora en las instalaciones de LT24 Radio San Nicolás

<figure class="wp-block-image size-full"><img loading="lazy" decoding="async" width="122" height="90" src="http://amplitudmodulada.com.ar/wp-content/uploads/2024/07/LT24-e1720304708460.png" alt="" class="wp-image-2450"/></figure>



<p>Efectivos de la Unidad de Prevención de Policía Local detuvieron este lunes a un hombre de veintiocho años tras ser identificado como el autor del hurto de una computadora de las instalaciones en donde funcionaba LT24 Radio San Nicolás.</p>



<p>Minutos después de que el hombre ingresara a la emisora y sustrajera la computadora, el personal policial logró interceptarlo en la vía pública y procedió a su detención.</p>



<p>La Unidad Funcional de Instrucción Nº 13 del Departamento Judicial de San Nicolás intervino en la causa y dispuso la notificación del artículo 60 del Código Penal y el cumplimiento de los recaudos legales correspondientes.</p>



<p>Fuente: <a href="http://www.diarioelnorte.com.ar" data-type="link" data-id="www.diarioelnorte.com.ar" target="_blank" rel="noreferrer noopener">www.diarioelnorte.com.ar</a> | San Nicolás &#8211; Buenos Aires | 03.03.25</p>

<p>Efectivos de la Unidad de Prevención de Policía Local detuvieron este lunes a un hombre de veintiocho años tras ser identificado como el autor del hurto de una computadora de las instalaciones en donde funcionaba LT24 Radio San Nicolás. Minutos después de que el hombre ingresara a la emisora y sustrajera la computadora, el personal &hellip; <a href="https://amplitudmodulada.com.ar/index.php/noticia13610/" class="more-link">Continuá leyendo <span class="screen-reader-text">Detienen a un hombre tras robar una computadora en las instalaciones de LT24 Radio San Nicolás</span></a></p>
