{"id":6958,"date":"2025-04-24T18:45:42","date_gmt":"2025-04-24T21:45:42","guid":{"rendered":"https:\/\/amplitudmodulada.com.ar\/?page_id=6958"},"modified":"2025-04-24T18:52:58","modified_gmt":"2025-04-24T21:52:58","slug":"noticia13628","status":"publish","type":"page","link":"https:\/\/amplitudmodulada.com.ar\/index.php\/noticia13628\/","title":{"rendered":"Vuelve al aire AM 1240 Cadena Uno"},"content":{"rendered":"\n<figure class=\"wp-block-image size-full\"><img loading=\"lazy\" decoding=\"async\" width=\"163\" height=\"90\" src=\"http:\/\/amplitudmodulada.com.ar\/wp-content\/uploads\/2025\/04\/1240-e1745531253378.png\" alt=\"\" class=\"wp-image-6961\"\/><\/figure>\n\n\n\n<p>Seg\u00fan destaca este fin de semana el sitio de Facebook Argentina en AM y FM, volvi\u00f3 al aire recientemente AM 1240 Cadena Uno, emisora con estudios en la Ciudad de Buenos Aires.<\/p>\n\n\n\n<p>Argentina en AM y FM recuerda que Cadena Uno durante los \u00faltimos a\u00f1os se ha caracterizado por la irregularidad de sus transmisiones, siendo constantes sus desapariciones del dial.<\/p>\n\n\n\n<p>Cadena Uno inici\u00f3 su actividad el 26 de noviembre de 2013 y se encuentra inscripta en el Censo de Medios instrumentado por la Autoridad Federal de Servicios de Comunicaci\u00f3n Audiovisual a trav\u00e9s de la Resoluci\u00f3n N\u00ba 1\/2009.<\/p>\n\n\n\n<p>Los estudios de la emisora se encuentran en el centro porte\u00f1o, en tanto su planta transmisora se ubica en la localidad de Ciudadela, partido de Tres de Febrero, provincia de Buenos Aires.<\/p>\n\n\n\n<p>10.03.25<\/p>\n","protected":false},"excerpt":{"rendered":"<p>Seg\u00fan destaca este fin de semana el sitio de Facebook Argentina en AM y FM, volvi\u00f3 al aire recientemente AM 1240 Cadena Uno, emisora con estudios en la Ciudad de Buenos Aires. Argentina en AM y FM recuerda que Cadena Uno durante los \u00faltimos a\u00f1os se ha caracterizado por la irregularidad de sus transmisiones, siendo &hellip; <a href=\"https:\/\/amplitudmodulada.com.ar\/index.php\/noticia13628\/\" class=\"more-link\">Continu\u00e1 leyendo <span class=\"screen-reader-text\">Vuelve al aire AM 1240 Cadena Uno<\/span><\/a><\/p>\n","protected":false},"author":1,"featured_media":0,"parent":0,"menu_order":0,"comment_status":"closed","ping_status":"closed","template":"","meta":{"footnotes":""},"class_list":["post-6958","page","type-page","status-publish","hentry"],"_links":{"self":[{"href":"https:\/\/amplitudmodulada.com.ar\/index.php\/wp-json\/wp\/v2\/pages\/6958","targetHints":{"allow":["GET"]}}],"collection":[{"href":"https:\/\/amplitudmodulada.com.ar\/index.php\/wp-json\/wp\/v2\/pages"}],"about":[{"href":"https:\/\/amplitudmodulada.com.ar\/index.php\/wp-json\/wp\/v2\/types\/page"}],"author":[{"embeddable":true,"href":"https:\/\/amplitudmodulada.com.ar\/index.php\/wp-json\/wp\/v2\/users\/1"}],"replies":[{"embeddable":true,"href":"https:\/\/amplitudmodulada.com.ar\/index.php\/wp-json\/wp\/v2\/comments?post=6958"}],"version-history":[{"count":2,"href":"https:\/\/amplitudmodulada.com.ar\/index.php\/wp-json\/wp\/v2\/pages\/6958\/revisions"}],"predecessor-version":[{"id":6962,"href":"https:\/\/amplitudmodulada.com.ar\/index.php\/wp-json\/wp\/v2\/pages\/6958\/revisions\/6962"}],"wp:attachment":[{"href":"https:\/\/amplitudmodulada.com.ar\/index.php\/wp-json\/wp\/v2\/media?parent=6958"}],"curies":[{"name":"wp","href":"https:\/\/api.w.org\/{rel}","templated":true}]}}