{"id":6977,"date":"2025-04-24T19:43:59","date_gmt":"2025-04-24T22:43:59","guid":{"rendered":"https:\/\/amplitudmodulada.com.ar\/?page_id=6977"},"modified":"2025-04-24T19:48:34","modified_gmt":"2025-04-24T22:48:34","slug":"noticia13631","status":"publish","type":"page","link":"https:\/\/amplitudmodulada.com.ar\/index.php\/noticia13631\/","title":{"rendered":"Tres emisoras de Amplitud Modulada de Mendoza se encuentran sin salir al aire"},"content":{"rendered":"\n<figure class=\"wp-block-image size-full\"><img loading=\"lazy\" decoding=\"async\" width=\"120\" height=\"120\" src=\"http:\/\/amplitudmodulada.com.ar\/wp-content\/uploads\/2024\/01\/LV23-e1705167678570.webp\" alt=\"\" class=\"wp-image-228\"\/><\/figure>\n\n\n\n<p>Seg\u00fan destac\u00f3 este lunes el sitio de Facebook Argentina en AM y FM, las tres emisoras de Amplitud Modulada que opera Medios Andinos S.A. se encuentran sin salir al aire.<\/p>\n\n\n\n<p>Argentina en AM y FM se refiere espec\u00edficamente a LV23 Radio R\u00edo Atuel de General Alvear, LV24 Radio Tunuy\u00e1n de Tunuy\u00e1n y AM 580 Radio Andina de San Rafael, que emit\u00eda sin licencia y solamente inscripta en el Censo de Medios.<\/p>\n\n\n\n<p>Radio R\u00edo Atuel y Radio Tunuy\u00e1n surgieron en el a\u00f1o 1973, en tanto que Radio Andina comenz\u00f3 sus transmisiones en 2008.<\/p>\n\n\n\n<p>11.03.25<\/p>\n","protected":false},"excerpt":{"rendered":"<p>Seg\u00fan destac\u00f3 este lunes el sitio de Facebook Argentina en AM y FM, las tres emisoras de Amplitud Modulada que opera Medios Andinos S.A. se encuentran sin salir al aire. Argentina en AM y FM se refiere espec\u00edficamente a LV23 Radio R\u00edo Atuel de General Alvear, LV24 Radio Tunuy\u00e1n de Tunuy\u00e1n y AM 580 Radio &hellip; <a href=\"https:\/\/amplitudmodulada.com.ar\/index.php\/noticia13631\/\" class=\"more-link\">Continu\u00e1 leyendo <span class=\"screen-reader-text\">Tres emisoras de Amplitud Modulada de Mendoza se encuentran sin salir al aire<\/span><\/a><\/p>\n","protected":false},"author":1,"featured_media":0,"parent":0,"menu_order":0,"comment_status":"closed","ping_status":"closed","template":"","meta":{"footnotes":""},"class_list":["post-6977","page","type-page","status-publish","hentry"],"_links":{"self":[{"href":"https:\/\/amplitudmodulada.com.ar\/index.php\/wp-json\/wp\/v2\/pages\/6977","targetHints":{"allow":["GET"]}}],"collection":[{"href":"https:\/\/amplitudmodulada.com.ar\/index.php\/wp-json\/wp\/v2\/pages"}],"about":[{"href":"https:\/\/amplitudmodulada.com.ar\/index.php\/wp-json\/wp\/v2\/types\/page"}],"author":[{"embeddable":true,"href":"https:\/\/amplitudmodulada.com.ar\/index.php\/wp-json\/wp\/v2\/users\/1"}],"replies":[{"embeddable":true,"href":"https:\/\/amplitudmodulada.com.ar\/index.php\/wp-json\/wp\/v2\/comments?post=6977"}],"version-history":[{"count":2,"href":"https:\/\/amplitudmodulada.com.ar\/index.php\/wp-json\/wp\/v2\/pages\/6977\/revisions"}],"predecessor-version":[{"id":6980,"href":"https:\/\/amplitudmodulada.com.ar\/index.php\/wp-json\/wp\/v2\/pages\/6977\/revisions\/6980"}],"wp:attachment":[{"href":"https:\/\/amplitudmodulada.com.ar\/index.php\/wp-json\/wp\/v2\/media?parent=6977"}],"curies":[{"name":"wp","href":"https:\/\/api.w.org\/{rel}","templated":true}]}}

<figure class="wp-block-image size-full"><img loading="lazy" decoding="async" width="120" height="120" src="http://amplitudmodulada.com.ar/wp-content/uploads/2024/01/LV23-e1705167678570.webp" alt="" class="wp-image-228"/></figure>



<p>Según destacó este lunes el sitio de Facebook Argentina en AM y FM, las tres emisoras de Amplitud Modulada que opera Medios Andinos S.A. se encuentran sin salir al aire.</p>



<p>Argentina en AM y FM se refiere específicamente a LV23 Radio Río Atuel de General Alvear, LV24 Radio Tunuyán de Tunuyán y AM 580 Radio Andina de San Rafael, que emitía sin licencia y solamente inscripta en el Censo de Medios.</p>



<p>Radio Río Atuel y Radio Tunuyán surgieron en el año 1973, en tanto que Radio Andina comenzó sus transmisiones en 2008.</p>



<p>11.03.25</p>

<p>Según destacó este lunes el sitio de Facebook Argentina en AM y FM, las tres emisoras de Amplitud Modulada que opera Medios Andinos S.A. se encuentran sin salir al aire. Argentina en AM y FM se refiere específicamente a LV23 Radio Río Atuel de General Alvear, LV24 Radio Tunuyán de Tunuyán y AM 580 Radio &hellip; <a href="https://amplitudmodulada.com.ar/index.php/noticia13631/" class="more-link">Continuá leyendo <span class="screen-reader-text">Tres emisoras de Amplitud Modulada de Mendoza se encuentran sin salir al aire</span></a></p>
