{"id":699,"date":"2024-01-31T21:21:10","date_gmt":"2024-02-01T00:21:10","guid":{"rendered":"https:\/\/amplitudmodulada.com.ar\/?page_id=699"},"modified":"2024-01-31T21:34:18","modified_gmt":"2024-02-01T00:34:18","slug":"noticia12861","status":"publish","type":"page","link":"https:\/\/amplitudmodulada.com.ar\/index.php\/noticia12861\/","title":{"rendered":"Alejandro Dolina volver\u00e1 a grabar el programa &#8220;La Venganza Ser\u00e1 Terrible&#8221; en Montevideo"},"content":{"rendered":"\n<figure class=\"wp-block-image size-full\"><img loading=\"lazy\" decoding=\"async\" width=\"144\" height=\"75\" src=\"http:\/\/amplitudmodulada.com.ar\/wp-content\/uploads\/2024\/01\/750-e1705525955651.jpg\" alt=\"\" class=\"wp-image-348\"\/><\/figure>\n\n\n\n<p>El escritor y conductor radial Alejandro Dolina volver\u00e1 a grabar en vivo el programa &#8220;La Venganza Ser\u00e1 Terrible&#8221; en la ciudad de Montevideo el pr\u00f3ximo viernes 1 de marzo.<\/p>\n\n\n\n<p>Alejandro Dolina se present\u00f3 en la capital de Uruguay en tres oportunidades en 2022 y regresa a Montevideo luego de un a\u00f1o.<\/p>\n\n\n\n<p>La presentaci\u00f3n del conductor de &#8220;La Venganza Ser\u00e1 Terrible&#8221; se concretar\u00e1 en el Auditorio Nacional del Sodre y las entradas se podr\u00e1n adquirir a trav\u00e9s del sistema Tickantel.<\/p>\n\n\n\n<p>El programa se emite de martes a s\u00e1bados de 0.00 a 2.00 horas por LRL203 AM 750 y en Montevideo sale al aire a trav\u00e9s de FM Del Sol, que sale al aire en 99.5 Mhz.<\/p>\n\n\n\n<p>Fuente: <a href=\"http:\/\/www.elpais.com.uy\" data-type=\"link\" data-id=\"www.elpais.com.uy\" target=\"_blank\" rel=\"noreferrer noopener\">www,elpais.com.uy<\/a> | Montevideo &#8211; Uruguay | 29.01.24<\/p>\n","protected":false},"excerpt":{"rendered":"<p>El escritor y conductor radial Alejandro Dolina volver\u00e1 a grabar en vivo el programa &#8220;La Venganza Ser\u00e1 Terrible&#8221; en la ciudad de Montevideo el pr\u00f3ximo viernes 1 de marzo. Alejandro Dolina se present\u00f3 en la capital de Uruguay en tres oportunidades en 2022 y regresa a Montevideo luego de un a\u00f1o. La presentaci\u00f3n del conductor &hellip; <a href=\"https:\/\/amplitudmodulada.com.ar\/index.php\/noticia12861\/\" class=\"more-link\">Continu\u00e1 leyendo <span class=\"screen-reader-text\">Alejandro Dolina volver\u00e1 a grabar el programa &#8220;La Venganza Ser\u00e1 Terrible&#8221; en Montevideo<\/span><\/a><\/p>\n","protected":false},"author":1,"featured_media":0,"parent":0,"menu_order":0,"comment_status":"closed","ping_status":"closed","template":"","meta":{"footnotes":""},"class_list":["post-699","page","type-page","status-publish","hentry"],"_links":{"self":[{"href":"https:\/\/amplitudmodulada.com.ar\/index.php\/wp-json\/wp\/v2\/pages\/699","targetHints":{"allow":["GET"]}}],"collection":[{"href":"https:\/\/amplitudmodulada.com.ar\/index.php\/wp-json\/wp\/v2\/pages"}],"about":[{"href":"https:\/\/amplitudmodulada.com.ar\/index.php\/wp-json\/wp\/v2\/types\/page"}],"author":[{"embeddable":true,"href":"https:\/\/amplitudmodulada.com.ar\/index.php\/wp-json\/wp\/v2\/users\/1"}],"replies":[{"embeddable":true,"href":"https:\/\/amplitudmodulada.com.ar\/index.php\/wp-json\/wp\/v2\/comments?post=699"}],"version-history":[{"count":3,"href":"https:\/\/amplitudmodulada.com.ar\/index.php\/wp-json\/wp\/v2\/pages\/699\/revisions"}],"predecessor-version":[{"id":703,"href":"https:\/\/amplitudmodulada.com.ar\/index.php\/wp-json\/wp\/v2\/pages\/699\/revisions\/703"}],"wp:attachment":[{"href":"https:\/\/amplitudmodulada.com.ar\/index.php\/wp-json\/wp\/v2\/media?parent=699"}],"curies":[{"name":"wp","href":"https:\/\/api.w.org\/{rel}","templated":true}]}}