{"id":6991,"date":"2025-04-24T20:20:29","date_gmt":"2025-04-24T23:20:29","guid":{"rendered":"https:\/\/amplitudmodulada.com.ar\/?page_id=6991"},"modified":"2025-04-24T20:24:22","modified_gmt":"2025-04-24T23:24:22","slug":"noticia13633","status":"publish","type":"page","link":"https:\/\/amplitudmodulada.com.ar\/index.php\/noticia13633\/","title":{"rendered":"Marcelo Bonelli fue operado de urgencia de la ves\u00edcula"},"content":{"rendered":"\n<figure class=\"wp-block-image size-large is-resized\"><img loading=\"lazy\" decoding=\"async\" width=\"1024\" height=\"532\" src=\"http:\/\/amplitudmodulada.com.ar\/wp-content\/uploads\/2024\/01\/790-1024x532.png\" alt=\"\" class=\"wp-image-268\" style=\"width:124px;height:auto\"\/><\/figure>\n\n\n\n<p>El periodista Marcelo Bonelli fue operado este martes de urgencia de la ves\u00edcula en el Sanatorio Otamendi y ya se encuentra en proceso de recuperaci\u00f3n.<\/p>\n\n\n\n<p>El conductor de radio y televisi\u00f3n asisti\u00f3 a la guardia por fuertes dolores abdominales y los m\u00e9dicos determinaron que deb\u00eda realizarse una intervenci\u00f3n quir\u00fargica.<\/p>\n\n\n\n<p>Marcelo Bonelli conduce en LR6 Radio Mitre el programa &#8220;Nuestra Ma\u00f1ana&#8221;, ciclo del que se ausentar\u00e1 durante algunos d\u00edas.<\/p>\n\n\n\n<p>Fuente: <a href=\"http:\/\/www.perfil.com\" data-type=\"link\" data-id=\"www.perfil.com\" target=\"_blank\" rel=\"noreferrer noopener\">www.perfil.com<\/a> | Ciudad Aut\u00f3noma de Buenos Aires | 11.03.25<\/p>\n","protected":false},"excerpt":{"rendered":"<p>El periodista Marcelo Bonelli fue operado este martes de urgencia de la ves\u00edcula en el Sanatorio Otamendi y ya se encuentra en proceso de recuperaci\u00f3n. El conductor de radio y televisi\u00f3n asisti\u00f3 a la guardia por fuertes dolores abdominales y los m\u00e9dicos determinaron que deb\u00eda realizarse una intervenci\u00f3n quir\u00fargica. Marcelo Bonelli conduce en LR6 Radio &hellip; <a href=\"https:\/\/amplitudmodulada.com.ar\/index.php\/noticia13633\/\" class=\"more-link\">Continu\u00e1 leyendo <span class=\"screen-reader-text\">Marcelo Bonelli fue operado de urgencia de la ves\u00edcula<\/span><\/a><\/p>\n","protected":false},"author":1,"featured_media":0,"parent":0,"menu_order":0,"comment_status":"closed","ping_status":"closed","template":"","meta":{"footnotes":""},"class_list":["post-6991","page","type-page","status-publish","hentry"],"_links":{"self":[{"href":"https:\/\/amplitudmodulada.com.ar\/index.php\/wp-json\/wp\/v2\/pages\/6991","targetHints":{"allow":["GET"]}}],"collection":[{"href":"https:\/\/amplitudmodulada.com.ar\/index.php\/wp-json\/wp\/v2\/pages"}],"about":[{"href":"https:\/\/amplitudmodulada.com.ar\/index.php\/wp-json\/wp\/v2\/types\/page"}],"author":[{"embeddable":true,"href":"https:\/\/amplitudmodulada.com.ar\/index.php\/wp-json\/wp\/v2\/users\/1"}],"replies":[{"embeddable":true,"href":"https:\/\/amplitudmodulada.com.ar\/index.php\/wp-json\/wp\/v2\/comments?post=6991"}],"version-history":[{"count":2,"href":"https:\/\/amplitudmodulada.com.ar\/index.php\/wp-json\/wp\/v2\/pages\/6991\/revisions"}],"predecessor-version":[{"id":6994,"href":"https:\/\/amplitudmodulada.com.ar\/index.php\/wp-json\/wp\/v2\/pages\/6991\/revisions\/6994"}],"wp:attachment":[{"href":"https:\/\/amplitudmodulada.com.ar\/index.php\/wp-json\/wp\/v2\/media?parent=6991"}],"curies":[{"name":"wp","href":"https:\/\/api.w.org\/{rel}","templated":true}]}}

Marcelo Bonelli fue operado de urgencia de la vesícula

<figure class="wp-block-image size-large is-resized"><img loading="lazy" decoding="async" width="1024" height="532" src="http://amplitudmodulada.com.ar/wp-content/uploads/2024/01/790-1024x532.png" alt="" class="wp-image-268" style="width:124px;height:auto"/></figure>



<p>El periodista Marcelo Bonelli fue operado este martes de urgencia de la vesícula en el Sanatorio Otamendi y ya se encuentra en proceso de recuperación.</p>



<p>El conductor de radio y televisión asistió a la guardia por fuertes dolores abdominales y los médicos determinaron que debía realizarse una intervención quirúrgica.</p>



<p>Marcelo Bonelli conduce en LR6 Radio Mitre el programa &#8220;Nuestra Mañana&#8221;, ciclo del que se ausentará durante algunos días.</p>



<p>Fuente: <a href="http://www.perfil.com" data-type="link" data-id="www.perfil.com" target="_blank" rel="noreferrer noopener">www.perfil.com</a> | Ciudad Autónoma de Buenos Aires | 11.03.25</p>

<p>El periodista Marcelo Bonelli fue operado este martes de urgencia de la vesícula en el Sanatorio Otamendi y ya se encuentra en proceso de recuperación. El conductor de radio y televisión asistió a la guardia por fuertes dolores abdominales y los médicos determinaron que debía realizarse una intervención quirúrgica. Marcelo Bonelli conduce en LR6 Radio &hellip; <a href="https://amplitudmodulada.com.ar/index.php/noticia13633/" class="more-link">Continuá leyendo <span class="screen-reader-text">Marcelo Bonelli fue operado de urgencia de la vesícula</span></a></p>
