{"id":7020,"date":"2025-04-27T15:18:38","date_gmt":"2025-04-27T18:18:38","guid":{"rendered":"https:\/\/amplitudmodulada.com.ar\/?page_id=7020"},"modified":"2025-04-27T18:37:07","modified_gmt":"2025-04-27T21:37:07","slug":"noticia13637","status":"publish","type":"page","link":"https:\/\/amplitudmodulada.com.ar\/index.php\/noticia13637\/","title":{"rendered":"El Concejo Municipal de Rosario distingui\u00f3 al periodista Alberto Lotuf"},"content":{"rendered":"\n<figure class=\"wp-block-image size-full\"><img loading=\"lazy\" decoding=\"async\" width=\"195\" height=\"50\" src=\"http:\/\/amplitudmodulada.com.ar\/wp-content\/uploads\/2025\/04\/cadena3rosario-e1745777941974.png\" alt=\"\" class=\"wp-image-7022\"\/><\/figure>\n\n\n\n<p>En un acto efectuado en el recinto de sesiones y que cont\u00f3 con la presencia de distintos sectores, el Concejo Municipal de Rosario distingui\u00f3 en la tarde de ayer, martes 11 de marzo, al periodista de Cadena 3 Rosario Alberto Lotuf.<\/p>\n\n\n\n<p>La actividad fue encabezada por la presidenta del cuerpo legislativo, Mar\u00eda Eugenia Schmuck, a quien acompa\u00f1\u00f3 en el estrado el autor del proyecto que declar\u00f3 Periodista y Locutor Distinguido a Alberto Lotuf, el edil Agapito Blanco.<\/p>\n\n\n\n<p>En ese marco, Mar\u00eda Eugenia Schmuck explic\u00f3 que &#8220;nos encontramos para reconocer a alguien que marc\u00f3 a generaciones de rosarinos, que se convirti\u00f3 en parte de nuestra historia con su voz inconfundible, en los momentos m\u00e1s importantes de la ciudad&#8221;.<\/p>\n\n\n\n<p>En tanto, Agapito Blanco agradeci\u00f3 a Alberto Lotuf &#8220;por ser la voz de much\u00edsimos rosarinos y por sobre todas las cosas, gracias por molestar&#8221; para acotar que &#8220;los que est\u00e1n en periodismo saben lo que eso significa&#8221;.<\/p>\n\n\n\n<p>Con cuarenta y cinco a\u00f1os de trayectoria en distintos medios de comunicaci\u00f3n, el periodista Alberto Lotuf se desempe\u00f1a actualmente en Cadena 3 Rosario, emisora que sale al aire en 100.1 Mhz.<\/p>\n\n\n\n<p>Fuente: <a href=\"http:\/\/www.concejorosario.gov.ar\" data-type=\"link\" data-id=\"www.concejorosario.gov.ar\" target=\"_blank\" rel=\"noreferrer noopener\">www.concejorosario.gov.ar<\/a> | Rosario &#8211; Santa Fe | 12.03.25<\/p>\n","protected":false},"excerpt":{"rendered":"<p>En un acto efectuado en el recinto de sesiones y que cont\u00f3 con la presencia de distintos sectores, el Concejo Municipal de Rosario distingui\u00f3 en la tarde de ayer, martes 11 de marzo, al periodista de Cadena 3 Rosario Alberto Lotuf. La actividad fue encabezada por la presidenta del cuerpo legislativo, Mar\u00eda Eugenia Schmuck, a &hellip; <a href=\"https:\/\/amplitudmodulada.com.ar\/index.php\/noticia13637\/\" class=\"more-link\">Continu\u00e1 leyendo <span class=\"screen-reader-text\">El Concejo Municipal de Rosario distingui\u00f3 al periodista Alberto Lotuf<\/span><\/a><\/p>\n","protected":false},"author":1,"featured_media":0,"parent":0,"menu_order":0,"comment_status":"closed","ping_status":"closed","template":"","meta":{"footnotes":""},"class_list":["post-7020","page","type-page","status-publish","hentry"],"_links":{"self":[{"href":"https:\/\/amplitudmodulada.com.ar\/index.php\/wp-json\/wp\/v2\/pages\/7020","targetHints":{"allow":["GET"]}}],"collection":[{"href":"https:\/\/amplitudmodulada.com.ar\/index.php\/wp-json\/wp\/v2\/pages"}],"about":[{"href":"https:\/\/amplitudmodulada.com.ar\/index.php\/wp-json\/wp\/v2\/types\/page"}],"author":[{"embeddable":true,"href":"https:\/\/amplitudmodulada.com.ar\/index.php\/wp-json\/wp\/v2\/users\/1"}],"replies":[{"embeddable":true,"href":"https:\/\/amplitudmodulada.com.ar\/index.php\/wp-json\/wp\/v2\/comments?post=7020"}],"version-history":[{"count":3,"href":"https:\/\/amplitudmodulada.com.ar\/index.php\/wp-json\/wp\/v2\/pages\/7020\/revisions"}],"predecessor-version":[{"id":7026,"href":"https:\/\/amplitudmodulada.com.ar\/index.php\/wp-json\/wp\/v2\/pages\/7020\/revisions\/7026"}],"wp:attachment":[{"href":"https:\/\/amplitudmodulada.com.ar\/index.php\/wp-json\/wp\/v2\/media?parent=7020"}],"curies":[{"name":"wp","href":"https:\/\/api.w.org\/{rel}","templated":true}]}}