{"id":7029,"date":"2025-04-27T18:45:10","date_gmt":"2025-04-27T21:45:10","guid":{"rendered":"https:\/\/amplitudmodulada.com.ar\/?page_id=7029"},"modified":"2025-04-27T18:53:09","modified_gmt":"2025-04-27T21:53:09","slug":"noticia13638","status":"publish","type":"page","link":"https:\/\/amplitudmodulada.com.ar\/index.php\/noticia13638\/","title":{"rendered":"El programa &#8220;Tiempo de Alemania&#8221; cumple treinta a\u00f1os en el aire"},"content":{"rendered":"\n<figure class=\"wp-block-image size-full\"><img loading=\"lazy\" decoding=\"async\" width=\"110\" height=\"110\" src=\"http:\/\/amplitudmodulada.com.ar\/wp-content\/uploads\/2024\/08\/LT17-e1723410081499.png\" alt=\"\" class=\"wp-image-2946\"\/><\/figure>\n\n\n\n<p>El programa &#8220;Tiempo de Alemania&#8221;, que se emite por LT17 Radio Provincia de Misiones, cumple este mi\u00e9rcoles 12 de marzo, treinta a\u00f1os en el aire.<\/p>\n\n\n\n<p>Con la conducci\u00f3n de Federico Emategui y dedicado principalmente a la difusi\u00f3n de la m\u00fasica folcl\u00f3rica alemana, &#8220;Tiempo de Alemania&#8221; se emite actualmente todos los s\u00e1bados de 8.00 a 9.00 horas.<\/p>\n\n\n\n<p>En este marco, Federico Emategui destac\u00f3 el v\u00ednculo que ha mantenido con los oyentes a trav\u00e9s del tiempo, ya que con el paso del tiempo el ciclo se transform\u00f3 en un punto de conexi\u00f3n cultural al recordar tradiciones que se reflejan en la m\u00fasica de ra\u00edces folcl\u00f3ricas de ra\u00edces alemanas.<\/p>\n\n\n\n<p>Radio Provincia de Misiones sale al aire en 670 Khz.<\/p>\n\n\n\n<p>Fuente: <a href=\"http:\/\/www.primeraedicion.com.ar\" data-type=\"link\" data-id=\"www.primeraedicion.com.ar\" target=\"_blank\" rel=\"noreferrer noopener\">www.primeraedicion.com.ar<\/a> | Posadas &#8211; Misiones | 12.03.25 <\/p>\n","protected":false},"excerpt":{"rendered":"<p>El programa &#8220;Tiempo de Alemania&#8221;, que se emite por LT17 Radio Provincia de Misiones, cumple este mi\u00e9rcoles 12 de marzo, treinta a\u00f1os en el aire. Con la conducci\u00f3n de Federico Emategui y dedicado principalmente a la difusi\u00f3n de la m\u00fasica folcl\u00f3rica alemana, &#8220;Tiempo de Alemania&#8221; se emite actualmente todos los s\u00e1bados de 8.00 a 9.00 &hellip; <a href=\"https:\/\/amplitudmodulada.com.ar\/index.php\/noticia13638\/\" class=\"more-link\">Continu\u00e1 leyendo <span class=\"screen-reader-text\">El programa &#8220;Tiempo de Alemania&#8221; cumple treinta a\u00f1os en el aire<\/span><\/a><\/p>\n","protected":false},"author":1,"featured_media":0,"parent":0,"menu_order":0,"comment_status":"closed","ping_status":"closed","template":"","meta":{"footnotes":""},"class_list":["post-7029","page","type-page","status-publish","hentry"],"_links":{"self":[{"href":"https:\/\/amplitudmodulada.com.ar\/index.php\/wp-json\/wp\/v2\/pages\/7029","targetHints":{"allow":["GET"]}}],"collection":[{"href":"https:\/\/amplitudmodulada.com.ar\/index.php\/wp-json\/wp\/v2\/pages"}],"about":[{"href":"https:\/\/amplitudmodulada.com.ar\/index.php\/wp-json\/wp\/v2\/types\/page"}],"author":[{"embeddable":true,"href":"https:\/\/amplitudmodulada.com.ar\/index.php\/wp-json\/wp\/v2\/users\/1"}],"replies":[{"embeddable":true,"href":"https:\/\/amplitudmodulada.com.ar\/index.php\/wp-json\/wp\/v2\/comments?post=7029"}],"version-history":[{"count":2,"href":"https:\/\/amplitudmodulada.com.ar\/index.php\/wp-json\/wp\/v2\/pages\/7029\/revisions"}],"predecessor-version":[{"id":7032,"href":"https:\/\/amplitudmodulada.com.ar\/index.php\/wp-json\/wp\/v2\/pages\/7029\/revisions\/7032"}],"wp:attachment":[{"href":"https:\/\/amplitudmodulada.com.ar\/index.php\/wp-json\/wp\/v2\/media?parent=7029"}],"curies":[{"name":"wp","href":"https:\/\/api.w.org\/{rel}","templated":true}]}}

El programa &#8220;Tiempo de Alemania&#8221; cumple treinta años en el aire

<figure class="wp-block-image size-full"><img loading="lazy" decoding="async" width="110" height="110" src="http://amplitudmodulada.com.ar/wp-content/uploads/2024/08/LT17-e1723410081499.png" alt="" class="wp-image-2946"/></figure>



<p>El programa &#8220;Tiempo de Alemania&#8221;, que se emite por LT17 Radio Provincia de Misiones, cumple este miércoles 12 de marzo, treinta años en el aire.</p>



<p>Con la conducción de Federico Emategui y dedicado principalmente a la difusión de la música folclórica alemana, &#8220;Tiempo de Alemania&#8221; se emite actualmente todos los sábados de 8.00 a 9.00 horas.</p>



<p>En este marco, Federico Emategui destacó el vínculo que ha mantenido con los oyentes a través del tiempo, ya que con el paso del tiempo el ciclo se transformó en un punto de conexión cultural al recordar tradiciones que se reflejan en la música de raíces folclóricas de raíces alemanas.</p>



<p>Radio Provincia de Misiones sale al aire en 670 Khz.</p>



<p>Fuente: <a href="http://www.primeraedicion.com.ar" data-type="link" data-id="www.primeraedicion.com.ar" target="_blank" rel="noreferrer noopener">www.primeraedicion.com.ar</a> | Posadas &#8211; Misiones | 12.03.25 </p>

<p>El programa &#8220;Tiempo de Alemania&#8221;, que se emite por LT17 Radio Provincia de Misiones, cumple este miércoles 12 de marzo, treinta años en el aire. Con la conducción de Federico Emategui y dedicado principalmente a la difusión de la música folclórica alemana, &#8220;Tiempo de Alemania&#8221; se emite actualmente todos los sábados de 8.00 a 9.00 &hellip; <a href="https://amplitudmodulada.com.ar/index.php/noticia13638/" class="more-link">Continuá leyendo <span class="screen-reader-text">El programa &#8220;Tiempo de Alemania&#8221; cumple treinta años en el aire</span></a></p>
