{"id":7042,"date":"2025-04-28T21:39:56","date_gmt":"2025-04-29T00:39:56","guid":{"rendered":"https:\/\/amplitudmodulada.com.ar\/?page_id=7042"},"modified":"2025-04-28T21:53:13","modified_gmt":"2025-04-29T00:53:13","slug":"noticia13640","status":"publish","type":"page","link":"https:\/\/amplitudmodulada.com.ar\/index.php\/noticia13640\/","title":{"rendered":"Destacan la llegada del relator Gonzalo Palacio a Radio La Red"},"content":{"rendered":"\n<figure class=\"wp-block-image size-full\"><img loading=\"lazy\" decoding=\"async\" width=\"174\" height=\"70\" src=\"http:\/\/amplitudmodulada.com.ar\/wp-content\/uploads\/2024\/07\/910-e1721926290452.png\" alt=\"\" class=\"wp-image-2752\"\/><\/figure>\n\n\n\n<p>El portal de Radio El Sol de Pehuaj\u00f3 destac\u00f3 este mi\u00e9rcoles 13 de marzo la llegada del relator y periodista Gonzalo Palacio, oriundo de esa ciudad de la provincia de Buenos Aires, a LR5 Radio La Red.<\/p>\n\n\n\n<p>&#8220;La verdad es que estoy muy contento por estar en esta radio y sobre todo por haberlo conseguido. Eso es a lo que m\u00e1s m\u00e9rito le doy, el poder estar en los lugares en los que quer\u00eda estar. Esto me da la sensaci\u00f3n de saber que tengo que seguir as\u00ed para conseguir cosas&#8221;, expres\u00f3 Gonzalo Palacio en di\u00e1logo con Radio El Sol de Pehuaj\u00f3.<\/p>\n\n\n\n<p>En ese sentido, el flamante relator de Radio La Red cont\u00f3 que &#8220;en 2018 yo estaba en Radio Del Plata, pero ya quer\u00eda entrar en Radio La Red y me pasaron el tel\u00e9fono de un productor de la radio&#8221; y a\u00f1adi\u00f3 que &#8220;me present\u00e9 en 2018, qued\u00f3 en que me avisaba y a partir de ah\u00ed comenc\u00e9 a escribirle casi un mensaje por mes durante siete a\u00f1os&#8221;.<\/p>\n\n\n\n<p>&#8220;A La Red entr\u00e9 como relator, no como panelista ni periodista, aunque puedo estar en alg\u00fan programa si me necesitan. Ayer, por ejemplo, me toc\u00f3 relatar un momento del partido entre el Real Madrid y el Atl\u00e9tico Madrid. Ahora, el s\u00e1bado voy a relatar Hurac\u00e1n &#8211; Independiente Rivadavia&#8221;, se\u00f1al\u00f3.<\/p>\n\n\n\n<p>Fuente: <a href=\"http:\/\/www.radioelsolpehuajo.com.ar\" data-type=\"link\" data-id=\"www.radioelsolpehuajo.com.ar\" target=\"_blank\" rel=\"noreferrer noopener\">www.radioelsolpehuajo.com.ar<\/a> | Pehuaj\u00f3 &#8211; Buenos Aires | 13.03.25<\/p>\n","protected":false},"excerpt":{"rendered":"<p>El portal de Radio El Sol de Pehuaj\u00f3 destac\u00f3 este mi\u00e9rcoles 13 de marzo la llegada del relator y periodista Gonzalo Palacio, oriundo de esa ciudad de la provincia de Buenos Aires, a LR5 Radio La Red. &#8220;La verdad es que estoy muy contento por estar en esta radio y sobre todo por haberlo conseguido. &hellip; <a href=\"https:\/\/amplitudmodulada.com.ar\/index.php\/noticia13640\/\" class=\"more-link\">Continu\u00e1 leyendo <span class=\"screen-reader-text\">Destacan la llegada del relator Gonzalo Palacio a Radio La Red<\/span><\/a><\/p>\n","protected":false},"author":1,"featured_media":0,"parent":0,"menu_order":0,"comment_status":"closed","ping_status":"closed","template":"","meta":{"footnotes":""},"class_list":["post-7042","page","type-page","status-publish","hentry"],"_links":{"self":[{"href":"https:\/\/amplitudmodulada.com.ar\/index.php\/wp-json\/wp\/v2\/pages\/7042","targetHints":{"allow":["GET"]}}],"collection":[{"href":"https:\/\/amplitudmodulada.com.ar\/index.php\/wp-json\/wp\/v2\/pages"}],"about":[{"href":"https:\/\/amplitudmodulada.com.ar\/index.php\/wp-json\/wp\/v2\/types\/page"}],"author":[{"embeddable":true,"href":"https:\/\/amplitudmodulada.com.ar\/index.php\/wp-json\/wp\/v2\/users\/1"}],"replies":[{"embeddable":true,"href":"https:\/\/amplitudmodulada.com.ar\/index.php\/wp-json\/wp\/v2\/comments?post=7042"}],"version-history":[{"count":3,"href":"https:\/\/amplitudmodulada.com.ar\/index.php\/wp-json\/wp\/v2\/pages\/7042\/revisions"}],"predecessor-version":[{"id":7046,"href":"https:\/\/amplitudmodulada.com.ar\/index.php\/wp-json\/wp\/v2\/pages\/7042\/revisions\/7046"}],"wp:attachment":[{"href":"https:\/\/amplitudmodulada.com.ar\/index.php\/wp-json\/wp\/v2\/media?parent=7042"}],"curies":[{"name":"wp","href":"https:\/\/api.w.org\/{rel}","templated":true}]}}

<figure class="wp-block-image size-full"><img loading="lazy" decoding="async" width="174" height="70" src="http://amplitudmodulada.com.ar/wp-content/uploads/2024/07/910-e1721926290452.png" alt="" class="wp-image-2752"/></figure>



<p>El portal de Radio El Sol de Pehuajó destacó este miércoles 13 de marzo la llegada del relator y periodista Gonzalo Palacio, oriundo de esa ciudad de la provincia de Buenos Aires, a LR5 Radio La Red.</p>



<p>&#8220;La verdad es que estoy muy contento por estar en esta radio y sobre todo por haberlo conseguido. Eso es a lo que más mérito le doy, el poder estar en los lugares en los que quería estar. Esto me da la sensación de saber que tengo que seguir así para conseguir cosas&#8221;, expresó Gonzalo Palacio en diálogo con Radio El Sol de Pehuajó.</p>



<p>En ese sentido, el flamante relator de Radio La Red contó que &#8220;en 2018 yo estaba en Radio Del Plata, pero ya quería entrar en Radio La Red y me pasaron el teléfono de un productor de la radio&#8221; y añadió que &#8220;me presenté en 2018, quedó en que me avisaba y a partir de ahí comencé a escribirle casi un mensaje por mes durante siete años&#8221;.</p>



<p>&#8220;A La Red entré como relator, no como panelista ni periodista, aunque puedo estar en algún programa si me necesitan. Ayer, por ejemplo, me tocó relatar un momento del partido entre el Real Madrid y el Atlético Madrid. Ahora, el sábado voy a relatar Huracán &#8211; Independiente Rivadavia&#8221;, señaló.</p>



<p>Fuente: <a href="http://www.radioelsolpehuajo.com.ar" data-type="link" data-id="www.radioelsolpehuajo.com.ar" target="_blank" rel="noreferrer noopener">www.radioelsolpehuajo.com.ar</a> | Pehuajó &#8211; Buenos Aires | 13.03.25</p>

<p>El portal de Radio El Sol de Pehuajó destacó este miércoles 13 de marzo la llegada del relator y periodista Gonzalo Palacio, oriundo de esa ciudad de la provincia de Buenos Aires, a LR5 Radio La Red. &#8220;La verdad es que estoy muy contento por estar en esta radio y sobre todo por haberlo conseguido. &hellip; <a href="https://amplitudmodulada.com.ar/index.php/noticia13640/" class="more-link">Continuá leyendo <span class="screen-reader-text">Destacan la llegada del relator Gonzalo Palacio a Radio La Red</span></a></p>
