{"id":706,"date":"2024-01-31T21:49:23","date_gmt":"2024-02-01T00:49:23","guid":{"rendered":"https:\/\/amplitudmodulada.com.ar\/?page_id=706"},"modified":"2024-01-31T22:25:45","modified_gmt":"2024-02-01T01:25:45","slug":"noticia12862","status":"publish","type":"page","link":"https:\/\/amplitudmodulada.com.ar\/index.php\/noticia12862\/","title":{"rendered":"El Gobierno Nacional interviene el Ente Nacional de Comunicaciones por decreto"},"content":{"rendered":"\n<figure class=\"wp-block-image size-full\"><img loading=\"lazy\" decoding=\"async\" width=\"233\" height=\"50\" src=\"http:\/\/amplitudmodulada.com.ar\/wp-content\/uploads\/2024\/01\/enacom-e1705526882784.jpg\" alt=\"\" class=\"wp-image-354\"\/><\/figure>\n\n\n\n<p>La Jefatura de Gabinete de Ministros confirm\u00f3 este fin de semana que el Ente Nacional de Comunicaciones ser\u00e1 intervenido mediante un decreto que ser\u00e1 publicado este lunes en el Bolet\u00edn Oficial.<\/p>\n\n\n\n<p>&#8220;La intervenci\u00f3n del Ente Nacional de Comunicaciones es una etapa transitoria pero necesaria para el reordenamiento del organismo&#8221;, indic\u00f3 la Secretar\u00eda de Innovaci\u00f3n de la Jefatura de Gabinete de Ministros, al difundir la decisi\u00f3n y los nombres de quienes conducir\u00e1n la intervenci\u00f3n. <\/p>\n\n\n\n<p>El interventor designado es el consultor y ex empleado de Movistar, Juan Mart\u00edn Ozores, en tanto que los interventores adjuntos son la abogada Patricia Rold\u00e1n y el ex director del Ente Nacional de Comunicaciones en la gesti\u00f3n de Mauricio Macri, Alejandro Pereyra.<\/p>\n\n\n\n<p>En un comunicado que acompa\u00f1a el anuncio de la decisi\u00f3n, la Secretar\u00eda de Innovaci\u00f3n, Ciencia y Tecnolog\u00eda, conducida por Alejandro Cosentino, se\u00f1al\u00f3 que la intervenci\u00f3n realizar\u00e1 &#8220;una auditor\u00eda del destino de los fondos p\u00fablicos para promoci\u00f3n y fomento de la actividad en la b\u00fasqueda de un uso racional y transparente&#8221;.<\/p>\n\n\n\n<p>Adem\u00e1s, indicaron que se revisar\u00e1 toda la regulaci\u00f3n vigente y los diferentes procesos judiciales en los que est\u00e1 involucrado el organismo.<\/p>\n\n\n\n<p>Tambi\u00e9n adelantaron que &#8220;luego de la intervenci\u00f3n, el Ente Nacional de Comunicaciones continuar\u00e1 con la misma misi\u00f3n para la que fue creado: promover comunicaciones de calidad entre todos los usuarios del pa\u00eds, generando un mayor balance y competencia entre los distintos actores del mercado&#8221;.<\/p>\n\n\n\n<p>Fuente: <a href=\"http:\/\/www.pagina12.com.ar\" data-type=\"link\" data-id=\"www.pagina12.com.ar\" target=\"_blank\" rel=\"noreferrer noopener\">www.pagina12.com.ar<\/a> | Ciudad Aut\u00f3noma de Buenos Aires | 29.01.24<\/p>\n","protected":false},"excerpt":{"rendered":"<p>La Jefatura de Gabinete de Ministros confirm\u00f3 este fin de semana que el Ente Nacional de Comunicaciones ser\u00e1 intervenido mediante un decreto que ser\u00e1 publicado este lunes en el Bolet\u00edn Oficial. &#8220;La intervenci\u00f3n del Ente Nacional de Comunicaciones es una etapa transitoria pero necesaria para el reordenamiento del organismo&#8221;, indic\u00f3 la Secretar\u00eda de Innovaci\u00f3n de &hellip; <a href=\"https:\/\/amplitudmodulada.com.ar\/index.php\/noticia12862\/\" class=\"more-link\">Continu\u00e1 leyendo <span class=\"screen-reader-text\">El Gobierno Nacional interviene el Ente Nacional de Comunicaciones por decreto<\/span><\/a><\/p>\n","protected":false},"author":1,"featured_media":0,"parent":0,"menu_order":0,"comment_status":"closed","ping_status":"closed","template":"","meta":{"footnotes":""},"class_list":["post-706","page","type-page","status-publish","hentry"],"_links":{"self":[{"href":"https:\/\/amplitudmodulada.com.ar\/index.php\/wp-json\/wp\/v2\/pages\/706","targetHints":{"allow":["GET"]}}],"collection":[{"href":"https:\/\/amplitudmodulada.com.ar\/index.php\/wp-json\/wp\/v2\/pages"}],"about":[{"href":"https:\/\/amplitudmodulada.com.ar\/index.php\/wp-json\/wp\/v2\/types\/page"}],"author":[{"embeddable":true,"href":"https:\/\/amplitudmodulada.com.ar\/index.php\/wp-json\/wp\/v2\/users\/1"}],"replies":[{"embeddable":true,"href":"https:\/\/amplitudmodulada.com.ar\/index.php\/wp-json\/wp\/v2\/comments?post=706"}],"version-history":[{"count":4,"href":"https:\/\/amplitudmodulada.com.ar\/index.php\/wp-json\/wp\/v2\/pages\/706\/revisions"}],"predecessor-version":[{"id":713,"href":"https:\/\/amplitudmodulada.com.ar\/index.php\/wp-json\/wp\/v2\/pages\/706\/revisions\/713"}],"wp:attachment":[{"href":"https:\/\/amplitudmodulada.com.ar\/index.php\/wp-json\/wp\/v2\/media?parent=706"}],"curies":[{"name":"wp","href":"https:\/\/api.w.org\/{rel}","templated":true}]}}

<figure class="wp-block-image size-full"><img loading="lazy" decoding="async" width="233" height="50" src="http://amplitudmodulada.com.ar/wp-content/uploads/2024/01/enacom-e1705526882784.jpg" alt="" class="wp-image-354"/></figure>



<p>La Jefatura de Gabinete de Ministros confirmó este fin de semana que el Ente Nacional de Comunicaciones será intervenido mediante un decreto que será publicado este lunes en el Boletín Oficial.</p>



<p>&#8220;La intervención del Ente Nacional de Comunicaciones es una etapa transitoria pero necesaria para el reordenamiento del organismo&#8221;, indicó la Secretaría de Innovación de la Jefatura de Gabinete de Ministros, al difundir la decisión y los nombres de quienes conducirán la intervención. </p>



<p>El interventor designado es el consultor y ex empleado de Movistar, Juan Martín Ozores, en tanto que los interventores adjuntos son la abogada Patricia Roldán y el ex director del Ente Nacional de Comunicaciones en la gestión de Mauricio Macri, Alejandro Pereyra.</p>



<p>En un comunicado que acompaña el anuncio de la decisión, la Secretaría de Innovación, Ciencia y Tecnología, conducida por Alejandro Cosentino, señaló que la intervención realizará &#8220;una auditoría del destino de los fondos públicos para promoción y fomento de la actividad en la búsqueda de un uso racional y transparente&#8221;.</p>



<p>Además, indicaron que se revisará toda la regulación vigente y los diferentes procesos judiciales en los que está involucrado el organismo.</p>



<p>También adelantaron que &#8220;luego de la intervención, el Ente Nacional de Comunicaciones continuará con la misma misión para la que fue creado: promover comunicaciones de calidad entre todos los usuarios del país, generando un mayor balance y competencia entre los distintos actores del mercado&#8221;.</p>



<p>Fuente: <a href="http://www.pagina12.com.ar" data-type="link" data-id="www.pagina12.com.ar" target="_blank" rel="noreferrer noopener">www.pagina12.com.ar</a> | Ciudad Autónoma de Buenos Aires | 29.01.24</p>

<p>La Jefatura de Gabinete de Ministros confirmó este fin de semana que el Ente Nacional de Comunicaciones será intervenido mediante un decreto que será publicado este lunes en el Boletín Oficial. &#8220;La intervención del Ente Nacional de Comunicaciones es una etapa transitoria pero necesaria para el reordenamiento del organismo&#8221;, indicó la Secretaría de Innovación de &hellip; <a href="https://amplitudmodulada.com.ar/index.php/noticia12862/" class="more-link">Continuá leyendo <span class="screen-reader-text">El Gobierno Nacional interviene el Ente Nacional de Comunicaciones por decreto</span></a></p>
