{"id":7153,"date":"2025-05-11T19:23:02","date_gmt":"2025-05-11T22:23:02","guid":{"rendered":"https:\/\/amplitudmodulada.com.ar\/?page_id=7153"},"modified":"2025-05-11T19:28:09","modified_gmt":"2025-05-11T22:28:09","slug":"noticia13656","status":"publish","type":"page","link":"https:\/\/amplitudmodulada.com.ar\/index.php\/noticia13656\/","title":{"rendered":"Dejar\u00e1 de emitir a fin de mes FM Like"},"content":{"rendered":"\n<figure class=\"wp-block-image size-full\"><img loading=\"lazy\" decoding=\"async\" width=\"100\" height=\"100\" src=\"http:\/\/amplitudmodulada.com.ar\/wp-content\/uploads\/2025\/05\/fmlike-e1747002210746.png\" alt=\"\" class=\"wp-image-7155\"\/><\/figure>\n\n\n\n<p>La emisora de Frecuencia Modulada FM Like, que opera el Grupo Octubre y que sale al aire en 89.5 Mhz. desde la Ciudad de Buenos Aires, dejar\u00e1 de emitir a fin de mes.<\/p>\n\n\n\n<p>As\u00ed lo anunci\u00f3 a trav\u00e9s de la red social X el periodista de espect\u00e1culos Pablo Montagna.<\/p>\n\n\n\n<p>La principal raz\u00f3n de est\u00e1 decisi\u00f3n es que FM Like tiene el mismo perfil que Los40, la emisora de Frecuencia Modulada de LS4 Radio Continental, que recientemente se incorpor\u00f3 al conglomerado de medios del Grupo Octubre.<\/p>\n\n\n\n<p>La frecuencia 89.5 pertenece al empresario Carlos Lorefice Lynch y se desconoce a\u00fan que se har\u00e1 con la misma.<\/p>\n\n\n\n<p>21.03.25<\/p>\n","protected":false},"excerpt":{"rendered":"<p>La emisora de Frecuencia Modulada FM Like, que opera el Grupo Octubre y que sale al aire en 89.5 Mhz. desde la Ciudad de Buenos Aires, dejar\u00e1 de emitir a fin de mes. As\u00ed lo anunci\u00f3 a trav\u00e9s de la red social X el periodista de espect\u00e1culos Pablo Montagna. La principal raz\u00f3n de est\u00e1 decisi\u00f3n &hellip; <a href=\"https:\/\/amplitudmodulada.com.ar\/index.php\/noticia13656\/\" class=\"more-link\">Continu\u00e1 leyendo <span class=\"screen-reader-text\">Dejar\u00e1 de emitir a fin de mes FM Like<\/span><\/a><\/p>\n","protected":false},"author":1,"featured_media":0,"parent":0,"menu_order":0,"comment_status":"closed","ping_status":"closed","template":"","meta":{"footnotes":""},"class_list":["post-7153","page","type-page","status-publish","hentry"],"_links":{"self":[{"href":"https:\/\/amplitudmodulada.com.ar\/index.php\/wp-json\/wp\/v2\/pages\/7153","targetHints":{"allow":["GET"]}}],"collection":[{"href":"https:\/\/amplitudmodulada.com.ar\/index.php\/wp-json\/wp\/v2\/pages"}],"about":[{"href":"https:\/\/amplitudmodulada.com.ar\/index.php\/wp-json\/wp\/v2\/types\/page"}],"author":[{"embeddable":true,"href":"https:\/\/amplitudmodulada.com.ar\/index.php\/wp-json\/wp\/v2\/users\/1"}],"replies":[{"embeddable":true,"href":"https:\/\/amplitudmodulada.com.ar\/index.php\/wp-json\/wp\/v2\/comments?post=7153"}],"version-history":[{"count":2,"href":"https:\/\/amplitudmodulada.com.ar\/index.php\/wp-json\/wp\/v2\/pages\/7153\/revisions"}],"predecessor-version":[{"id":7157,"href":"https:\/\/amplitudmodulada.com.ar\/index.php\/wp-json\/wp\/v2\/pages\/7153\/revisions\/7157"}],"wp:attachment":[{"href":"https:\/\/amplitudmodulada.com.ar\/index.php\/wp-json\/wp\/v2\/media?parent=7153"}],"curies":[{"name":"wp","href":"https:\/\/api.w.org\/{rel}","templated":true}]}}

Dejará de emitir a fin de mes FM Like

<figure class="wp-block-image size-full"><img loading="lazy" decoding="async" width="100" height="100" src="http://amplitudmodulada.com.ar/wp-content/uploads/2025/05/fmlike-e1747002210746.png" alt="" class="wp-image-7155"/></figure>



<p>La emisora de Frecuencia Modulada FM Like, que opera el Grupo Octubre y que sale al aire en 89.5 Mhz. desde la Ciudad de Buenos Aires, dejará de emitir a fin de mes.</p>



<p>Así lo anunció a través de la red social X el periodista de espectáculos Pablo Montagna.</p>



<p>La principal razón de está decisión es que FM Like tiene el mismo perfil que Los40, la emisora de Frecuencia Modulada de LS4 Radio Continental, que recientemente se incorporó al conglomerado de medios del Grupo Octubre.</p>



<p>La frecuencia 89.5 pertenece al empresario Carlos Lorefice Lynch y se desconoce aún que se hará con la misma.</p>



<p>21.03.25</p>

<p>La emisora de Frecuencia Modulada FM Like, que opera el Grupo Octubre y que sale al aire en 89.5 Mhz. desde la Ciudad de Buenos Aires, dejará de emitir a fin de mes. Así lo anunció a través de la red social X el periodista de espectáculos Pablo Montagna. La principal razón de está decisión &hellip; <a href="https://amplitudmodulada.com.ar/index.php/noticia13656/" class="more-link">Continuá leyendo <span class="screen-reader-text">Dejará de emitir a fin de mes FM Like</span></a></p>
