{"id":7259,"date":"2025-05-25T21:16:08","date_gmt":"2025-05-26T00:16:08","guid":{"rendered":"https:\/\/amplitudmodulada.com.ar\/?page_id=7259"},"modified":"2025-05-25T21:16:26","modified_gmt":"2025-05-26T00:16:26","slug":"noticia13671","status":"publish","type":"page","link":"https:\/\/amplitudmodulada.com.ar\/index.php\/noticia13671\/","title":{"rendered":"AM Trece 70 cambia su denominaci\u00f3n"},"content":{"rendered":"\n<figure class=\"wp-block-image size-full\"><img loading=\"lazy\" decoding=\"async\" width=\"113\" height=\"100\" src=\"http:\/\/amplitudmodulada.com.ar\/wp-content\/uploads\/2025\/05\/1370-e1748218161277.png\" alt=\"\" class=\"wp-image-7261\"\/><\/figure>\n\n\n\n<p>Seg\u00fan destaca este s\u00e1bado 29 de marzo el sitio de Facebook Argentina en AM y FM, la emisora AM Trece 70 ha cambiado su denominaci\u00f3n y se identifica ahora como AM 1370 La Radio de Latino Once.<\/p>\n\n\n\n<p>Argentina en AM y FM se\u00f1ala que al parecer la emisora es ahora manejada por los propietarios de la Disco Latino Once, un establecimiento bailable ubicado en la zona cercana a Plaza Once, en la Ciudad de Buenos Aires.<\/p>\n\n\n\n<p>Esta emisora, recuerda el citado sitio de Facebook, comenz\u00f3 transmitiendo primero como AM 1310 Radio Cosmos y luego se traslad\u00f3 al 1370 Khz. y cambi\u00f3 su nombre por AM Trece 70.<\/p>\n\n\n\n<p>La radio se encuentra inscripta en el Censo de Medios instrumentado por la Autoridad Federal de Servicios de Comunicaci\u00f3n Audiovisual mediante la Resoluci\u00f3n 0001\/2009 y sus estudios est\u00e1n localizados en la avenida Cristian\u00eda 3747, de la localidad de Isidro Casanova, partido de la Matanza.<\/p>\n\n\n\n<p>31.03.25<\/p>\n","protected":false},"excerpt":{"rendered":"<p>Seg\u00fan destaca este s\u00e1bado 29 de marzo el sitio de Facebook Argentina en AM y FM, la emisora AM Trece 70 ha cambiado su denominaci\u00f3n y se identifica ahora como AM 1370 La Radio de Latino Once. Argentina en AM y FM se\u00f1ala que al parecer la emisora es ahora manejada por los propietarios de &hellip; <a href=\"https:\/\/amplitudmodulada.com.ar\/index.php\/noticia13671\/\" class=\"more-link\">Continu\u00e1 leyendo <span class=\"screen-reader-text\">AM Trece 70 cambia su denominaci\u00f3n<\/span><\/a><\/p>\n","protected":false},"author":1,"featured_media":0,"parent":0,"menu_order":0,"comment_status":"closed","ping_status":"closed","template":"","meta":{"footnotes":""},"class_list":["post-7259","page","type-page","status-publish","hentry"],"_links":{"self":[{"href":"https:\/\/amplitudmodulada.com.ar\/index.php\/wp-json\/wp\/v2\/pages\/7259","targetHints":{"allow":["GET"]}}],"collection":[{"href":"https:\/\/amplitudmodulada.com.ar\/index.php\/wp-json\/wp\/v2\/pages"}],"about":[{"href":"https:\/\/amplitudmodulada.com.ar\/index.php\/wp-json\/wp\/v2\/types\/page"}],"author":[{"embeddable":true,"href":"https:\/\/amplitudmodulada.com.ar\/index.php\/wp-json\/wp\/v2\/users\/1"}],"replies":[{"embeddable":true,"href":"https:\/\/amplitudmodulada.com.ar\/index.php\/wp-json\/wp\/v2\/comments?post=7259"}],"version-history":[{"count":1,"href":"https:\/\/amplitudmodulada.com.ar\/index.php\/wp-json\/wp\/v2\/pages\/7259\/revisions"}],"predecessor-version":[{"id":7262,"href":"https:\/\/amplitudmodulada.com.ar\/index.php\/wp-json\/wp\/v2\/pages\/7259\/revisions\/7262"}],"wp:attachment":[{"href":"https:\/\/amplitudmodulada.com.ar\/index.php\/wp-json\/wp\/v2\/media?parent=7259"}],"curies":[{"name":"wp","href":"https:\/\/api.w.org\/{rel}","templated":true}]}}

AM Trece 70 cambia su denominación

<figure class="wp-block-image size-full"><img loading="lazy" decoding="async" width="113" height="100" src="http://amplitudmodulada.com.ar/wp-content/uploads/2025/05/1370-e1748218161277.png" alt="" class="wp-image-7261"/></figure>



<p>Según destaca este sábado 29 de marzo el sitio de Facebook Argentina en AM y FM, la emisora AM Trece 70 ha cambiado su denominación y se identifica ahora como AM 1370 La Radio de Latino Once.</p>



<p>Argentina en AM y FM señala que al parecer la emisora es ahora manejada por los propietarios de la Disco Latino Once, un establecimiento bailable ubicado en la zona cercana a Plaza Once, en la Ciudad de Buenos Aires.</p>



<p>Esta emisora, recuerda el citado sitio de Facebook, comenzó transmitiendo primero como AM 1310 Radio Cosmos y luego se trasladó al 1370 Khz. y cambió su nombre por AM Trece 70.</p>



<p>La radio se encuentra inscripta en el Censo de Medios instrumentado por la Autoridad Federal de Servicios de Comunicación Audiovisual mediante la Resolución 0001/2009 y sus estudios están localizados en la avenida Cristianía 3747, de la localidad de Isidro Casanova, partido de la Matanza.</p>



<p>31.03.25</p>

<p>Según destaca este sábado 29 de marzo el sitio de Facebook Argentina en AM y FM, la emisora AM Trece 70 ha cambiado su denominación y se identifica ahora como AM 1370 La Radio de Latino Once. Argentina en AM y FM señala que al parecer la emisora es ahora manejada por los propietarios de &hellip; <a href="https://amplitudmodulada.com.ar/index.php/noticia13671/" class="more-link">Continuá leyendo <span class="screen-reader-text">AM Trece 70 cambia su denominación</span></a></p>
