{"id":7265,"date":"2025-05-26T20:53:40","date_gmt":"2025-05-26T23:53:40","guid":{"rendered":"https:\/\/amplitudmodulada.com.ar\/?page_id=7265"},"modified":"2025-05-26T21:04:13","modified_gmt":"2025-05-27T00:04:13","slug":"noticia13672","status":"publish","type":"page","link":"https:\/\/amplitudmodulada.com.ar\/index.php\/noticia13672\/","title":{"rendered":"Se cumplieron cincuenta y cinco a\u00f1os de la primera emisi\u00f3n de LV11 Radio Santiago del Estero"},"content":{"rendered":"\n<figure class=\"wp-block-image size-full\"><img loading=\"lazy\" decoding=\"async\" width=\"171\" height=\"100\" src=\"http:\/\/amplitudmodulada.com.ar\/wp-content\/uploads\/2024\/05\/LV11-e1714598560483.png\" alt=\"\" class=\"wp-image-1835\"\/><\/figure>\n\n\n\n<p>Se cumplieron este s\u00e1bado 29 de marzo cincuenta y cinco a\u00f1os de la primera emisi\u00f3n de LV11 Radio Santiago del Estero. <\/p>\n\n\n\n<p>Los or\u00edgenes de Radio Santiago del Estero se remontan al 15 de enero de 1937, cuando naci\u00f3 LV11 Radio del Norte, emisora integrada a la Cadena Radio Belgrano, que encabezaba el empresario Jaime Yankelevich.<\/p>\n\n\n\n<p>Radio del Norte fue la segunda emisora que se fund\u00f3 en el Norte Argentino, despu\u00e9s de LV7 Radio Tucum\u00e1n.<\/p>\n\n\n\n<p>La emisora se mantuvo bajo la \u00f3rbita del Estado Nacional hasta principios de la d\u00e9cada del 70, cuando se fund\u00f3 la filial de Radio Nacional en Santiago del Estero y se dividi\u00f3 en LV11 como emisora privada y LW5 Radio del Norte, que luego ces\u00f3 sus transmisiones y dio paso a LRA21 Radio Nacional Santiago del Estero.<\/p>\n\n\n\n<p>En marzo de 1970, LV11 se privatiz\u00f3 y pas\u00f3 a manos de Radiodifusora Santiago del Estero Sociedad An\u00f3nima, firma encabezada por Jos\u00e9 Mar\u00eda Cantos.<\/p>\n\n\n\n<p>31.03.25<\/p>\n","protected":false},"excerpt":{"rendered":"<p>Se cumplieron este s\u00e1bado 29 de marzo cincuenta y cinco a\u00f1os de la primera emisi\u00f3n de LV11 Radio Santiago del Estero. Los or\u00edgenes de Radio Santiago del Estero se remontan al 15 de enero de 1937, cuando naci\u00f3 LV11 Radio del Norte, emisora integrada a la Cadena Radio Belgrano, que encabezaba el empresario Jaime Yankelevich. &hellip; <a href=\"https:\/\/amplitudmodulada.com.ar\/index.php\/noticia13672\/\" class=\"more-link\">Continu\u00e1 leyendo <span class=\"screen-reader-text\">Se cumplieron cincuenta y cinco a\u00f1os de la primera emisi\u00f3n de LV11 Radio Santiago del Estero<\/span><\/a><\/p>\n","protected":false},"author":1,"featured_media":0,"parent":0,"menu_order":0,"comment_status":"closed","ping_status":"closed","template":"","meta":{"footnotes":""},"class_list":["post-7265","page","type-page","status-publish","hentry"],"_links":{"self":[{"href":"https:\/\/amplitudmodulada.com.ar\/index.php\/wp-json\/wp\/v2\/pages\/7265","targetHints":{"allow":["GET"]}}],"collection":[{"href":"https:\/\/amplitudmodulada.com.ar\/index.php\/wp-json\/wp\/v2\/pages"}],"about":[{"href":"https:\/\/amplitudmodulada.com.ar\/index.php\/wp-json\/wp\/v2\/types\/page"}],"author":[{"embeddable":true,"href":"https:\/\/amplitudmodulada.com.ar\/index.php\/wp-json\/wp\/v2\/users\/1"}],"replies":[{"embeddable":true,"href":"https:\/\/amplitudmodulada.com.ar\/index.php\/wp-json\/wp\/v2\/comments?post=7265"}],"version-history":[{"count":3,"href":"https:\/\/amplitudmodulada.com.ar\/index.php\/wp-json\/wp\/v2\/pages\/7265\/revisions"}],"predecessor-version":[{"id":7270,"href":"https:\/\/amplitudmodulada.com.ar\/index.php\/wp-json\/wp\/v2\/pages\/7265\/revisions\/7270"}],"wp:attachment":[{"href":"https:\/\/amplitudmodulada.com.ar\/index.php\/wp-json\/wp\/v2\/media?parent=7265"}],"curies":[{"name":"wp","href":"https:\/\/api.w.org\/{rel}","templated":true}]}}

Se cumplieron cincuenta y cinco años de la primera emisión de LV11 Radio Santiago del Estero

<figure class="wp-block-image size-full"><img loading="lazy" decoding="async" width="171" height="100" src="http://amplitudmodulada.com.ar/wp-content/uploads/2024/05/LV11-e1714598560483.png" alt="" class="wp-image-1835"/></figure>



<p>Se cumplieron este sábado 29 de marzo cincuenta y cinco años de la primera emisión de LV11 Radio Santiago del Estero. </p>



<p>Los orígenes de Radio Santiago del Estero se remontan al 15 de enero de 1937, cuando nació LV11 Radio del Norte, emisora integrada a la Cadena Radio Belgrano, que encabezaba el empresario Jaime Yankelevich.</p>



<p>Radio del Norte fue la segunda emisora que se fundó en el Norte Argentino, después de LV7 Radio Tucumán.</p>



<p>La emisora se mantuvo bajo la órbita del Estado Nacional hasta principios de la década del 70, cuando se fundó la filial de Radio Nacional en Santiago del Estero y se dividió en LV11 como emisora privada y LW5 Radio del Norte, que luego cesó sus transmisiones y dio paso a LRA21 Radio Nacional Santiago del Estero.</p>



<p>En marzo de 1970, LV11 se privatizó y pasó a manos de Radiodifusora Santiago del Estero Sociedad Anónima, firma encabezada por José María Cantos.</p>



<p>31.03.25</p>

<p>Se cumplieron este sábado 29 de marzo cincuenta y cinco años de la primera emisión de LV11 Radio Santiago del Estero. Los orígenes de Radio Santiago del Estero se remontan al 15 de enero de 1937, cuando nació LV11 Radio del Norte, emisora integrada a la Cadena Radio Belgrano, que encabezaba el empresario Jaime Yankelevich. &hellip; <a href="https://amplitudmodulada.com.ar/index.php/noticia13672/" class="more-link">Continuá leyendo <span class="screen-reader-text">Se cumplieron cincuenta y cinco años de la primera emisión de LV11 Radio Santiago del Estero</span></a></p>
