{"id":7303,"date":"2025-05-30T08:26:58","date_gmt":"2025-05-30T11:26:58","guid":{"rendered":"https:\/\/amplitudmodulada.com.ar\/?page_id=7303"},"modified":"2025-05-30T08:40:36","modified_gmt":"2025-05-30T11:40:36","slug":"noticia13677","status":"publish","type":"page","link":"https:\/\/amplitudmodulada.com.ar\/index.php\/noticia13677\/","title":{"rendered":"Presentan un proyecto de ley para privatizar los medios p\u00fablicos de la Ciudad de Buenos Aires"},"content":{"rendered":"\n<figure class=\"wp-block-image size-large is-resized\"><img loading=\"lazy\" decoding=\"async\" width=\"1024\" height=\"576\" src=\"http:\/\/amplitudmodulada.com.ar\/wp-content\/uploads\/2024\/01\/1110-1024x576.jpg\" alt=\"\" class=\"wp-image-685\" style=\"width:137px;height:auto\"\/><\/figure>\n\n\n\n<p>El legislador Jorge Mario Reta present\u00f3 en la Legislatura de la Ciudad de Buenos Aires un proyecto de ley para privatizar el Canal de la Ciudad, LS1 Radio de la Ciudad y la emisora de Frecuencia Modulada La 2&#215;4.<\/p>\n\n\n\n<p>La iniciativa presentada por el ex brigadier y legislador por la Libertad Avanza plantea la venta total de los medios p\u00fablicos porte\u00f1os a trav\u00e9s de una licitaci\u00f3n p\u00fablica.<\/p>\n\n\n\n<p>&#8220;Resulta imperativo limitar al Estado a sus funciones esenciales, evitando que se malgaste recursos p\u00fablicos en actividades que pueden ser desempe\u00f1adas de manera m\u00e1s eficiente y plural por la sociedad civil. La existencia de medios estatales en un ecosistema medi\u00e1tico profundamente diversificado atenta contra los principios de neutralidad y eficiencia&#8221;, se\u00f1ala el legislador.<\/p>\n\n\n\n<p>El proyecto otorga plenas facultades al Poder Ejecutivo para llevar a cabo la privatizaci\u00f3n, incluyendo la posibilidad de vender activos en litigio y definir arbitrariamente la metodolog\u00eda de tasaci\u00f3n.<\/p>\n\n\n\n<p>&#8220;Privatizar estos medios no solo contribuye a sanear las cuentas p\u00fablicas, sino que devuelve a los individuos la responsabilidad y la libertad de elegir y producir contenidos de manera aut\u00f3noma, en un mercado libre, competitivo y sin tutelas innecesarias del poder pol\u00edtico&#8221;, a\u00f1ade el proyecto.<\/p>\n\n\n\n<p>Pr\u00f3xima a cumplir setenta y ocho a\u00f1os, Radio de la Ciudad prepara por estas horas su mudanza al barrio de Palermo a ra\u00edz de las obras de reparaci\u00f3n encaradas en el Centro Cultural General San Mart\u00edn, sede hist\u00f3rica de los estudios de la emisora p\u00fablica.<\/p>\n\n\n\n<p>Fuente: <a href=\"http:\/\/www.infonews.com\" data-type=\"link\" data-id=\"www.infonews.com\" target=\"_blank\" rel=\"noreferrer noopener\">www.infonews.com<\/a> | Ciudad Aut\u00f3noma de Buenos Aires | 31.03.25<\/p>\n","protected":false},"excerpt":{"rendered":"<p>El legislador Jorge Mario Reta present\u00f3 en la Legislatura de la Ciudad de Buenos Aires un proyecto de ley para privatizar el Canal de la Ciudad, LS1 Radio de la Ciudad y la emisora de Frecuencia Modulada La 2&#215;4. La iniciativa presentada por el ex brigadier y legislador por la Libertad Avanza plantea la venta &hellip; <a href=\"https:\/\/amplitudmodulada.com.ar\/index.php\/noticia13677\/\" class=\"more-link\">Continu\u00e1 leyendo <span class=\"screen-reader-text\">Presentan un proyecto de ley para privatizar los medios p\u00fablicos de la Ciudad de Buenos Aires<\/span><\/a><\/p>\n","protected":false},"author":1,"featured_media":0,"parent":0,"menu_order":0,"comment_status":"closed","ping_status":"closed","template":"","meta":{"footnotes":""},"class_list":["post-7303","page","type-page","status-publish","hentry"],"_links":{"self":[{"href":"https:\/\/amplitudmodulada.com.ar\/index.php\/wp-json\/wp\/v2\/pages\/7303","targetHints":{"allow":["GET"]}}],"collection":[{"href":"https:\/\/amplitudmodulada.com.ar\/index.php\/wp-json\/wp\/v2\/pages"}],"about":[{"href":"https:\/\/amplitudmodulada.com.ar\/index.php\/wp-json\/wp\/v2\/types\/page"}],"author":[{"embeddable":true,"href":"https:\/\/amplitudmodulada.com.ar\/index.php\/wp-json\/wp\/v2\/users\/1"}],"replies":[{"embeddable":true,"href":"https:\/\/amplitudmodulada.com.ar\/index.php\/wp-json\/wp\/v2\/comments?post=7303"}],"version-history":[{"count":4,"href":"https:\/\/amplitudmodulada.com.ar\/index.php\/wp-json\/wp\/v2\/pages\/7303\/revisions"}],"predecessor-version":[{"id":7309,"href":"https:\/\/amplitudmodulada.com.ar\/index.php\/wp-json\/wp\/v2\/pages\/7303\/revisions\/7309"}],"wp:attachment":[{"href":"https:\/\/amplitudmodulada.com.ar\/index.php\/wp-json\/wp\/v2\/media?parent=7303"}],"curies":[{"name":"wp","href":"https:\/\/api.w.org\/{rel}","templated":true}]}}

Presentan un proyecto de ley para privatizar los medios públicos de la Ciudad de Buenos Aires

<figure class="wp-block-image size-large is-resized"><img loading="lazy" decoding="async" width="1024" height="576" src="http://amplitudmodulada.com.ar/wp-content/uploads/2024/01/1110-1024x576.jpg" alt="" class="wp-image-685" style="width:137px;height:auto"/></figure>



<p>El legislador Jorge Mario Reta presentó en la Legislatura de la Ciudad de Buenos Aires un proyecto de ley para privatizar el Canal de la Ciudad, LS1 Radio de la Ciudad y la emisora de Frecuencia Modulada La 2&#215;4.</p>



<p>La iniciativa presentada por el ex brigadier y legislador por la Libertad Avanza plantea la venta total de los medios públicos porteños a través de una licitación pública.</p>



<p>&#8220;Resulta imperativo limitar al Estado a sus funciones esenciales, evitando que se malgaste recursos públicos en actividades que pueden ser desempeñadas de manera más eficiente y plural por la sociedad civil. La existencia de medios estatales en un ecosistema mediático profundamente diversificado atenta contra los principios de neutralidad y eficiencia&#8221;, señala el legislador.</p>



<p>El proyecto otorga plenas facultades al Poder Ejecutivo para llevar a cabo la privatización, incluyendo la posibilidad de vender activos en litigio y definir arbitrariamente la metodología de tasación.</p>



<p>&#8220;Privatizar estos medios no solo contribuye a sanear las cuentas públicas, sino que devuelve a los individuos la responsabilidad y la libertad de elegir y producir contenidos de manera autónoma, en un mercado libre, competitivo y sin tutelas innecesarias del poder político&#8221;, añade el proyecto.</p>



<p>Próxima a cumplir setenta y ocho años, Radio de la Ciudad prepara por estas horas su mudanza al barrio de Palermo a raíz de las obras de reparación encaradas en el Centro Cultural General San Martín, sede histórica de los estudios de la emisora pública.</p>



<p>Fuente: <a href="http://www.infonews.com" data-type="link" data-id="www.infonews.com" target="_blank" rel="noreferrer noopener">www.infonews.com</a> | Ciudad Autónoma de Buenos Aires | 31.03.25</p>

<p>El legislador Jorge Mario Reta presentó en la Legislatura de la Ciudad de Buenos Aires un proyecto de ley para privatizar el Canal de la Ciudad, LS1 Radio de la Ciudad y la emisora de Frecuencia Modulada La 2&#215;4. La iniciativa presentada por el ex brigadier y legislador por la Libertad Avanza plantea la venta &hellip; <a href="https://amplitudmodulada.com.ar/index.php/noticia13677/" class="more-link">Continuá leyendo <span class="screen-reader-text">Presentan un proyecto de ley para privatizar los medios públicos de la Ciudad de Buenos Aires</span></a></p>
