{"id":7465,"date":"2025-06-14T14:31:19","date_gmt":"2025-06-14T17:31:19","guid":{"rendered":"https:\/\/amplitudmodulada.com.ar\/?page_id=7465"},"modified":"2025-06-14T14:40:19","modified_gmt":"2025-06-14T17:40:19","slug":"noticia13699","status":"publish","type":"page","link":"https:\/\/amplitudmodulada.com.ar\/index.php\/noticia13699\/","title":{"rendered":"LU5 Radio Neuqu\u00e9n cumple ochenta a\u00f1os en el aire"},"content":{"rendered":"\n<figure class=\"wp-block-image size-full\"><img loading=\"lazy\" decoding=\"async\" width=\"176\" height=\"70\" src=\"http:\/\/amplitudmodulada.com.ar\/wp-content\/uploads\/2024\/02\/LU5-e1708514001435.png\" alt=\"\" class=\"wp-image-975\"\/><\/figure>\n\n\n\n<p>Se cumplen este jueves 10 de abril ochenta a\u00f1os de la primera transmisi\u00f3n de LU5 Radio Neuqu\u00e9n.<\/p>\n\n\n\n<p>La primera transmisi\u00f3n de Radio Neuqu\u00e9n se concret\u00f3 el 10 de abril de 1945 desde el Hotel Confluencia como un eslab\u00f3n m\u00e1s de la Red Argentina de Emisoras Splendid.<\/p>\n\n\n\n<p>La emisora deb\u00eda haber sido inaugurada en 1939, pero debido al inicio de la Segunda Guerra Mundial, no se dispon\u00edan de los equipos y materiales necesarios para tal fin.<\/p>\n\n\n\n<p>Al momento de ser inaugurada, seis a\u00f1os despu\u00e9s, debido a la precariedad del fluido el\u00e9ctrico se transmit\u00eda por la ma\u00f1ana, entre las 10.00 y las 12.00 horas, y por la tarde, desde las 15.00 a las 23.00 horas.<\/p>\n\n\n\n<p>El director de Radio Neuqu\u00e9n, Esteban D&#8217;Aranno, agradeci\u00f3 durante el brindis de festejo &#8220;el esfuerzo y trabajo cotidiano&#8221; a todos los trabajadores de la radio y asegur\u00f3 que &#8220;todos somos parte de LU5&#8221;.<\/p>\n\n\n\n<p>Fuente: <a href=\"http:\/\/www.lmneuquen.com\" data-type=\"link\" data-id=\"www.lmneuquen.com\" target=\"_blank\" rel=\"noreferrer noopener\">www.lmneuquen.com<\/a> | Neuqu\u00e9n &#8211; Neuqu\u00e9n | 10.04.25<\/p>\n","protected":false},"excerpt":{"rendered":"<p>Se cumplen este jueves 10 de abril ochenta a\u00f1os de la primera transmisi\u00f3n de LU5 Radio Neuqu\u00e9n. La primera transmisi\u00f3n de Radio Neuqu\u00e9n se concret\u00f3 el 10 de abril de 1945 desde el Hotel Confluencia como un eslab\u00f3n m\u00e1s de la Red Argentina de Emisoras Splendid. La emisora deb\u00eda haber sido inaugurada en 1939, pero &hellip; <a href=\"https:\/\/amplitudmodulada.com.ar\/index.php\/noticia13699\/\" class=\"more-link\">Continu\u00e1 leyendo <span class=\"screen-reader-text\">LU5 Radio Neuqu\u00e9n cumple ochenta a\u00f1os en el aire<\/span><\/a><\/p>\n","protected":false},"author":1,"featured_media":0,"parent":0,"menu_order":0,"comment_status":"closed","ping_status":"closed","template":"","meta":{"footnotes":""},"class_list":["post-7465","page","type-page","status-publish","hentry"],"_links":{"self":[{"href":"https:\/\/amplitudmodulada.com.ar\/index.php\/wp-json\/wp\/v2\/pages\/7465","targetHints":{"allow":["GET"]}}],"collection":[{"href":"https:\/\/amplitudmodulada.com.ar\/index.php\/wp-json\/wp\/v2\/pages"}],"about":[{"href":"https:\/\/amplitudmodulada.com.ar\/index.php\/wp-json\/wp\/v2\/types\/page"}],"author":[{"embeddable":true,"href":"https:\/\/amplitudmodulada.com.ar\/index.php\/wp-json\/wp\/v2\/users\/1"}],"replies":[{"embeddable":true,"href":"https:\/\/amplitudmodulada.com.ar\/index.php\/wp-json\/wp\/v2\/comments?post=7465"}],"version-history":[{"count":2,"href":"https:\/\/amplitudmodulada.com.ar\/index.php\/wp-json\/wp\/v2\/pages\/7465\/revisions"}],"predecessor-version":[{"id":7468,"href":"https:\/\/amplitudmodulada.com.ar\/index.php\/wp-json\/wp\/v2\/pages\/7465\/revisions\/7468"}],"wp:attachment":[{"href":"https:\/\/amplitudmodulada.com.ar\/index.php\/wp-json\/wp\/v2\/media?parent=7465"}],"curies":[{"name":"wp","href":"https:\/\/api.w.org\/{rel}","templated":true}]}}

LU5 Radio Neuquén cumple ochenta años en el aire

<figure class="wp-block-image size-full"><img loading="lazy" decoding="async" width="176" height="70" src="http://amplitudmodulada.com.ar/wp-content/uploads/2024/02/LU5-e1708514001435.png" alt="" class="wp-image-975"/></figure>



<p>Se cumplen este jueves 10 de abril ochenta años de la primera transmisión de LU5 Radio Neuquén.</p>



<p>La primera transmisión de Radio Neuquén se concretó el 10 de abril de 1945 desde el Hotel Confluencia como un eslabón más de la Red Argentina de Emisoras Splendid.</p>



<p>La emisora debía haber sido inaugurada en 1939, pero debido al inicio de la Segunda Guerra Mundial, no se disponían de los equipos y materiales necesarios para tal fin.</p>



<p>Al momento de ser inaugurada, seis años después, debido a la precariedad del fluido eléctrico se transmitía por la mañana, entre las 10.00 y las 12.00 horas, y por la tarde, desde las 15.00 a las 23.00 horas.</p>



<p>El director de Radio Neuquén, Esteban D&#8217;Aranno, agradeció durante el brindis de festejo &#8220;el esfuerzo y trabajo cotidiano&#8221; a todos los trabajadores de la radio y aseguró que &#8220;todos somos parte de LU5&#8221;.</p>



<p>Fuente: <a href="http://www.lmneuquen.com" data-type="link" data-id="www.lmneuquen.com" target="_blank" rel="noreferrer noopener">www.lmneuquen.com</a> | Neuquén &#8211; Neuquén | 10.04.25</p>

<p>Se cumplen este jueves 10 de abril ochenta años de la primera transmisión de LU5 Radio Neuquén. La primera transmisión de Radio Neuquén se concretó el 10 de abril de 1945 desde el Hotel Confluencia como un eslabón más de la Red Argentina de Emisoras Splendid. La emisora debía haber sido inaugurada en 1939, pero &hellip; <a href="https://amplitudmodulada.com.ar/index.php/noticia13699/" class="more-link">Continuá leyendo <span class="screen-reader-text">LU5 Radio Neuquén cumple ochenta años en el aire</span></a></p>
