{"id":7554,"date":"2025-06-16T14:21:49","date_gmt":"2025-06-16T17:21:49","guid":{"rendered":"https:\/\/amplitudmodulada.com.ar\/?page_id=7554"},"modified":"2025-06-16T14:22:03","modified_gmt":"2025-06-16T17:22:03","slug":"noticia13713","status":"publish","type":"page","link":"https:\/\/amplitudmodulada.com.ar\/index.php\/noticia13713\/","title":{"rendered":"AM 750 transmitir\u00e1 en vivo desde la Feria del Libro"},"content":{"rendered":"\n<figure class=\"wp-block-image size-full\"><img loading=\"lazy\" decoding=\"async\" width=\"197\" height=\"55\" src=\"http:\/\/amplitudmodulada.com.ar\/wp-content\/uploads\/2025\/06\/Libro-e1750033881351.png\" alt=\"\" class=\"wp-image-7536\"\/><\/figure>\n\n\n\n<p>LRL203 AM 750 estar\u00e1 presente en la 49\u00ba edici\u00f3n de la Feria Internacional del Libro de Buenos Aires que se llevar\u00e1 a cabo a partir del jueves 24 de abril en el Predio Ferial La Rural de Palermo.<\/p>\n\n\n\n<p>La emisora del Grupo Octubre saldr\u00e1 al aire desde el cami\u00f3n de exteriores ubicado en el predio de lunes a viernes de 13.00 a 21.00 horas.<\/p>\n\n\n\n<p>AM 750 estar\u00e1 presente con charlas y actividades en el stand del Grupo Octubre y P\u00e1gina|12.<\/p>\n\n\n\n<p>Los programas &#8220;En el Ojo de la Tormenta&#8221;, &#8220;Escuch\u00e1 P\u00e1gina|12&#8221; y &#8220;Branca de Vuelta&#8221; saldr\u00e1n al aire desde la Feria del Libro.<\/p>\n\n\n\n<p>Fuente: <a href=\"http:\/\/www.pagina12.com.ar\" data-type=\"link\" data-id=\"www.pagina12.com.ar\" target=\"_blank\" rel=\"noreferrer noopener\">www.pagina12.com.ar<\/a> | Ciudad Aut\u00f3noma de Buenos Aires | 17.04.25<\/p>\n","protected":false},"excerpt":{"rendered":"<p>LRL203 AM 750 estar\u00e1 presente en la 49\u00ba edici\u00f3n de la Feria Internacional del Libro de Buenos Aires que se llevar\u00e1 a cabo a partir del jueves 24 de abril en el Predio Ferial La Rural de Palermo. La emisora del Grupo Octubre saldr\u00e1 al aire desde el cami\u00f3n de exteriores ubicado en el predio &hellip; <a href=\"https:\/\/amplitudmodulada.com.ar\/index.php\/noticia13713\/\" class=\"more-link\">Continu\u00e1 leyendo <span class=\"screen-reader-text\">AM 750 transmitir\u00e1 en vivo desde la Feria del Libro<\/span><\/a><\/p>\n","protected":false},"author":1,"featured_media":0,"parent":0,"menu_order":0,"comment_status":"closed","ping_status":"closed","template":"","meta":{"footnotes":""},"class_list":["post-7554","page","type-page","status-publish","hentry"],"_links":{"self":[{"href":"https:\/\/amplitudmodulada.com.ar\/index.php\/wp-json\/wp\/v2\/pages\/7554","targetHints":{"allow":["GET"]}}],"collection":[{"href":"https:\/\/amplitudmodulada.com.ar\/index.php\/wp-json\/wp\/v2\/pages"}],"about":[{"href":"https:\/\/amplitudmodulada.com.ar\/index.php\/wp-json\/wp\/v2\/types\/page"}],"author":[{"embeddable":true,"href":"https:\/\/amplitudmodulada.com.ar\/index.php\/wp-json\/wp\/v2\/users\/1"}],"replies":[{"embeddable":true,"href":"https:\/\/amplitudmodulada.com.ar\/index.php\/wp-json\/wp\/v2\/comments?post=7554"}],"version-history":[{"count":1,"href":"https:\/\/amplitudmodulada.com.ar\/index.php\/wp-json\/wp\/v2\/pages\/7554\/revisions"}],"predecessor-version":[{"id":7555,"href":"https:\/\/amplitudmodulada.com.ar\/index.php\/wp-json\/wp\/v2\/pages\/7554\/revisions\/7555"}],"wp:attachment":[{"href":"https:\/\/amplitudmodulada.com.ar\/index.php\/wp-json\/wp\/v2\/media?parent=7554"}],"curies":[{"name":"wp","href":"https:\/\/api.w.org\/{rel}","templated":true}]}}