{"id":7558,"date":"2025-06-16T14:39:12","date_gmt":"2025-06-16T17:39:12","guid":{"rendered":"https:\/\/amplitudmodulada.com.ar\/?page_id=7558"},"modified":"2025-06-16T15:14:23","modified_gmt":"2025-06-16T18:14:23","slug":"noticia13714","status":"publish","type":"page","link":"https:\/\/amplitudmodulada.com.ar\/index.php\/noticia13714\/","title":{"rendered":"LU17 Radio Golfo Nuevo realiza una cobertura especial del V\u00eda Crucis Submarino"},"content":{"rendered":"\n<figure class=\"wp-block-image size-full\"><img loading=\"lazy\" decoding=\"async\" width=\"152\" height=\"60\" src=\"http:\/\/amplitudmodulada.com.ar\/wp-content\/uploads\/2024\/02\/LU17-e1708187368984.png\" alt=\"\" class=\"wp-image-838\"\/><\/figure>\n\n\n\n<p>En el marco de la celebraci\u00f3n del Viernes Santo, LU17 Radio Golfo Nuevo realiza una cobertura en vivo y a trav\u00e9s de sus distintas plataformas del V\u00eda Crucis Submarino, un evento \u00fanico en el mundo que combina fe, cultura y un profundo simbolismo.<\/p>\n\n\n\n<p>La transmisi\u00f3n comenz\u00f3 este viernes a las 17.00 horas a trav\u00e9s de Radio Golfo Nuevo, FM 100.3 y <a href=\"http:\/\/www.lu17.com\" data-type=\"link\" data-id=\"www.lu17.com\" target=\"_blank\" rel=\"noreferrer noopener\">www.lu17.com<\/a> y cuenta con el trabajo de periodistas, locutores, t\u00e9cnicos y el equipo digital de la radio.<\/p>\n\n\n\n<p>La cobertura de Radio Golfo Nuevo seguir\u00e1 durante toda la jornada acompa\u00f1ando el V\u00eda Crucis Submarino, compartiendo im\u00e1genes, testimonio y la emoci\u00f3n de un evento que conecta lo espiritual con la historia viva de Puerto Madryn y de todo el pueblo patag\u00f3nico.<\/p>\n\n\n\n<p>Fuente: <a href=\"http:\/\/www.lu17.com\" data-type=\"link\" data-id=\"www.lu17.com\" target=\"_blank\" rel=\"noreferrer noopener\">www.lu17.com<\/a> | Puerto Madryn &#8211; Chubut | 18.04.25<\/p>\n","protected":false},"excerpt":{"rendered":"<p>En el marco de la celebraci\u00f3n del Viernes Santo, LU17 Radio Golfo Nuevo realiza una cobertura en vivo y a trav\u00e9s de sus distintas plataformas del V\u00eda Crucis Submarino, un evento \u00fanico en el mundo que combina fe, cultura y un profundo simbolismo. La transmisi\u00f3n comenz\u00f3 este viernes a las 17.00 horas a trav\u00e9s de &hellip; <a href=\"https:\/\/amplitudmodulada.com.ar\/index.php\/noticia13714\/\" class=\"more-link\">Continu\u00e1 leyendo <span class=\"screen-reader-text\">LU17 Radio Golfo Nuevo realiza una cobertura especial del V\u00eda Crucis Submarino<\/span><\/a><\/p>\n","protected":false},"author":1,"featured_media":0,"parent":0,"menu_order":0,"comment_status":"closed","ping_status":"closed","template":"","meta":{"footnotes":""},"class_list":["post-7558","page","type-page","status-publish","hentry"],"_links":{"self":[{"href":"https:\/\/amplitudmodulada.com.ar\/index.php\/wp-json\/wp\/v2\/pages\/7558","targetHints":{"allow":["GET"]}}],"collection":[{"href":"https:\/\/amplitudmodulada.com.ar\/index.php\/wp-json\/wp\/v2\/pages"}],"about":[{"href":"https:\/\/amplitudmodulada.com.ar\/index.php\/wp-json\/wp\/v2\/types\/page"}],"author":[{"embeddable":true,"href":"https:\/\/amplitudmodulada.com.ar\/index.php\/wp-json\/wp\/v2\/users\/1"}],"replies":[{"embeddable":true,"href":"https:\/\/amplitudmodulada.com.ar\/index.php\/wp-json\/wp\/v2\/comments?post=7558"}],"version-history":[{"count":3,"href":"https:\/\/amplitudmodulada.com.ar\/index.php\/wp-json\/wp\/v2\/pages\/7558\/revisions"}],"predecessor-version":[{"id":7563,"href":"https:\/\/amplitudmodulada.com.ar\/index.php\/wp-json\/wp\/v2\/pages\/7558\/revisions\/7563"}],"wp:attachment":[{"href":"https:\/\/amplitudmodulada.com.ar\/index.php\/wp-json\/wp\/v2\/media?parent=7558"}],"curies":[{"name":"wp","href":"https:\/\/api.w.org\/{rel}","templated":true}]}}

LU17 Radio Golfo Nuevo realiza una cobertura especial del Vía Crucis Submarino

<figure class="wp-block-image size-full"><img loading="lazy" decoding="async" width="152" height="60" src="http://amplitudmodulada.com.ar/wp-content/uploads/2024/02/LU17-e1708187368984.png" alt="" class="wp-image-838"/></figure>



<p>En el marco de la celebración del Viernes Santo, LU17 Radio Golfo Nuevo realiza una cobertura en vivo y a través de sus distintas plataformas del Vía Crucis Submarino, un evento único en el mundo que combina fe, cultura y un profundo simbolismo.</p>



<p>La transmisión comenzó este viernes a las 17.00 horas a través de Radio Golfo Nuevo, FM 100.3 y <a href="http://www.lu17.com" data-type="link" data-id="www.lu17.com" target="_blank" rel="noreferrer noopener">www.lu17.com</a> y cuenta con el trabajo de periodistas, locutores, técnicos y el equipo digital de la radio.</p>



<p>La cobertura de Radio Golfo Nuevo seguirá durante toda la jornada acompañando el Vía Crucis Submarino, compartiendo imágenes, testimonio y la emoción de un evento que conecta lo espiritual con la historia viva de Puerto Madryn y de todo el pueblo patagónico.</p>



<p>Fuente: <a href="http://www.lu17.com" data-type="link" data-id="www.lu17.com" target="_blank" rel="noreferrer noopener">www.lu17.com</a> | Puerto Madryn &#8211; Chubut | 18.04.25</p>

<p>En el marco de la celebración del Viernes Santo, LU17 Radio Golfo Nuevo realiza una cobertura en vivo y a través de sus distintas plataformas del Vía Crucis Submarino, un evento único en el mundo que combina fe, cultura y un profundo simbolismo. La transmisión comenzó este viernes a las 17.00 horas a través de &hellip; <a href="https://amplitudmodulada.com.ar/index.php/noticia13714/" class="more-link">Continuá leyendo <span class="screen-reader-text">LU17 Radio Golfo Nuevo realiza una cobertura especial del Vía Crucis Submarino</span></a></p>
