{"id":7592,"date":"2025-06-17T21:35:01","date_gmt":"2025-06-18T00:35:01","guid":{"rendered":"https:\/\/amplitudmodulada.com.ar\/?page_id=7592"},"modified":"2025-06-17T21:41:38","modified_gmt":"2025-06-18T00:41:38","slug":"noticia13719","status":"publish","type":"page","link":"https:\/\/amplitudmodulada.com.ar\/index.php\/noticia13719\/","title":{"rendered":"FM Norte de Goya retransmitir\u00e1 la se\u00f1al de Radio Splendid"},"content":{"rendered":"\n<figure class=\"wp-block-image size-full\"><img loading=\"lazy\" decoding=\"async\" width=\"93\" height=\"90\" src=\"http:\/\/amplitudmodulada.com.ar\/wp-content\/uploads\/2025\/04\/991-e1745514775112.png\" alt=\"\" class=\"wp-image-6910\"\/><\/figure>\n\n\n\n<p>A partir de este lunes 21 de abril, la emisora de Frecuencia Modulada de Goya FM Norte retransmitir\u00e1 la se\u00f1al de LR4 Radio Splendid. FM Norte sale al aire en 104.1 Mhz.<\/p>\n\n\n\n<p>En tanto, la semana pasada Radio Splendid, emisora que opera el Grupo Alpha Media, formaliz\u00f3 el relanzamiento de su programaci\u00f3n que cuenta entre sus principales figuras a Antonio Fern\u00e1ndez Llorente, Fabi\u00e1n Doman, Rolando Gra\u00f1a, Mariano Closs y Patricio Barton.<\/p>\n\n\n\n<p>Fuente: <a href=\"http:\/\/www.diarioprimerahora.com\" data-type=\"link\" data-id=\"www.diarioprimerahora.com\" target=\"_blank\" rel=\"noreferrer noopener\">www.diarioprimerahora.com<\/a> | Goya &#8211; Corrientes | 21.04.25<\/p>\n","protected":false},"excerpt":{"rendered":"<p>A partir de este lunes 21 de abril, la emisora de Frecuencia Modulada de Goya FM Norte retransmitir\u00e1 la se\u00f1al de LR4 Radio Splendid. FM Norte sale al aire en 104.1 Mhz. En tanto, la semana pasada Radio Splendid, emisora que opera el Grupo Alpha Media, formaliz\u00f3 el relanzamiento de su programaci\u00f3n que cuenta entre &hellip; <a href=\"https:\/\/amplitudmodulada.com.ar\/index.php\/noticia13719\/\" class=\"more-link\">Continu\u00e1 leyendo <span class=\"screen-reader-text\">FM Norte de Goya retransmitir\u00e1 la se\u00f1al de Radio Splendid<\/span><\/a><\/p>\n","protected":false},"author":1,"featured_media":0,"parent":0,"menu_order":0,"comment_status":"closed","ping_status":"closed","template":"","meta":{"footnotes":""},"class_list":["post-7592","page","type-page","status-publish","hentry"],"_links":{"self":[{"href":"https:\/\/amplitudmodulada.com.ar\/index.php\/wp-json\/wp\/v2\/pages\/7592","targetHints":{"allow":["GET"]}}],"collection":[{"href":"https:\/\/amplitudmodulada.com.ar\/index.php\/wp-json\/wp\/v2\/pages"}],"about":[{"href":"https:\/\/amplitudmodulada.com.ar\/index.php\/wp-json\/wp\/v2\/types\/page"}],"author":[{"embeddable":true,"href":"https:\/\/amplitudmodulada.com.ar\/index.php\/wp-json\/wp\/v2\/users\/1"}],"replies":[{"embeddable":true,"href":"https:\/\/amplitudmodulada.com.ar\/index.php\/wp-json\/wp\/v2\/comments?post=7592"}],"version-history":[{"count":2,"href":"https:\/\/amplitudmodulada.com.ar\/index.php\/wp-json\/wp\/v2\/pages\/7592\/revisions"}],"predecessor-version":[{"id":7595,"href":"https:\/\/amplitudmodulada.com.ar\/index.php\/wp-json\/wp\/v2\/pages\/7592\/revisions\/7595"}],"wp:attachment":[{"href":"https:\/\/amplitudmodulada.com.ar\/index.php\/wp-json\/wp\/v2\/media?parent=7592"}],"curies":[{"name":"wp","href":"https:\/\/api.w.org\/{rel}","templated":true}]}}

FM Norte de Goya retransmitirá la señal de Radio Splendid

<figure class="wp-block-image size-full"><img loading="lazy" decoding="async" width="93" height="90" src="http://amplitudmodulada.com.ar/wp-content/uploads/2025/04/991-e1745514775112.png" alt="" class="wp-image-6910"/></figure>



<p>A partir de este lunes 21 de abril, la emisora de Frecuencia Modulada de Goya FM Norte retransmitirá la señal de LR4 Radio Splendid. FM Norte sale al aire en 104.1 Mhz.</p>



<p>En tanto, la semana pasada Radio Splendid, emisora que opera el Grupo Alpha Media, formalizó el relanzamiento de su programación que cuenta entre sus principales figuras a Antonio Fernández Llorente, Fabián Doman, Rolando Graña, Mariano Closs y Patricio Barton.</p>



<p>Fuente: <a href="http://www.diarioprimerahora.com" data-type="link" data-id="www.diarioprimerahora.com" target="_blank" rel="noreferrer noopener">www.diarioprimerahora.com</a> | Goya &#8211; Corrientes | 21.04.25</p>

<p>A partir de este lunes 21 de abril, la emisora de Frecuencia Modulada de Goya FM Norte retransmitirá la señal de LR4 Radio Splendid. FM Norte sale al aire en 104.1 Mhz. En tanto, la semana pasada Radio Splendid, emisora que opera el Grupo Alpha Media, formalizó el relanzamiento de su programación que cuenta entre &hellip; <a href="https://amplitudmodulada.com.ar/index.php/noticia13719/" class="more-link">Continuá leyendo <span class="screen-reader-text">FM Norte de Goya retransmitirá la señal de Radio Splendid</span></a></p>
