{"id":7720,"date":"2025-06-29T20:28:02","date_gmt":"2025-06-29T23:28:02","guid":{"rendered":"https:\/\/amplitudmodulada.com.ar\/?page_id=7720"},"modified":"2025-06-29T20:39:53","modified_gmt":"2025-06-29T23:39:53","slug":"noticia13739","status":"publish","type":"page","link":"https:\/\/amplitudmodulada.com.ar\/index.php\/noticia13739\/","title":{"rendered":"Guillermo Garc\u00eda: &#8220;Hoy el oyente tiene mucho m\u00e1s para decir y es muy importante&#8221;"},"content":{"rendered":"\n<figure class=\"wp-block-image size-full\"><img loading=\"lazy\" decoding=\"async\" width=\"93\" height=\"90\" src=\"http:\/\/amplitudmodulada.com.ar\/wp-content\/uploads\/2025\/04\/991-e1745514775112.png\" alt=\"\" class=\"wp-image-6910\"\/><\/figure>\n\n\n\n<p>El director de Programaci\u00f3n de LR4 Radio Splendid, Guillermo Garc\u00eda, detall\u00f3 los cambios de programaci\u00f3n de la emisora y valor\u00f3 el rol clave del oyente. &#8220;Hoy el oyente tiene mucho m\u00e1s para decir y es muy importante&#8221;, asegur\u00f3.<\/p>\n\n\n\n<p>La emisora lanz\u00f3 a comienzos de abril su nueva programaci\u00f3n, encabezada por Mariano Closs, Rolando Gra\u00f1a, Fabi\u00e1n Doman, Antonio Fern\u00e1ndez Llorente y Patricio Barton. <\/p>\n\n\n\n<p>&#8220;La oferta de programaci\u00f3n es muy interesante al punto de que es muy completamente abierta, est\u00e1n todas las voces. Queremos que la gente vuelva a tener a Splendid en su presinton\u00eda&#8221;, se\u00f1al\u00f3 Guillermo Garc\u00eda, en di\u00e1logo con el portal Totalmedios.<\/p>\n\n\n\n<p>Adem\u00e1s de su fuerte presencia en la Ciudad de Buenos Aires y el Gran Buenos Aires, Radio Splendid cuenta actualmente con diecis\u00e9is repetidoras en distintas provincias del pa\u00eds, entre ellas C\u00f3rdoba, Santa Fe, San Juan, Neuqu\u00e9n y San Luis.<\/p>\n\n\n\n<p>&#8220;Hoy hay que pensar en una radio digital, que se aproxime a la gente y sea f\u00e1cil de consumir. Esto se logra, en parte, gracias al streaming y a las redes sociales, que permiten llegar a todo el pa\u00eds&#8221;, a\u00f1adi\u00f3 el directivo.<\/p>\n\n\n\n<p>Fuente: <a href=\"http:\/\/www.totalmedios.com\" data-type=\"link\" data-id=\"www.totalmedios.com\" target=\"_blank\" rel=\"noreferrer noopener\">www.totalmedios.com<\/a> | Ciudad Aut\u00f3noma de Buenos Aires | 30.04.25<\/p>\n","protected":false},"excerpt":{"rendered":"<p>El director de Programaci\u00f3n de LR4 Radio Splendid, Guillermo Garc\u00eda, detall\u00f3 los cambios de programaci\u00f3n de la emisora y valor\u00f3 el rol clave del oyente. &#8220;Hoy el oyente tiene mucho m\u00e1s para decir y es muy importante&#8221;, asegur\u00f3. La emisora lanz\u00f3 a comienzos de abril su nueva programaci\u00f3n, encabezada por Mariano Closs, Rolando Gra\u00f1a, Fabi\u00e1n &hellip; <a href=\"https:\/\/amplitudmodulada.com.ar\/index.php\/noticia13739\/\" class=\"more-link\">Continu\u00e1 leyendo <span class=\"screen-reader-text\">Guillermo Garc\u00eda: &#8220;Hoy el oyente tiene mucho m\u00e1s para decir y es muy importante&#8221;<\/span><\/a><\/p>\n","protected":false},"author":1,"featured_media":0,"parent":0,"menu_order":0,"comment_status":"closed","ping_status":"closed","template":"","meta":{"footnotes":""},"class_list":["post-7720","page","type-page","status-publish","hentry"],"_links":{"self":[{"href":"https:\/\/amplitudmodulada.com.ar\/index.php\/wp-json\/wp\/v2\/pages\/7720","targetHints":{"allow":["GET"]}}],"collection":[{"href":"https:\/\/amplitudmodulada.com.ar\/index.php\/wp-json\/wp\/v2\/pages"}],"about":[{"href":"https:\/\/amplitudmodulada.com.ar\/index.php\/wp-json\/wp\/v2\/types\/page"}],"author":[{"embeddable":true,"href":"https:\/\/amplitudmodulada.com.ar\/index.php\/wp-json\/wp\/v2\/users\/1"}],"replies":[{"embeddable":true,"href":"https:\/\/amplitudmodulada.com.ar\/index.php\/wp-json\/wp\/v2\/comments?post=7720"}],"version-history":[{"count":2,"href":"https:\/\/amplitudmodulada.com.ar\/index.php\/wp-json\/wp\/v2\/pages\/7720\/revisions"}],"predecessor-version":[{"id":7723,"href":"https:\/\/amplitudmodulada.com.ar\/index.php\/wp-json\/wp\/v2\/pages\/7720\/revisions\/7723"}],"wp:attachment":[{"href":"https:\/\/amplitudmodulada.com.ar\/index.php\/wp-json\/wp\/v2\/media?parent=7720"}],"curies":[{"name":"wp","href":"https:\/\/api.w.org\/{rel}","templated":true}]}}

Guillermo García: &#8220;Hoy el oyente tiene mucho más para decir y es muy importante&#8221;

<figure class="wp-block-image size-full"><img loading="lazy" decoding="async" width="93" height="90" src="http://amplitudmodulada.com.ar/wp-content/uploads/2025/04/991-e1745514775112.png" alt="" class="wp-image-6910"/></figure>



<p>El director de Programación de LR4 Radio Splendid, Guillermo García, detalló los cambios de programación de la emisora y valoró el rol clave del oyente. &#8220;Hoy el oyente tiene mucho más para decir y es muy importante&#8221;, aseguró.</p>



<p>La emisora lanzó a comienzos de abril su nueva programación, encabezada por Mariano Closs, Rolando Graña, Fabián Doman, Antonio Fernández Llorente y Patricio Barton. </p>



<p>&#8220;La oferta de programación es muy interesante al punto de que es muy completamente abierta, están todas las voces. Queremos que la gente vuelva a tener a Splendid en su presintonía&#8221;, señaló Guillermo García, en diálogo con el portal Totalmedios.</p>



<p>Además de su fuerte presencia en la Ciudad de Buenos Aires y el Gran Buenos Aires, Radio Splendid cuenta actualmente con dieciséis repetidoras en distintas provincias del país, entre ellas Córdoba, Santa Fe, San Juan, Neuquén y San Luis.</p>



<p>&#8220;Hoy hay que pensar en una radio digital, que se aproxime a la gente y sea fácil de consumir. Esto se logra, en parte, gracias al streaming y a las redes sociales, que permiten llegar a todo el país&#8221;, añadió el directivo.</p>



<p>Fuente: <a href="http://www.totalmedios.com" data-type="link" data-id="www.totalmedios.com" target="_blank" rel="noreferrer noopener">www.totalmedios.com</a> | Ciudad Autónoma de Buenos Aires | 30.04.25</p>

<p>El director de Programación de LR4 Radio Splendid, Guillermo García, detalló los cambios de programación de la emisora y valoró el rol clave del oyente. &#8220;Hoy el oyente tiene mucho más para decir y es muy importante&#8221;, aseguró. La emisora lanzó a comienzos de abril su nueva programación, encabezada por Mariano Closs, Rolando Graña, Fabián &hellip; <a href="https://amplitudmodulada.com.ar/index.php/noticia13739/" class="more-link">Continuá leyendo <span class="screen-reader-text">Guillermo García: &#8220;Hoy el oyente tiene mucho más para decir y es muy importante&#8221;</span></a></p>
