{"id":7726,"date":"2025-06-30T18:52:37","date_gmt":"2025-06-30T21:52:37","guid":{"rendered":"https:\/\/amplitudmodulada.com.ar\/?page_id=7726"},"modified":"2025-06-30T19:03:13","modified_gmt":"2025-06-30T22:03:13","slug":"noticia13740","status":"publish","type":"page","link":"https:\/\/amplitudmodulada.com.ar\/index.php\/noticia13740\/","title":{"rendered":"LU14 Radio Provincia de Santa Cruz celebr\u00f3 sus sesenta y cuatro a\u00f1os de vida"},"content":{"rendered":"\n<figure class=\"wp-block-image size-full\"><img loading=\"lazy\" decoding=\"async\" width=\"106\" height=\"110\" src=\"http:\/\/amplitudmodulada.com.ar\/wp-content\/uploads\/2025\/01\/LU14-e1735940059230.png\" alt=\"\" class=\"wp-image-5088\"\/><\/figure>\n\n\n\n<p>LU14 Radio Provincia de Santa Cruz celebr\u00f3 este jueves 1\u00ba de mayo su 64\u00ba aniversario con una programaci\u00f3n especial que reuni\u00f3 a ex trabajadores y figuras emblem\u00e1ticas de la emisora.<\/p>\n\n\n\n<p>La jornada comenz\u00f3 con la cobertura del acto encabezado por el gobernador Claudio Vidal, donde se anunciaron importantes obras p\u00fablicas, inversiones en educaci\u00f3n y desarrollo productivo para la provincia.<\/p>\n\n\n\n<p>A partir del mediod\u00eda, la transmisi\u00f3n se traslad\u00f3 al Estudio Mayor Susana Sumer, donde se desarrollaron bloques tem\u00e1ticos con la participaci\u00f3n de locutores, operadores, periodistas y referentes del folklore.<\/p>\n\n\n\n<p>Tambi\u00e9n hubo m\u00fasica en vivo con la presentaci\u00f3n de bandas santacruce\u00f1as.<\/p>\n\n\n\n<p>Asimismo y como es habitual en cada aniversario, se rindi\u00f3 homenaje a una de las voces hist\u00f3rica de la emisora.<\/p>\n\n\n\n<p>En esta ocasi\u00f3n, el reconocimiento fue para la reconocida locutora Marta Agesta, quien fue `protagonista de un sentido bloque en el que se repas\u00f3 parte de su trayectoria y compa\u00f1eros de distintos a\u00f1os compartieron recuerdos y palabras sobre su presencia en la radio p\u00fablica.<\/p>\n\n\n\n<p>A lo largo de la jornada, trabajadores y trabajadoras de Radio Provincia de Santa Cruz expresaron que significa la emisora para cada uno de ellos.<\/p>\n\n\n\n<p>Entre relatos y an\u00e9cdotas, la transmisi\u00f3n fue tambi\u00e9n un homenaje colectivo a la pasi\u00f3n, el compromiso y la identidad que representa la radio para la comunidad.<\/p>\n\n\n\n<p>Radio Provincia de Santa Cruz sale al aire en 830 Khz.<\/p>\n\n\n\n<p>Fuente: <a href=\"http:\/\/www.noticias.santacruz.gob.ar\" data-type=\"link\" data-id=\"www.noticias.santacruz.gob.ar\" target=\"_blank\" rel=\"noreferrer noopener\">www.noticias.santacruz.gob.ar<\/a> | R\u00edo Gallegos &#8211; Santa Cruz | 01.05.25<\/p>\n","protected":false},"excerpt":{"rendered":"<p>LU14 Radio Provincia de Santa Cruz celebr\u00f3 este jueves 1\u00ba de mayo su 64\u00ba aniversario con una programaci\u00f3n especial que reuni\u00f3 a ex trabajadores y figuras emblem\u00e1ticas de la emisora. La jornada comenz\u00f3 con la cobertura del acto encabezado por el gobernador Claudio Vidal, donde se anunciaron importantes obras p\u00fablicas, inversiones en educaci\u00f3n y desarrollo &hellip; <a href=\"https:\/\/amplitudmodulada.com.ar\/index.php\/noticia13740\/\" class=\"more-link\">Continu\u00e1 leyendo <span class=\"screen-reader-text\">LU14 Radio Provincia de Santa Cruz celebr\u00f3 sus sesenta y cuatro a\u00f1os de vida<\/span><\/a><\/p>\n","protected":false},"author":1,"featured_media":0,"parent":0,"menu_order":0,"comment_status":"closed","ping_status":"closed","template":"","meta":{"footnotes":""},"class_list":["post-7726","page","type-page","status-publish","hentry"],"_links":{"self":[{"href":"https:\/\/amplitudmodulada.com.ar\/index.php\/wp-json\/wp\/v2\/pages\/7726","targetHints":{"allow":["GET"]}}],"collection":[{"href":"https:\/\/amplitudmodulada.com.ar\/index.php\/wp-json\/wp\/v2\/pages"}],"about":[{"href":"https:\/\/amplitudmodulada.com.ar\/index.php\/wp-json\/wp\/v2\/types\/page"}],"author":[{"embeddable":true,"href":"https:\/\/amplitudmodulada.com.ar\/index.php\/wp-json\/wp\/v2\/users\/1"}],"replies":[{"embeddable":true,"href":"https:\/\/amplitudmodulada.com.ar\/index.php\/wp-json\/wp\/v2\/comments?post=7726"}],"version-history":[{"count":2,"href":"https:\/\/amplitudmodulada.com.ar\/index.php\/wp-json\/wp\/v2\/pages\/7726\/revisions"}],"predecessor-version":[{"id":7729,"href":"https:\/\/amplitudmodulada.com.ar\/index.php\/wp-json\/wp\/v2\/pages\/7726\/revisions\/7729"}],"wp:attachment":[{"href":"https:\/\/amplitudmodulada.com.ar\/index.php\/wp-json\/wp\/v2\/media?parent=7726"}],"curies":[{"name":"wp","href":"https:\/\/api.w.org\/{rel}","templated":true}]}}

LU14 Radio Provincia de Santa Cruz celebró sus sesenta y cuatro años de vida

<figure class="wp-block-image size-full"><img loading="lazy" decoding="async" width="106" height="110" src="http://amplitudmodulada.com.ar/wp-content/uploads/2025/01/LU14-e1735940059230.png" alt="" class="wp-image-5088"/></figure>



<p>LU14 Radio Provincia de Santa Cruz celebró este jueves 1º de mayo su 64º aniversario con una programación especial que reunió a ex trabajadores y figuras emblemáticas de la emisora.</p>



<p>La jornada comenzó con la cobertura del acto encabezado por el gobernador Claudio Vidal, donde se anunciaron importantes obras públicas, inversiones en educación y desarrollo productivo para la provincia.</p>



<p>A partir del mediodía, la transmisión se trasladó al Estudio Mayor Susana Sumer, donde se desarrollaron bloques temáticos con la participación de locutores, operadores, periodistas y referentes del folklore.</p>



<p>También hubo música en vivo con la presentación de bandas santacruceñas.</p>



<p>Asimismo y como es habitual en cada aniversario, se rindió homenaje a una de las voces histórica de la emisora.</p>



<p>En esta ocasión, el reconocimiento fue para la reconocida locutora Marta Agesta, quien fue `protagonista de un sentido bloque en el que se repasó parte de su trayectoria y compañeros de distintos años compartieron recuerdos y palabras sobre su presencia en la radio pública.</p>



<p>A lo largo de la jornada, trabajadores y trabajadoras de Radio Provincia de Santa Cruz expresaron que significa la emisora para cada uno de ellos.</p>



<p>Entre relatos y anécdotas, la transmisión fue también un homenaje colectivo a la pasión, el compromiso y la identidad que representa la radio para la comunidad.</p>



<p>Radio Provincia de Santa Cruz sale al aire en 830 Khz.</p>



<p>Fuente: <a href="http://www.noticias.santacruz.gob.ar" data-type="link" data-id="www.noticias.santacruz.gob.ar" target="_blank" rel="noreferrer noopener">www.noticias.santacruz.gob.ar</a> | Río Gallegos &#8211; Santa Cruz | 01.05.25</p>

<p>LU14 Radio Provincia de Santa Cruz celebró este jueves 1º de mayo su 64º aniversario con una programación especial que reunió a ex trabajadores y figuras emblemáticas de la emisora. La jornada comenzó con la cobertura del acto encabezado por el gobernador Claudio Vidal, donde se anunciaron importantes obras públicas, inversiones en educación y desarrollo &hellip; <a href="https://amplitudmodulada.com.ar/index.php/noticia13740/" class="more-link">Continuá leyendo <span class="screen-reader-text">LU14 Radio Provincia de Santa Cruz celebró sus sesenta y cuatro años de vida</span></a></p>
