{"id":7871,"date":"2025-07-09T21:09:54","date_gmt":"2025-07-10T00:09:54","guid":{"rendered":"https:\/\/amplitudmodulada.com.ar\/?page_id=7871"},"modified":"2025-07-09T21:19:27","modified_gmt":"2025-07-10T00:19:27","slug":"noticia13760","status":"publish","type":"page","link":"https:\/\/amplitudmodulada.com.ar\/index.php\/noticia13760\/","title":{"rendered":"Cadena 3 lanza la segunda edici\u00f3n de &#8220;Sue\u00f1os de Radio&#8221;"},"content":{"rendered":"\n<figure class=\"wp-block-image size-full\"><img loading=\"lazy\" decoding=\"async\" width=\"169\" height=\"55\" src=\"http:\/\/amplitudmodulada.com.ar\/wp-content\/uploads\/2024\/02\/cadena3-e1709142729643.png\" alt=\"\" class=\"wp-image-1072\"\/><\/figure>\n\n\n\n<p>Tras la exitosa primera edici\u00f3n, Cadena 3 lanza la edici\u00f3n 2025 de &#8220;Sue\u00f1os de Radio&#8221;, el certamen que promueve la creatividad, el aprendizaje y la participaci\u00f3n activa de estudiantes secundarios de escuelas p\u00fablicas y privadas a trav\u00e9s de la elaboraci\u00f3n de programas de radio.<\/p>\n\n\n\n<p>Este a\u00f1o el concurso es para establecimientos educativos de localidades y ciudades de hasta cien mil habitantes.<\/p>\n\n\n\n<p>Asimismo, este a\u00f1o el certamen habilita cuatro categor\u00edas tem\u00e1ticas para que los alumnos participen con sus demos radiales: turismo, ambiente, tecnolog\u00eda y campo.<\/p>\n\n\n\n<p>El concurso finaliza el lunes 18 de agosto, fecha l\u00edmite para que las escuelas participantes env\u00eden sus trabajos radiales.<\/p>\n\n\n\n<p>A mediados de septiembre se anunciar\u00e1n los ganadores del certamen, a quienes se les entregar\u00e1n radios digitales completas para sus establecimientos.<\/p>\n\n\n\n<p>Fuente: <a href=\"http:\/\/www.cadena3.com\" data-type=\"link\" data-id=\"www.cadena3.com\" target=\"_blank\" rel=\"noreferrer noopener\">www.cadena3.com<\/a> | C\u00f3rdoba &#8211; C\u00f3rdoba | 15.05.25<\/p>\n\n\n\n<p><\/p>\n","protected":false},"excerpt":{"rendered":"<p>Tras la exitosa primera edici\u00f3n, Cadena 3 lanza la edici\u00f3n 2025 de &#8220;Sue\u00f1os de Radio&#8221;, el certamen que promueve la creatividad, el aprendizaje y la participaci\u00f3n activa de estudiantes secundarios de escuelas p\u00fablicas y privadas a trav\u00e9s de la elaboraci\u00f3n de programas de radio. Este a\u00f1o el concurso es para establecimientos educativos de localidades y &hellip; <a href=\"https:\/\/amplitudmodulada.com.ar\/index.php\/noticia13760\/\" class=\"more-link\">Continu\u00e1 leyendo <span class=\"screen-reader-text\">Cadena 3 lanza la segunda edici\u00f3n de &#8220;Sue\u00f1os de Radio&#8221;<\/span><\/a><\/p>\n","protected":false},"author":1,"featured_media":0,"parent":0,"menu_order":0,"comment_status":"closed","ping_status":"closed","template":"","meta":{"footnotes":""},"class_list":["post-7871","page","type-page","status-publish","hentry"],"_links":{"self":[{"href":"https:\/\/amplitudmodulada.com.ar\/index.php\/wp-json\/wp\/v2\/pages\/7871","targetHints":{"allow":["GET"]}}],"collection":[{"href":"https:\/\/amplitudmodulada.com.ar\/index.php\/wp-json\/wp\/v2\/pages"}],"about":[{"href":"https:\/\/amplitudmodulada.com.ar\/index.php\/wp-json\/wp\/v2\/types\/page"}],"author":[{"embeddable":true,"href":"https:\/\/amplitudmodulada.com.ar\/index.php\/wp-json\/wp\/v2\/users\/1"}],"replies":[{"embeddable":true,"href":"https:\/\/amplitudmodulada.com.ar\/index.php\/wp-json\/wp\/v2\/comments?post=7871"}],"version-history":[{"count":2,"href":"https:\/\/amplitudmodulada.com.ar\/index.php\/wp-json\/wp\/v2\/pages\/7871\/revisions"}],"predecessor-version":[{"id":7874,"href":"https:\/\/amplitudmodulada.com.ar\/index.php\/wp-json\/wp\/v2\/pages\/7871\/revisions\/7874"}],"wp:attachment":[{"href":"https:\/\/amplitudmodulada.com.ar\/index.php\/wp-json\/wp\/v2\/media?parent=7871"}],"curies":[{"name":"wp","href":"https:\/\/api.w.org\/{rel}","templated":true}]}}

Cadena 3 lanza la segunda edición de &#8220;Sueños de Radio&#8221;

<figure class="wp-block-image size-full"><img loading="lazy" decoding="async" width="169" height="55" src="http://amplitudmodulada.com.ar/wp-content/uploads/2024/02/cadena3-e1709142729643.png" alt="" class="wp-image-1072"/></figure>



<p>Tras la exitosa primera edición, Cadena 3 lanza la edición 2025 de &#8220;Sueños de Radio&#8221;, el certamen que promueve la creatividad, el aprendizaje y la participación activa de estudiantes secundarios de escuelas públicas y privadas a través de la elaboración de programas de radio.</p>



<p>Este año el concurso es para establecimientos educativos de localidades y ciudades de hasta cien mil habitantes.</p>



<p>Asimismo, este año el certamen habilita cuatro categorías temáticas para que los alumnos participen con sus demos radiales: turismo, ambiente, tecnología y campo.</p>



<p>El concurso finaliza el lunes 18 de agosto, fecha límite para que las escuelas participantes envíen sus trabajos radiales.</p>



<p>A mediados de septiembre se anunciarán los ganadores del certamen, a quienes se les entregarán radios digitales completas para sus establecimientos.</p>



<p>Fuente: <a href="http://www.cadena3.com" data-type="link" data-id="www.cadena3.com" target="_blank" rel="noreferrer noopener">www.cadena3.com</a> | Córdoba &#8211; Córdoba | 15.05.25</p>



<p></p>

<p>Tras la exitosa primera edición, Cadena 3 lanza la edición 2025 de &#8220;Sueños de Radio&#8221;, el certamen que promueve la creatividad, el aprendizaje y la participación activa de estudiantes secundarios de escuelas públicas y privadas a través de la elaboración de programas de radio. Este año el concurso es para establecimientos educativos de localidades y &hellip; <a href="https://amplitudmodulada.com.ar/index.php/noticia13760/" class="more-link">Continuá leyendo <span class="screen-reader-text">Cadena 3 lanza la segunda edición de &#8220;Sueños de Radio&#8221;</span></a></p>
