{"id":7898,"date":"2025-07-12T15:48:36","date_gmt":"2025-07-12T18:48:36","guid":{"rendered":"https:\/\/amplitudmodulada.com.ar\/?page_id=7898"},"modified":"2025-07-12T15:56:35","modified_gmt":"2025-07-12T18:56:35","slug":"noticia13764","status":"publish","type":"page","link":"https:\/\/amplitudmodulada.com.ar\/index.php\/noticia13764\/","title":{"rendered":"Radio 10 emitir\u00e1 una programaci\u00f3n especial por las elecciones en la Ciudad de Buenos Aires"},"content":{"rendered":"\n<figure class=\"wp-block-image size-full\"><img loading=\"lazy\" decoding=\"async\" width=\"126\" height=\"80\" src=\"http:\/\/amplitudmodulada.com.ar\/wp-content\/uploads\/2024\/01\/710-e1704587121920.png\" alt=\"\" class=\"wp-image-122\"\/><\/figure>\n\n\n\n<p>A ra\u00edz de las elecciones legislativas en la Ciudad de Buenos Aires que se celebrar\u00e1n este domingo 18 de mayo, LRL202 Radio 10 emitir\u00e1 una programaci\u00f3n especial con los candidatos, la votaci\u00f3n y el an\u00e1lisis de los resultados.<\/p>\n\n\n\n<p>La misma dar\u00e1 comienzo a las 7.00 horas, con Dar\u00edo Villarruel, Liliana L\u00f3pez Foresi y el cura Juan Carlos Molina.<\/p>\n\n\n\n<p>A partir de las 14.00 horas, Ra\u00fal Tuni Kollman, Sof\u00eda Caram y Andr\u00e9s Lerner estar\u00e1n a cabo de la cobertura minuto a minuto de las elecciones.<\/p>\n\n\n\n<p>A las 18.00 horas, Jorge Rial estar\u00e1 en los estudios de Radio 10 para contarle a sus oyentes los resultados, en tanto que a las 20.00 horas Nancy Pazos ser\u00e1 la encargada del an\u00e1lisis del acto eleccionario.<\/p>\n\n\n\n<p>Y para cerrar el domingo, Fernando Borroni estar\u00e1 a cargo del balance de la jornada y la palabra de los candidatos.<\/p>\n\n\n\n<p>Fuente: <a href=\"http:\/\/www.radio10.com.ar\" data-type=\"link\" data-id=\"www.radio10.com.ar\" target=\"_blank\" rel=\"noreferrer noopener\">www.radio10.com.ar<\/a> | Ciudad Aut\u00f3noma de Buenos Aires | 16.05.25<\/p>\n","protected":false},"excerpt":{"rendered":"<p>A ra\u00edz de las elecciones legislativas en la Ciudad de Buenos Aires que se celebrar\u00e1n este domingo 18 de mayo, LRL202 Radio 10 emitir\u00e1 una programaci\u00f3n especial con los candidatos, la votaci\u00f3n y el an\u00e1lisis de los resultados. La misma dar\u00e1 comienzo a las 7.00 horas, con Dar\u00edo Villarruel, Liliana L\u00f3pez Foresi y el cura &hellip; <a href=\"https:\/\/amplitudmodulada.com.ar\/index.php\/noticia13764\/\" class=\"more-link\">Continu\u00e1 leyendo <span class=\"screen-reader-text\">Radio 10 emitir\u00e1 una programaci\u00f3n especial por las elecciones en la Ciudad de Buenos Aires<\/span><\/a><\/p>\n","protected":false},"author":1,"featured_media":0,"parent":0,"menu_order":0,"comment_status":"closed","ping_status":"closed","template":"","meta":{"footnotes":""},"class_list":["post-7898","page","type-page","status-publish","hentry"],"_links":{"self":[{"href":"https:\/\/amplitudmodulada.com.ar\/index.php\/wp-json\/wp\/v2\/pages\/7898","targetHints":{"allow":["GET"]}}],"collection":[{"href":"https:\/\/amplitudmodulada.com.ar\/index.php\/wp-json\/wp\/v2\/pages"}],"about":[{"href":"https:\/\/amplitudmodulada.com.ar\/index.php\/wp-json\/wp\/v2\/types\/page"}],"author":[{"embeddable":true,"href":"https:\/\/amplitudmodulada.com.ar\/index.php\/wp-json\/wp\/v2\/users\/1"}],"replies":[{"embeddable":true,"href":"https:\/\/amplitudmodulada.com.ar\/index.php\/wp-json\/wp\/v2\/comments?post=7898"}],"version-history":[{"count":2,"href":"https:\/\/amplitudmodulada.com.ar\/index.php\/wp-json\/wp\/v2\/pages\/7898\/revisions"}],"predecessor-version":[{"id":7901,"href":"https:\/\/amplitudmodulada.com.ar\/index.php\/wp-json\/wp\/v2\/pages\/7898\/revisions\/7901"}],"wp:attachment":[{"href":"https:\/\/amplitudmodulada.com.ar\/index.php\/wp-json\/wp\/v2\/media?parent=7898"}],"curies":[{"name":"wp","href":"https:\/\/api.w.org\/{rel}","templated":true}]}}