{"id":7933,"date":"2025-07-15T20:58:48","date_gmt":"2025-07-15T23:58:48","guid":{"rendered":"https:\/\/amplitudmodulada.com.ar\/?page_id=7933"},"modified":"2025-07-15T21:05:19","modified_gmt":"2025-07-16T00:05:19","slug":"noticia13770","status":"publish","type":"page","link":"https:\/\/amplitudmodulada.com.ar\/index.php\/noticia13770\/","title":{"rendered":"Asaltan a un periodista de LT7 Radio Provincia de Corrientes"},"content":{"rendered":"\n<figure class=\"wp-block-image size-full\"><img loading=\"lazy\" decoding=\"async\" width=\"160\" height=\"80\" src=\"http:\/\/amplitudmodulada.com.ar\/wp-content\/uploads\/2024\/04\/LT7-e1713914355626.png\" alt=\"\" class=\"wp-image-1723\"\/><\/figure>\n\n\n\n<p>Gustavo Gamboa, periodista de LT7 Radio Provincia de Corrientes, fue v\u00edctima de un violento robo este lunes por la noche en la ciudad de Corrientes.<\/p>\n\n\n\n<p>El hecho ocurri\u00f3 alrededor de las 20.30 horas, cuando el periodista de Radio Provincia de Corrientes se encontraba en el garaje de la casa de un familiar y un joven ingres\u00f3 al lugar, le arrebat\u00f3 el celular y huy\u00f3 r\u00e1pidamente en una motocicleta conducido por un c\u00f3mplice.<\/p>\n\n\n\n<p>El periodista intent\u00f3 perseguir al ladr\u00f3n durante unos treinta metros, pero cay\u00f3 de frente al suelo, sufriendo una lesi\u00f3n en la nariz que podr\u00eda ser una fractura.<\/p>\n\n\n\n<p>&#8220;A las 8.00 horas tengo turno para verme la nariz, porque tengo una peque\u00f1a fractura&#8221;, cont\u00f3 Gustavo Gamboa.<\/p>\n\n\n\n<p>Fuente: <a href=\"http:\/\/www.lt7noticias.com\" data-type=\"link\" data-id=\"www.lt7noticias.com\" target=\"_blank\" rel=\"noreferrer noopener\">www.lt7noticias.com<\/a> | Corrientes &#8211; Corrientes | 21.05.25<\/p>\n","protected":false},"excerpt":{"rendered":"<p>Gustavo Gamboa, periodista de LT7 Radio Provincia de Corrientes, fue v\u00edctima de un violento robo este lunes por la noche en la ciudad de Corrientes. El hecho ocurri\u00f3 alrededor de las 20.30 horas, cuando el periodista de Radio Provincia de Corrientes se encontraba en el garaje de la casa de un familiar y un joven &hellip; <a href=\"https:\/\/amplitudmodulada.com.ar\/index.php\/noticia13770\/\" class=\"more-link\">Continu\u00e1 leyendo <span class=\"screen-reader-text\">Asaltan a un periodista de LT7 Radio Provincia de Corrientes<\/span><\/a><\/p>\n","protected":false},"author":1,"featured_media":0,"parent":0,"menu_order":0,"comment_status":"closed","ping_status":"closed","template":"","meta":{"footnotes":""},"class_list":["post-7933","page","type-page","status-publish","hentry"],"_links":{"self":[{"href":"https:\/\/amplitudmodulada.com.ar\/index.php\/wp-json\/wp\/v2\/pages\/7933","targetHints":{"allow":["GET"]}}],"collection":[{"href":"https:\/\/amplitudmodulada.com.ar\/index.php\/wp-json\/wp\/v2\/pages"}],"about":[{"href":"https:\/\/amplitudmodulada.com.ar\/index.php\/wp-json\/wp\/v2\/types\/page"}],"author":[{"embeddable":true,"href":"https:\/\/amplitudmodulada.com.ar\/index.php\/wp-json\/wp\/v2\/users\/1"}],"replies":[{"embeddable":true,"href":"https:\/\/amplitudmodulada.com.ar\/index.php\/wp-json\/wp\/v2\/comments?post=7933"}],"version-history":[{"count":2,"href":"https:\/\/amplitudmodulada.com.ar\/index.php\/wp-json\/wp\/v2\/pages\/7933\/revisions"}],"predecessor-version":[{"id":7936,"href":"https:\/\/amplitudmodulada.com.ar\/index.php\/wp-json\/wp\/v2\/pages\/7933\/revisions\/7936"}],"wp:attachment":[{"href":"https:\/\/amplitudmodulada.com.ar\/index.php\/wp-json\/wp\/v2\/media?parent=7933"}],"curies":[{"name":"wp","href":"https:\/\/api.w.org\/{rel}","templated":true}]}}

<figure class="wp-block-image size-full"><img loading="lazy" decoding="async" width="160" height="80" src="http://amplitudmodulada.com.ar/wp-content/uploads/2024/04/LT7-e1713914355626.png" alt="" class="wp-image-1723"/></figure>



<p>Gustavo Gamboa, periodista de LT7 Radio Provincia de Corrientes, fue víctima de un violento robo este lunes por la noche en la ciudad de Corrientes.</p>



<p>El hecho ocurrió alrededor de las 20.30 horas, cuando el periodista de Radio Provincia de Corrientes se encontraba en el garaje de la casa de un familiar y un joven ingresó al lugar, le arrebató el celular y huyó rápidamente en una motocicleta conducido por un cómplice.</p>



<p>El periodista intentó perseguir al ladrón durante unos treinta metros, pero cayó de frente al suelo, sufriendo una lesión en la nariz que podría ser una fractura.</p>



<p>&#8220;A las 8.00 horas tengo turno para verme la nariz, porque tengo una pequeña fractura&#8221;, contó Gustavo Gamboa.</p>



<p>Fuente: <a href="http://www.lt7noticias.com" data-type="link" data-id="www.lt7noticias.com" target="_blank" rel="noreferrer noopener">www.lt7noticias.com</a> | Corrientes &#8211; Corrientes | 21.05.25</p>

<p>Gustavo Gamboa, periodista de LT7 Radio Provincia de Corrientes, fue víctima de un violento robo este lunes por la noche en la ciudad de Corrientes. El hecho ocurrió alrededor de las 20.30 horas, cuando el periodista de Radio Provincia de Corrientes se encontraba en el garaje de la casa de un familiar y un joven &hellip; <a href="https://amplitudmodulada.com.ar/index.php/noticia13770/" class="more-link">Continuá leyendo <span class="screen-reader-text">Asaltan a un periodista de LT7 Radio Provincia de Corrientes</span></a></p>
